000
CDUS43 KDLH 122232
CLIINL


CLIMATE REPORT
NATIONAL WEATHER SERVICE DULUTH MN
531 PM CDT SAT APR 12 2014


...................................

...THE INTERNATIONAL FALLS MN CLIMATE SUMMARY FOR APRIL 12 2014...
VALID TODAY AS OF 0500 PM LOCAL TIME.

CLIMATE NORMAL PERIOD 1981 TO 2010
CLIMATE RECORD PERIOD 1895 TO 2014


WEATHER ITEM   OBSERVED TIME   RECORD YEAR NORMAL DEPARTURE LAST
                VALUE   (LST)  VALUE       VALUE  FROM      YEAR
                                                  NORMAL
..................................................................
TEMPERATURE (F)
 TODAY
  MAXIMUM         45    129 PM  71    1918  50     -5       31
  MINIMUM         28    339 AM   4    1950  26      2       24
  AVERAGE         37                        38     -1       28

PRECIPITATION (IN)
  TODAY            0.00                      0.05  -0.05     0.42
  MONTH TO DATE    0.17                      0.53  -0.36     0.70
  SINCE MAR 1      1.63                      1.48   0.15     1.85
  SINCE JAN 1      3.38                      2.67   0.71     5.51

SNOWFALL (IN)
  TODAY            0.0                       0.3   -0.3      4.6
  MONTH TO DATE    2.6                       3.3   -0.7      7.2
  SINCE JUL 1     96.6                      67.7   28.9     92.2
  SNOW DEPTH       8

DEGREE DAYS
 HEATING
  TODAY           28                        27      1       37
  MONTH TO DATE  375                       362     13      466
  SINCE MAR 1   1981                      1645    336     1978
  SINCE JUL 1  10412                      9228   1184     9535

 COOLING
  TODAY            0                         0      0        0
  MONTH TO DATE    0                         0      0        0
  SINCE MAR 1      0                         0      0        0
  SINCE JAN 1      0                         0      0        0
..................................................................


WIND (MPH)
  HIGHEST WIND SPEED    18   HIGHEST WIND DIRECTION    SE (130)
  HIGHEST GUST SPEED    25   HIGHEST GUST DIRECTION    SE (120)


SKY COVER
  AVERAGE SKY COVER 0.7


WEATHER CONDITIONS
 THE FOLLOWING WEATHER WAS RECORDED TODAY.
  NO SIGNIFICANT WEATHER WAS OBSERVED.


RELATIVE HUMIDITY (PERCENT)
 HIGHEST    63           600 AM
 LOWEST     49          1100 AM
 AVERAGE    56

..........................................................


THE INTERNATIONAL FALLS MN CLIMATE NORMALS FOR TOMORROW
                         NORMAL    RECORD    YEAR
 MAXIMUM TEMPERATURE (F)   50        77      1910
 MINIMUM TEMPERATURE (F)   26         7      1950


SUNRISE AND SUNSET
APRIL 12 2014.........SUNRISE   629 AM CDT   SUNSET   800 PM CDT
APRIL 13 2014.........SUNRISE   627 AM CDT   SUNSET   802 PM CDT


-  INDICATES NEGATIVE NUMBERS.
R  INDICATES RECORD WAS SET OR TIED.
MM INDICATES DATA IS MISSING.
T  INDICATES TRACE AMOUNT.




$$
