000
CDUS43 KDLH 120619
CLIINL


CLIMATE REPORT
NATIONAL WEATHER SERVICE DULUTH MN
1219 AM CST FRI FEB 12 2016


...................................

...THE INTERNATIONAL FALLS MN CLIMATE SUMMARY FOR FEBRUARY 11 2016...

CLIMATE NORMAL PERIOD 1981 TO 2010
CLIMATE RECORD PERIOD 1895 TO 2016


WEATHER ITEM   OBSERVED TIME   RECORD YEAR NORMAL DEPARTURE LAST
                VALUE   (LST)  VALUE       VALUE  FROM      YEAR
                                                  NORMAL
..................................................................
TEMPERATURE (F)
 YESTERDAY
  MAXIMUM         13    349 PM  44    2002  21     -8       22
  MINIMUM        -23   1245 AM -40    2008  -3    -20       -7
  AVERAGE         -5                         9    -14        8

PRECIPITATION (IN)
  YESTERDAY        0.00          0.24 1961   0.02  -0.02      T
  MONTH TO DATE    0.18                      0.19  -0.01     0.41
  SINCE DEC 1      1.84                      1.62   0.22     2.59
  SINCE JAN 1      0.77                      0.81  -0.04     1.74

SNOWFALL (IN)
  YESTERDAY        0.0           2.8  1961   0.4   -0.4      0.5
  MONTH TO DATE    1.7                       4.2   -2.5      6.2
  SINCE DEC 1     20.0                      34.2  -14.2     37.7
  SINCE JUL 1     23.8                      50.2  -26.4     47.0
  SNOW DEPTH      11

DEGREE DAYS
 HEATING
  YESTERDAY       70                        56     14       57
  MONTH TO DATE  618                       635    -17      678
  SINCE DEC 1   3627                      4227   -600     3952
  SINCE JUL 1   5633                      6688  -1055     6563

 COOLING
  YESTERDAY        0                         0      0        0
  MONTH TO DATE    0                         0      0        0
  SINCE DEC 1      0                         0      0        0
  SINCE JAN 1      0                         0      0        0
..................................................................


WIND (MPH)
  HIGHEST WIND SPEED    17   HIGHEST WIND DIRECTION    NW (300)
  HIGHEST GUST SPEED    22   HIGHEST GUST DIRECTION    NW (310)
  AVERAGE WIND SPEED     6.3


SKY COVER
  AVERAGE SKY COVER 0.8


WEATHER CONDITIONS
 THE FOLLOWING WEATHER WAS RECORDED YESTERDAY.
  NO SIGNIFICANT WEATHER WAS OBSERVED.


RELATIVE HUMIDITY (PERCENT)
 HIGHEST    83           700 AM
 LOWEST     46           300 PM
 AVERAGE    65

..........................................................


THE INTERNATIONAL FALLS MN CLIMATE NORMALS FOR TODAY
                         NORMAL    RECORD    YEAR
 MAXIMUM TEMPERATURE (F)   21        43      1976
 MINIMUM TEMPERATURE (F)   -3       -40      1914


SUNRISE AND SUNSET
FEBRUARY 12 2016......SUNRISE   727 AM CST   SUNSET   529 PM CST
FEBRUARY 13 2016......SUNRISE   725 AM CST   SUNSET   531 PM CST


-  INDICATES NEGATIVE NUMBERS.
R  INDICATES RECORD WAS SET OR TIED.
MM INDICATES DATA IS MISSING.
T  INDICATES TRACE AMOUNT.




$$
