000
CDUS43 KDLH 010621
CLIINL


CLIMATE REPORT
NATIONAL WEATHER SERVICE DULUTH MN
121 AM CDT WED JUL 1 2015


...................................

...THE INTERNATIONAL FALLS MN CLIMATE SUMMARY FOR JUNE 30 2015...

CLIMATE NORMAL PERIOD 1981 TO 2010
CLIMATE RECORD PERIOD 1895 TO 2015


WEATHER ITEM   OBSERVED TIME   RECORD YEAR NORMAL DEPARTURE LAST
                VALUE   (LST)  VALUE       VALUE  FROM      YEAR
                                                  NORMAL
..................................................................
TEMPERATURE (F)
 YESTERDAY
  MAXIMUM         71    455 PM  99    1921  76     -5       73
  MINIMUM         46    508 AM  35    1959  52     -6       60
  AVERAGE         59                        64     -5       67

PRECIPITATION (IN)
  YESTERDAY        0.00          2.42 1955   0.14  -0.14     0.05
  MONTH TO DATE    3.20                      3.92  -0.72    10.24
  SINCE JUN 1      3.20                      3.92  -0.72    10.24
  SINCE JAN 1     11.37                     10.45   0.92    19.06

SNOWFALL (IN)
  YESTERDAY        0.0           T    1955   0.0    0.0      0.0
  MONTH TO DATE    0.0                       0.0    0.0      0.0
  SINCE JUN 1      0.0                       0.0    0.0      0.0
  SINCE JUL 1     64.5                      71.0   -6.5    101.2
  SNOW DEPTH       0

DEGREE DAYS
 HEATING
  YESTERDAY        6                         3      3        0
  MONTH TO DATE  149                       164    -15      129
  SINCE JUN 1    149                       164    -15      129
  SINCE JUL 1  10283                     10221     62    11511

 COOLING
  YESTERDAY        0                         2     -2        2
  MONTH TO DATE    4                        38    -34       29
  SINCE JUN 1      4                        38    -34       29
  SINCE JAN 1      4                        47    -43       52
..................................................................


WIND (MPH)
  HIGHEST WIND SPEED    12   HIGHEST WIND DIRECTION    NE (30)
  HIGHEST GUST SPEED    17   HIGHEST GUST DIRECTION     E (110)
  AVERAGE WIND SPEED     3.9


SKY COVER
  AVERAGE SKY COVER 0.1


WEATHER CONDITIONS
 THE FOLLOWING WEATHER WAS RECORDED YESTERDAY.
  NO SIGNIFICANT WEATHER WAS OBSERVED.


RELATIVE HUMIDITY (PERCENT)
 HIGHEST    96          1000 PM
 LOWEST     47           200 PM
 AVERAGE    72

..........................................................


THE INTERNATIONAL FALLS MN CLIMATE NORMALS FOR TODAY
                         NORMAL    RECORD    YEAR
 MAXIMUM TEMPERATURE (F)   77        99      1911
 MINIMUM TEMPERATURE (F)   52        37      2004
                                             1969


SUNRISE AND SUNSET
JULY  1 2015..........SUNRISE   515 AM CDT   SUNSET   919 PM CDT
JULY  2 2015..........SUNRISE   516 AM CDT   SUNSET   919 PM CDT


-  INDICATES NEGATIVE NUMBERS.
R  INDICATES RECORD WAS SET OR TIED.
MM INDICATES DATA IS MISSING.
T  INDICATES TRACE AMOUNT.




$$
