000
CDUS43 KDLH 270630
CLIINL


CLIMATE REPORT
NATIONAL WEATHER SERVICE DULUTH MN
129 AM CDT WED APR 27 2016


...................................

...THE INTERNATIONAL FALLS MN CLIMATE SUMMARY FOR APRIL 25 2016...

CLIMATE NORMAL PERIOD 1981 TO 2010
CLIMATE RECORD PERIOD 1895 TO 2016


WEATHER ITEM   OBSERVED TIME   RECORD YEAR NORMAL DEPARTURE LAST
                VALUE   (LST)  VALUE       VALUE  FROM      YEAR
                                                  NORMAL
..................................................................
TEMPERATURE (F)
 YESTERDAY
  MAXIMUM         42   1223 AM  82    1990  57    -15       56
  MINIMUM         35    912 AM  13    1909  31      4       34
  AVERAGE         39                        44     -5       45

PRECIPITATION (IN)
  YESTERDAY        0.80          1.07 1950   0.05   0.75     0.00
  MONTH TO DATE    2.11                      1.19   0.92     0.69
  SINCE MAR 1      4.82                      2.14   2.68     1.33
  SINCE JAN 1      6.19                      3.33   2.86     3.35

SNOWFALL (IN)
  YESTERDAY        T            13.9  1950   0.1   -0.1      0.0
  MONTH TO DATE    4.9                       5.8   -0.9      4.3
  SINCE MAR 1     14.2                      13.4    0.8      7.8
  SINCE JUL 1     47.7                      70.2  -22.5     64.5
  SNOW DEPTH       0

DEGREE DAYS
 HEATING
  YESTERDAY       26                        21      5       20
  MONTH TO DATE  717                       672     45      661
  SINCE MAR 1   1820                      1955   -135     1830
  SINCE JUL 1   8352                      9538  -1186     9584

 COOLING
  YESTERDAY        0                         0      0        0
  MONTH TO DATE    0                         0      0        0
  SINCE MAR 1      0                         0      0        0
  SINCE JAN 1      0                         0      0        0
..................................................................


WIND (MPH)
  HIGHEST WIND SPEED    28   HIGHEST WIND DIRECTION     E (100)
  HIGHEST GUST SPEED    36   HIGHEST GUST DIRECTION     E (90)
  AVERAGE WIND SPEED    13.4


SKY COVER
  AVERAGE SKY COVER 1.0


WEATHER CONDITIONS
 THE FOLLOWING WEATHER WAS RECORDED YESTERDAY.
  HEAVY RAIN
  RAIN
  LIGHT RAIN
  FOG


RELATIVE HUMIDITY (PERCENT)
 HIGHEST    92           900 AM
 LOWEST     46           100 AM
 AVERAGE    69

..........................................................


THE INTERNATIONAL FALLS MN CLIMATE NORMALS FOR TODAY
                         NORMAL    RECORD    YEAR
 MAXIMUM TEMPERATURE (F)   57        83      1952
 MINIMUM TEMPERATURE (F)   32        14      1996
                                             1959


SUNRISE AND SUNSET
APRIL 26 2016.........SUNRISE   602 AM CDT   SUNSET   822 PM CDT
APRIL 27 2016.........SUNRISE   600 AM CDT   SUNSET   823 PM CDT


-  INDICATES NEGATIVE NUMBERS.
R  INDICATES RECORD WAS SET OR TIED.
MM INDICATES DATA IS MISSING.
T  INDICATES TRACE AMOUNT.




$$
