000
CDUS43 KDLH 240620
CLIINL


CLIMATE REPORT
NATIONAL WEATHER SERVICE DULUTH MN
1219 AM CST TUE FEB 24 2015


...................................

...THE INTERNATIONAL FALLS MN CLIMATE SUMMARY FOR FEBRUARY 23 2015...

CLIMATE NORMAL PERIOD 1981 TO 2010
CLIMATE RECORD PERIOD 1895 TO 2015


WEATHER ITEM   OBSERVED TIME   RECORD YEAR NORMAL DEPARTURE LAST
                VALUE   (LST)  VALUE       VALUE  FROM      YEAR
                                                  NORMAL
..................................................................
TEMPERATURE (F)
 YESTERDAY
  MAXIMUM         22   1159 PM  52    1918  25     -3        9
  MINIMUM        -24    536 AM -35    1907   2    -26        2
  AVERAGE         -1                        14    -15        6

PRECIPITATION (IN)
  YESTERDAY        0.08          0.49 1977   0.02   0.06      T
  MONTH TO DATE    0.65                      0.44   0.21     0.88
  SINCE DEC 1      2.83                      1.87   0.96     3.14
  SINCE JAN 1      1.98                      1.06   0.92     1.70

SNOWFALL (IN)
  YESTERDAY        2.1           6.4  1977   0.4    1.7      0.3
  MONTH TO DATE   14.3                       8.8    5.5     20.3
  SINCE DEC 1     45.8                      38.8    7.0     63.6
  SINCE JUL 1     55.1                      54.8    0.3     74.5
  SNOW DEPTH      15

DEGREE DAYS
 HEATING
  YESTERDAY       66                        51     15       59
  MONTH TO DATE 1531                      1279    252     1453
  SINCE DEC 1   4805                      4871    -66     5710
  SINCE JUL 1   7416                      7332     84     8068

 COOLING
  YESTERDAY        0                         0      0        0
  MONTH TO DATE    0                         0      0        0
  SINCE DEC 1      0                         0      0        0
  SINCE JAN 1      0                         0      0        0
..................................................................


WIND (MPH)
  HIGHEST WIND SPEED    24   HIGHEST WIND DIRECTION     S (200)
  HIGHEST GUST SPEED    35   HIGHEST GUST DIRECTION     S (200)
  AVERAGE WIND SPEED    11.5


SKY COVER
  AVERAGE SKY COVER 0.5


WEATHER CONDITIONS
 THE FOLLOWING WEATHER WAS RECORDED YESTERDAY.
  LIGHT SNOW
  FOG


RELATIVE HUMIDITY (PERCENT)
 HIGHEST    92           900 PM
 LOWEST     48           200 PM
 AVERAGE    70

..........................................................


THE INTERNATIONAL FALLS MN CLIMATE NORMALS FOR TODAY
                         NORMAL    RECORD    YEAR
 MAXIMUM TEMPERATURE (F)   26        52      1976
 MINIMUM TEMPERATURE (F)    3       -31      1917


SUNRISE AND SUNSET
FEBRUARY 24 2015......SUNRISE   705 AM CST   SUNSET   549 PM CST
FEBRUARY 25 2015......SUNRISE   703 AM CST   SUNSET   551 PM CST


-  INDICATES NEGATIVE NUMBERS.
R  INDICATES RECORD WAS SET OR TIED.
MM INDICATES DATA IS MISSING.
T  INDICATES TRACE AMOUNT.




$$
