000
CDUS43 KDLH 280649
CLIINL


CLIMATE REPORT
NATIONAL WEATHER SERVICE DULUTH MN
147 AM CDT SAT MAY 28 2016


...................................

...THE INTERNATIONAL FALLS MN CLIMATE SUMMARY FOR MAY 27 2016...

CLIMATE NORMAL PERIOD 1981 TO 2010
CLIMATE RECORD PERIOD 1895 TO 2016


WEATHER ITEM   OBSERVED TIME   RECORD YEAR NORMAL DEPARTURE LAST
                VALUE   (LST)  VALUE       VALUE  FROM      YEAR
                                                  NORMAL
..................................................................
TEMPERATURE (F)
 YESTERDAY
  MAXIMUM         72   1104 AM  94    1969  68      4       78
  MINIMUM         44    335 AM  25    2008  42      2       45
  AVERAGE         58                        55      3       62

PRECIPITATION (IN)
  YESTERDAY        0.00          1.23 1941   0.10  -0.10     0.00
  MONTH TO DATE    0.63                      2.43  -1.80     4.09
  SINCE MAR 1      5.45                      4.91   0.54     5.45
  SINCE JAN 1      6.82                      6.10   0.72     7.47

SNOWFALL (IN)
  YESTERDAY        0.0           0.3  1965   0.0    0.0      0.0
  MONTH TO DATE    T                         0.2   -0.2       T
  SINCE MAR 1     14.2                      14.2    0.0      7.8
  SINCE JUL 1     47.7                      71.0  -23.3     64.5
  SNOW DEPTH       0

DEGREE DAYS
 HEATING
  YESTERDAY        7                        10     -3        3
  MONTH TO DATE  336                       381    -45      389
  SINCE MAR 1   2265                      2436   -171     2317
  SINCE JUL 1   8797                     10019  -1222    10071

 COOLING
  YESTERDAY        0                         0      0        0
  MONTH TO DATE    2                         0      2        0
  SINCE MAR 1      2                         1      1        0
  SINCE JAN 1      2                         1      1        0
..................................................................


WIND (MPH)
  HIGHEST WIND SPEED    16   HIGHEST WIND DIRECTION     S (160)
  HIGHEST GUST SPEED    28   HIGHEST GUST DIRECTION     S (180)
  AVERAGE WIND SPEED     3.9


SKY COVER
  AVERAGE SKY COVER 0.1


WEATHER CONDITIONS
 THE FOLLOWING WEATHER WAS RECORDED YESTERDAY.
  NO SIGNIFICANT WEATHER WAS OBSERVED.


RELATIVE HUMIDITY (PERCENT)
 HIGHEST    96           500 AM
 LOWEST     55           500 PM
 AVERAGE    76

..........................................................


THE INTERNATIONAL FALLS MN CLIMATE NORMALS FOR TODAY
                         NORMAL    RECORD    YEAR
 MAXIMUM TEMPERATURE (F)   69        92      1919
 MINIMUM TEMPERATURE (F)   43        27      1947


SUNRISE AND SUNSET
MAY 28 2016...........SUNRISE   518 AM CDT   SUNSET   904 PM CDT
MAY 29 2016...........SUNRISE   518 AM CDT   SUNSET   905 PM CDT


-  INDICATES NEGATIVE NUMBERS.
R  INDICATES RECORD WAS SET OR TIED.
MM INDICATES DATA IS MISSING.
T  INDICATES TRACE AMOUNT.




$$
