000
CDUS43 KDLH 280645
CLIINL


CLIMATE REPORT
NATIONAL WEATHER SERVICE DULUTH MN
142 AM CDT SUN JUN 28 2015


...................................

...THE INTERNATIONAL FALLS MN CLIMATE SUMMARY FOR JUNE 27 2015...

CLIMATE NORMAL PERIOD 1981 TO 2010
CLIMATE RECORD PERIOD 1895 TO 2015


WEATHER ITEM   OBSERVED TIME   RECORD YEAR NORMAL DEPARTURE LAST
                VALUE   (LST)  VALUE       VALUE  FROM      YEAR
                                                  NORMAL
..................................................................
TEMPERATURE (F)
 YESTERDAY
  MAXIMUM         82   1138 AM 101    1912  76      6       77
  MINIMUM         49    414 AM  37    1925  51     -2       58
  AVERAGE         66                        64      2       68

PRECIPITATION (IN)
  YESTERDAY        0.74          1.63 1977   0.14   0.60      T
  MONTH TO DATE    3.11                      3.51  -0.40     9.93
  SINCE JUN 1      3.11                      3.51  -0.40     9.93
  SINCE JAN 1     11.28                     10.04   1.24    18.75

SNOWFALL (IN)
  YESTERDAY        0.0           T    1994   0.0    0.0      0.0
  MONTH TO DATE    0.0                       0.0    0.0      0.0
  SINCE JUN 1      0.0                       0.0    0.0      0.0
  SINCE JUL 1     64.5                      71.0   -6.5    101.2
  SNOW DEPTH       0

DEGREE DAYS
 HEATING
  YESTERDAY        0                         3     -3        0
  MONTH TO DATE  143                       155    -12      129
  SINCE JUN 1    143                       155    -12      129
  SINCE JUL 1  10277                     10212     65    11511

 COOLING
  YESTERDAY        1                         2     -1        3
  MONTH TO DATE    3                        36    -33       12
  SINCE JUN 1      3                        36    -33       12
  SINCE JAN 1      3                        45    -42       35
..................................................................


WIND (MPH)
  HIGHEST WIND SPEED    20   HIGHEST WIND DIRECTION    NW (310)
  HIGHEST GUST SPEED    30   HIGHEST GUST DIRECTION    NW (300)
  AVERAGE WIND SPEED     3.2


SKY COVER
  AVERAGE SKY COVER 0.3


WEATHER CONDITIONS
 THE FOLLOWING WEATHER WAS RECORDED YESTERDAY.
  THUNDERSTORM
  HEAVY RAIN
  RAIN
  LIGHT RAIN
  FOG


RELATIVE HUMIDITY (PERCENT)
 HIGHEST   100           500 AM
 LOWEST     45          1100 AM
 AVERAGE    73

..........................................................


THE INTERNATIONAL FALLS MN CLIMATE NORMALS FOR TODAY
                         NORMAL    RECORD    YEAR
 MAXIMUM TEMPERATURE (F)   76        98      1921
 MINIMUM TEMPERATURE (F)   52        38      1993
                                             1925
                                             1911


SUNRISE AND SUNSET
JUNE 28 2015..........SUNRISE   514 AM CDT   SUNSET   920 PM CDT
JUNE 29 2015..........SUNRISE   514 AM CDT   SUNSET   920 PM CDT


-  INDICATES NEGATIVE NUMBERS.
R  INDICATES RECORD WAS SET OR TIED.
MM INDICATES DATA IS MISSING.
T  INDICATES TRACE AMOUNT.




$$
