000
CDUS43 KDLH 170619
CLIINL


CLIMATE REPORT
NATIONAL WEATHER SERVICE DULUTH MN
1218 AM CST WED DEC 17 2014


...................................

...THE INTERNATIONAL FALLS MN CLIMATE SUMMARY FOR DECEMBER 16 2014...

CLIMATE NORMAL PERIOD 1981 TO 2010
CLIMATE RECORD PERIOD 1895 TO 2014


WEATHER ITEM   OBSERVED TIME   RECORD YEAR NORMAL DEPARTURE LAST
                VALUE   (LST)  VALUE       VALUE  FROM      YEAR
                                                  NORMAL
..................................................................
TEMPERATURE (F)
 YESTERDAY
  MAXIMUM         18    107 AM  43    1913  19     -1       13
  MINIMUM         10   1157 PM -30    1963   0     10      -11
  AVERAGE         14                         9      5        1

PRECIPITATION (IN)
  YESTERDAY        0.03          0.70 1984   0.02   0.01     0.10
  MONTH TO DATE    0.42                      0.43  -0.01     1.16
  SINCE DEC 1      0.42                      0.43  -0.01     1.16
  SINCE JAN 1     29.79                     23.84   5.95    31.56

SNOWFALL (IN)
  YESTERDAY        1.8           3.2  1996   0.4    1.4      1.8
  MONTH TO DATE    4.3                       7.6   -3.3     20.7
  SINCE DEC 1      4.3                       7.6   -3.3     20.7
  SINCE JUL 1     13.6                      23.6  -10.0     31.6
  SNOW DEPTH       1

DEGREE DAYS
 HEATING
  YESTERDAY       51                        56     -5       64
  MONTH TO DATE  735                       839   -104     1087
  SINCE DEC 1    735                       839   -104     1087
  SINCE JUL 1   3346                      3300     46     3445

 COOLING
  YESTERDAY        0                         0      0        0
  MONTH TO DATE    0                         0      0        0
  SINCE DEC 1      0                         0      0        0
  SINCE JAN 1    121                       192    -71      224
..................................................................


WIND (MPH)
  HIGHEST WIND SPEED    18   HIGHEST WIND DIRECTION     N (350)
  HIGHEST GUST SPEED    24   HIGHEST GUST DIRECTION     N (350)
  AVERAGE WIND SPEED    11.5


SKY COVER
  AVERAGE SKY COVER 1.0


WEATHER CONDITIONS
 THE FOLLOWING WEATHER WAS RECORDED YESTERDAY.
  LIGHT SNOW
  FOG
  HAZE


RELATIVE HUMIDITY (PERCENT)
 HIGHEST    80          1200 AM
 LOWEST     73           300 PM
 AVERAGE    77

..........................................................


THE INTERNATIONAL FALLS MN CLIMATE NORMALS FOR TODAY
                         NORMAL    RECORD    YEAR
 MAXIMUM TEMPERATURE (F)   18        40      1923
 MINIMUM TEMPERATURE (F)   -1       -35      1983


SUNRISE AND SUNSET
DECEMBER 17 2014......SUNRISE   801 AM CST   SUNSET   419 PM CST
DECEMBER 18 2014......SUNRISE   801 AM CST   SUNSET   419 PM CST


-  INDICATES NEGATIVE NUMBERS.
R  INDICATES RECORD WAS SET OR TIED.
MM INDICATES DATA IS MISSING.
T  INDICATES TRACE AMOUNT.




$$
