000
CDUS43 KDLH 290631
CLIINL


CLIMATE REPORT
NATIONAL WEATHER SERVICE DULUTH MN
129 AM CDT FRI AUG 29 2014


...................................

...THE INTERNATIONAL FALLS MN CLIMATE SUMMARY FOR AUGUST 28 2014...

CLIMATE NORMAL PERIOD 1981 TO 2010
CLIMATE RECORD PERIOD 1895 TO 2014


WEATHER ITEM   OBSERVED TIME   RECORD YEAR NORMAL DEPARTURE LAST
                VALUE   (LST)  VALUE       VALUE  FROM      YEAR
                                                  NORMAL
..................................................................
TEMPERATURE (F)
 YESTERDAY
  MAXIMUM         73   1257 PM  93    1984  73      0       89
  MINIMUM         43    441 AM  30    1982  49     -6       56
  AVERAGE         58                        61     -3       73

PRECIPITATION (IN)
  YESTERDAY        0.03          1.40 1989   0.09  -0.06      T
  MONTH TO DATE    0.66                      2.53  -1.87     2.42
  SINCE JUN 1     15.48                     10.15   5.33    11.42
  SINCE JAN 1     24.30                     16.68   7.62    23.80

SNOWFALL (IN)
  YESTERDAY       MM             0.0  2002   0.0   MM        0.0
                                      2001
  MONTH TO DATE    0.0                       0.0    0.0      0.0
  SINCE JUN 1      0.0                       0.0    0.0      0.0
  SINCE JUL 1      0.0                       0.0    0.0      0.0
  SNOW DEPTH       0

DEGREE DAYS
 HEATING
  YESTERDAY        7                         5      2        0
  MONTH TO DATE  100                        92      8      135
  SINCE JUN 1    332                       326      6      389
  SINCE JUL 1    203                       162     41      220

 COOLING
  YESTERDAY        0                         1     -1        8
  MONTH TO DATE   16                        50    -34       76
  SINCE JUN 1     88                       164    -76      200
  SINCE JAN 1    111                       173    -62      203
..................................................................


WIND (MPH)
  HIGHEST WIND SPEED    13   HIGHEST WIND DIRECTION    SW (220)
  HIGHEST GUST SPEED    20   HIGHEST GUST DIRECTION     S (180)
  AVERAGE WIND SPEED     3.3


SKY COVER
  AVERAGE SKY COVER 0.6


WEATHER CONDITIONS
 THE FOLLOWING WEATHER WAS RECORDED YESTERDAY.
  LIGHT RAIN
  FOG
  FOG W/VISIBILITY <= 1/4 MILE
  HAZE


RELATIVE HUMIDITY (PERCENT)
 HIGHEST   100          1200 AM
 LOWEST     61          1100 AM
 AVERAGE    81

..........................................................


THE INTERNATIONAL FALLS MN CLIMATE NORMALS FOR TODAY
                         NORMAL    RECORD    YEAR
 MAXIMUM TEMPERATURE (F)   73        90      1961
 MINIMUM TEMPERATURE (F)   48        33      1917
                                             1911


SUNRISE AND SUNSET
AUGUST 29 2014........SUNRISE   627 AM CDT   SUNSET   801 PM CDT
AUGUST 30 2014........SUNRISE   628 AM CDT   SUNSET   759 PM CDT


-  INDICATES NEGATIVE NUMBERS.
R  INDICATES RECORD WAS SET OR TIED.
MM INDICATES DATA IS MISSING.
T  INDICATES TRACE AMOUNT.




$$
