291
CDUS43 KDLH 091342
CLIINL


CLIMATE REPORT
NATIONAL WEATHER SERVICE DULUTH MN
738 AM CST SAT DEC 9 2017


...................................

...THE INTERNATIONAL FALLS MN CLIMATE SUMMARY FOR DECEMBER 8 2017...

CLIMATE NORMAL PERIOD 1981 TO 2010
CLIMATE RECORD PERIOD 1895 TO 2017


WEATHER ITEM   OBSERVED TIME   RECORD YEAR NORMAL DEPARTURE LAST
                VALUE   (LST)  VALUE       VALUE  FROM      YEAR
                                                  NORMAL
..................................................................
TEMPERATURE (F)
 YESTERDAY
  MAXIMUM         19    500 PM  45    1990  21     -2       22
  MINIMUM         10   1159 PM -33    1958   4      6        8
  AVERAGE         15                        13      2       15

PRECIPITATION (IN)
  YESTERDAY        0.07          0.37 1963   0.02   0.05     0.02
  MONTH TO DATE    0.53                      0.23   0.30     0.74
  SINCE DEC 1      0.53                      0.23   0.30     0.74
  SINCE JAN 1     22.92                     23.64  -0.72    27.91

SNOWFALL (IN)
  YESTERDAY        3.0           5.7  1995   0.5    2.5      0.4
  MONTH TO DATE    4.0                       4.0    0.0     11.3
  SINCE DEC 1      4.0                       4.0    0.0     11.3
  SINCE JUL 1     18.0                      20.0   -2.0     19.7
  SNOW DEPTH       1

DEGREE DAYS
 HEATING
  YESTERDAY       50                        52     -2       50
  MONTH TO DATE  347                       404    -57      320
  SINCE DEC 1    347                       404    -57      320
  SINCE JUL 1   2741                      2865   -124     2126

 COOLING
  YESTERDAY        0                         0      0        0
  MONTH TO DATE    0                         0      0        0
  SINCE DEC 1      0                         0      0        0
  SINCE JAN 1     86                       192   -106      155
..................................................................


WIND (MPH)
  HIGHEST WIND SPEED    20   HIGHEST WIND DIRECTION     N (10)
  HIGHEST GUST SPEED    25   HIGHEST GUST DIRECTION     N (10)
  AVERAGE WIND SPEED     8.8


SKY COVER
  AVERAGE SKY COVER 1.0


WEATHER CONDITIONS
 THE FOLLOWING WEATHER WAS RECORDED YESTERDAY.
  HEAVY SNOW
  SNOW
  LIGHT SNOW
  FOG
  FOG W/VISIBILITY <= 1/4 MILE
  HAZE


RELATIVE HUMIDITY (PERCENT)
 HIGHEST    84           800 AM
 LOWEST     70          1100 PM
 AVERAGE    77

..........................................................


THE INTERNATIONAL FALLS MN CLIMATE NORMALS FOR TODAY
                         NORMAL    RECORD    YEAR
 MAXIMUM TEMPERATURE (F)   21        45      1990
                                             1911
 MINIMUM TEMPERATURE (F)    3       -31      1958


SUNRISE AND SUNSET
DECEMBER  9 2017......SUNRISE   754 AM CST   SUNSET   418 PM CST
DECEMBER 10 2017......SUNRISE   755 AM CST   SUNSET   418 PM CST


-  INDICATES NEGATIVE NUMBERS.
R  INDICATES RECORD WAS SET OR TIED.
MM INDICATES DATA IS MISSING.
T  INDICATES TRACE AMOUNT.




$$
