000
CDUS43 KDLH 240619
CLIINL


CLIMATE REPORT
NATIONAL WEATHER SERVICE DULUTH MN
118 AM CDT THU JUL 24 2014


...................................

...THE INTERNATIONAL FALLS MN CLIMATE SUMMARY FOR JULY 23 2014...

CLIMATE NORMAL PERIOD 1981 TO 2010
CLIMATE RECORD PERIOD 1895 TO 2014


WEATHER ITEM   OBSERVED TIME   RECORD YEAR NORMAL DEPARTURE LAST
                VALUE   (LST)  VALUE       VALUE  FROM      YEAR
                                                  NORMAL
..................................................................
TEMPERATURE (F)
 YESTERDAY
  MAXIMUM         72    543 PM  92    1958  78     -6       71
                                      1923
  MINIMUM         49   1157 PM  36    1913  53     -4       46
  AVERAGE         61                        66     -5       59

PRECIPITATION (IN)
  YESTERDAY        0.00          0.87 1910   0.11  -0.11     0.00
  MONTH TO DATE    4.29                      2.90   1.39     4.64
  SINCE JUN 1     14.53                      6.82   7.71     6.24
  SINCE JAN 1     23.35                     13.35  10.00    18.62

SNOWFALL (IN)
  YESTERDAY        0.0                       0.0    0.0      0.0
  MONTH TO DATE    0.0                       0.0    0.0      0.0
  SINCE JUN 1      0.0                       0.0    0.0      0.0
  SINCE JUL 1      0.0                       0.0    0.0      0.0
  SNOW DEPTH       0

DEGREE DAYS
 HEATING
  YESTERDAY        4                         2      2        6
  MONTH TO DATE   87                        53     34       31
  SINCE JUN 1    216                       217     -1      200
  SINCE JUL 1     87                        53     34       31

 COOLING
  YESTERDAY        0                         2     -2        0
  MONTH TO DATE   39                        57    -18       90
  SINCE JUN 1     68                        95    -27      124
  SINCE JAN 1     91                       104    -13      127
..................................................................


WIND (MPH)
  HIGHEST WIND SPEED    12   HIGHEST WIND DIRECTION     E (80)
  HIGHEST GUST SPEED    15   HIGHEST GUST DIRECTION    NE (50)
  AVERAGE WIND SPEED     3.5


SKY COVER
  AVERAGE SKY COVER 0.4


WEATHER CONDITIONS
 THE FOLLOWING WEATHER WAS RECORDED YESTERDAY.
  NO SIGNIFICANT WEATHER WAS OBSERVED.


RELATIVE HUMIDITY (PERCENT)
 HIGHEST   100           900 PM
 LOWEST     47          1200 PM
 AVERAGE    74

..........................................................


THE INTERNATIONAL FALLS MN CLIMATE NORMALS FOR TODAY
                         NORMAL    RECORD    YEAR
 MAXIMUM TEMPERATURE (F)   78        97      1918
 MINIMUM TEMPERATURE (F)   53        36      2004


SUNRISE AND SUNSET
JULY 24 2014..........SUNRISE   538 AM CDT   SUNSET   902 PM CDT
JULY 25 2014..........SUNRISE   539 AM CDT   SUNSET   900 PM CDT


-  INDICATES NEGATIVE NUMBERS.
R  INDICATES RECORD WAS SET OR TIED.
MM INDICATES DATA IS MISSING.
T  INDICATES TRACE AMOUNT.




$$
