000
CDUS43 KDLH 262222
CLIINL


CLIMATE REPORT
NATIONAL WEATHER SERVICE DULUTH MN
520 PM CDT FRI SEP 26 2014


...................................

...THE INTERNATIONAL FALLS MN CLIMATE SUMMARY FOR SEPTEMBER 26 2014...
VALID TODAY AS OF 0500 PM LOCAL TIME.

CLIMATE NORMAL PERIOD 1981 TO 2010
CLIMATE RECORD PERIOD 1895 TO 2014


WEATHER ITEM   OBSERVED TIME   RECORD YEAR NORMAL DEPARTURE LAST
                VALUE   (LST)  VALUE       VALUE  FROM      YEAR
                                                  NORMAL
..................................................................
TEMPERATURE (F)
 TODAY
  MAXIMUM         80    215 PM  83    1922  61     19       75
  MINIMUM         54    628 AM  20    1965  38     16       47
  AVERAGE         67                        49     18       61

PRECIPITATION (IN)
  TODAY            0.00                      0.09  -0.09     0.00
  MONTH TO DATE    2.70                      2.62   0.08     1.55
  SINCE SEP 1      2.70                      2.62   0.08     1.55
  SINCE JAN 1     27.24                     19.58   7.66    26.66

SNOWFALL (IN)
  TODAY            0.0                       0.0    0.0      0.0
  MONTH TO DATE    0.0                       0.1   -0.1      0.0
  SINCE JUL 1      0.0                       0.1   -0.1      0.0
  SNOW DEPTH       0

DEGREE DAYS
 HEATING
  TODAY            0                        16    -16        4
  MONTH TO DATE  275                       285    -10      205
  SINCE SEP 1    275                       285    -10      205
  SINCE JUL 1    489                       466     23      425

 COOLING
  TODAY            2                         0      2        0
  MONTH TO DATE    5                         9     -4        7
  SINCE SEP 1      5                         9     -4        7
  SINCE JAN 1    116                       190    -74      220
..................................................................


WIND (MPH)
  HIGHEST WIND SPEED    13   HIGHEST WIND DIRECTION    SE (150)
  HIGHEST GUST SPEED    19   HIGHEST GUST DIRECTION    SE (150)


SKY COVER
  AVERAGE SKY COVER 0.1


WEATHER CONDITIONS
 THE FOLLOWING WEATHER WAS RECORDED TODAY.
  FOG


RELATIVE HUMIDITY (PERCENT)
 HIGHEST   100          1200 AM
 LOWEST     48           400 PM
 AVERAGE    74

..........................................................


THE INTERNATIONAL FALLS MN CLIMATE NORMALS FOR TOMORROW
                         NORMAL    RECORD    YEAR
 MAXIMUM TEMPERATURE (F)   60        91      1952
 MINIMUM TEMPERATURE (F)   37        23      2012
                                             2000
                                             1991


SUNRISE AND SUNSET
SEPTEMBER 26 2014.....SUNRISE   706 AM CDT   SUNSET   703 PM CDT
SEPTEMBER 27 2014.....SUNRISE   707 AM CDT   SUNSET   701 PM CDT


-  INDICATES NEGATIVE NUMBERS.
R  INDICATES RECORD WAS SET OR TIED.
MM INDICATES DATA IS MISSING.
T  INDICATES TRACE AMOUNT.




$$
