000
CDUS43 KDLH 220621
CLIINL


CLIMATE REPORT
NATIONAL WEATHER SERVICE DULUTH MN
120 AM CDT FRI APR 22 2016


...................................

...THE INTERNATIONAL FALLS MN CLIMATE SUMMARY FOR APRIL 21 2016...

CLIMATE NORMAL PERIOD 1981 TO 2010
CLIMATE RECORD PERIOD 1895 TO 2016


WEATHER ITEM   OBSERVED TIME   RECORD YEAR NORMAL DEPARTURE LAST
                VALUE   (LST)  VALUE       VALUE  FROM      YEAR
                                                  NORMAL
..................................................................
TEMPERATURE (F)
 YESTERDAY
  MAXIMUM         49    840 AM  90    1980  55     -6       31
  MINIMUM         29   1159 PM  11    1966  30     -1       26
  AVERAGE         39                        42     -3       29

PRECIPITATION (IN)
  YESTERDAY        0.23          1.00 1964   0.05   0.18     0.09
  MONTH TO DATE    1.27                      0.97   0.30     0.69
  SINCE MAR 1      3.98                      1.92   2.06     1.33
  SINCE JAN 1      5.35                      3.11   2.24     3.35

SNOWFALL (IN)
  YESTERDAY        0.0           2.4  2012   0.1   -0.1      1.9
  MONTH TO DATE    4.9                       5.2   -0.3      4.3
  SINCE MAR 1     14.2                      12.8    1.4      7.8
  SINCE JUL 1     47.7                      69.6  -21.9     64.5
  SNOW DEPTH       0

DEGREE DAYS
 HEATING
  YESTERDAY       26                        23      3       36
  MONTH TO DATE  619                       585     34      541
  SINCE MAR 1   1722                      1868   -146     1710
  SINCE JUL 1   8254                      9451  -1197     9464

 COOLING
  YESTERDAY        0                         0      0        0
  MONTH TO DATE    0                         0      0        0
  SINCE MAR 1      0                         0      0        0
  SINCE JAN 1      0                         0      0        0
..................................................................


WIND (MPH)
  HIGHEST WIND SPEED    18   HIGHEST WIND DIRECTION    NE (30)
  HIGHEST GUST SPEED    24   HIGHEST GUST DIRECTION     N (360)
  AVERAGE WIND SPEED     8.0


SKY COVER
  AVERAGE SKY COVER 0.8


WEATHER CONDITIONS
 THE FOLLOWING WEATHER WAS RECORDED YESTERDAY.
  HEAVY RAIN
  RAIN
  LIGHT RAIN
  FOG


RELATIVE HUMIDITY (PERCENT)
 HIGHEST    93           200 AM
 LOWEST     60           400 PM
 AVERAGE    77

..........................................................


THE INTERNATIONAL FALLS MN CLIMATE NORMALS FOR TODAY
                         NORMAL    RECORD    YEAR
 MAXIMUM TEMPERATURE (F)   55        81      1990
 MINIMUM TEMPERATURE (F)   30        17      2004
                                             1910


SUNRISE AND SUNSET
APRIL 22 2016.........SUNRISE   609 AM CDT   SUNSET   816 PM CDT
APRIL 23 2016.........SUNRISE   607 AM CDT   SUNSET   818 PM CDT


-  INDICATES NEGATIVE NUMBERS.
R  INDICATES RECORD WAS SET OR TIED.
MM INDICATES DATA IS MISSING.
T  INDICATES TRACE AMOUNT.




$$
