000
CDUS43 KDLH 070619
CLIINL


CLIMATE REPORT
NATIONAL WEATHER SERVICE DULUTH MN
118 AM CDT MON JUL 7 2014


...................................

...THE INTERNATIONAL FALLS MN CLIMATE SUMMARY FOR JULY 6 2014...

CLIMATE NORMAL PERIOD 1981 TO 2010
CLIMATE RECORD PERIOD 1895 TO 2014


WEATHER ITEM   OBSERVED TIME   RECORD YEAR NORMAL DEPARTURE LAST
                VALUE   (LST)  VALUE       VALUE  FROM      YEAR
                                                  NORMAL
..................................................................
TEMPERATURE (F)
 YESTERDAY
  MAXIMUM         81   1125 AM  98    1988  77      4       74
  MINIMUM         61   1159 PM  35    1997  52      9       56
                                      1918
  AVERAGE         71                        65      6       65

PRECIPITATION (IN)
  YESTERDAY        T             2.73 1955   0.14  -0.14     0.07
  MONTH TO DATE    0.80                      0.88  -0.08     1.04
  SINCE JUN 1     11.04                      4.80   6.24     2.64
  SINCE JAN 1     19.86                     11.33   8.53    15.02

SNOWFALL (IN)
  YESTERDAY        0.0           T    1955   0.0    0.0      0.0
  MONTH TO DATE    0.0                       0.0    0.0      0.0
  SINCE JUN 1      0.0                       0.0    0.0      0.0
  SINCE JUL 1      0.0                       0.0    0.0      0.0
  SNOW DEPTH       0

DEGREE DAYS
 HEATING
  YESTERDAY        0                         3     -3        0
  MONTH TO DATE   26                        18      8        0
  SINCE JUN 1    155                       182    -27      169
  SINCE JUL 1     26                        18      8        0

 COOLING
  YESTERDAY        6                         2      4        0
  MONTH TO DATE   12                        12      0       21
  SINCE JUN 1     41                        50     -9       55
  SINCE JAN 1     64                        59      5       58
..................................................................


WIND (MPH)
  HIGHEST WIND SPEED    23   HIGHEST WIND DIRECTION    NW (300)
  HIGHEST GUST SPEED    32   HIGHEST GUST DIRECTION    NW (300)
  AVERAGE WIND SPEED     9.4


SKY COVER
  AVERAGE SKY COVER 0.4


WEATHER CONDITIONS
 THE FOLLOWING WEATHER WAS RECORDED YESTERDAY.
  THUNDERSTORM
  LIGHT RAIN
  FOG


RELATIVE HUMIDITY (PERCENT)
 HIGHEST    97           100 AM
 LOWEST     49           700 PM
 AVERAGE    73

..........................................................


THE INTERNATIONAL FALLS MN CLIMATE NORMALS FOR TODAY
                         NORMAL    RECORD    YEAR
 MAXIMUM TEMPERATURE (F)   77        97      1926
 MINIMUM TEMPERATURE (F)   53        34      1997


SUNRISE AND SUNSET
JULY  7 2014..........SUNRISE   520 AM CDT   SUNSET   917 PM CDT
JULY  8 2014..........SUNRISE   521 AM CDT   SUNSET   916 PM CDT


-  INDICATES NEGATIVE NUMBERS.
R  INDICATES RECORD WAS SET OR TIED.
MM INDICATES DATA IS MISSING.
T  INDICATES TRACE AMOUNT.




$$
