209
CDUS43 KDLH 242229
CLIINL


CLIMATE REPORT
NATIONAL WEATHER SERVICE DULUTH MN
528 PM CDT TUE MAY 24 2016


...................................

...THE INTERNATIONAL FALLS MN CLIMATE SUMMARY FOR MAY 24 2016...
VALID TODAY AS OF 0500 PM LOCAL TIME.

CLIMATE NORMAL PERIOD 1981 TO 2010
CLIMATE RECORD PERIOD 1895 TO 2016


WEATHER ITEM   OBSERVED TIME   RECORD YEAR NORMAL DEPARTURE LAST
                VALUE   (LST)  VALUE       VALUE  FROM      YEAR
                                                  NORMAL
..................................................................
TEMPERATURE (F)
 TODAY
  MAXIMUM         82    317 PM  89    1980  67     15       79
  MINIMUM         49    113 AM  25    1992  41      8       42
                                      1924
  AVERAGE         66                        54     12       61

PRECIPITATION (IN)
  TODAY            0.00                      0.10  -0.10     0.00
  MONTH TO DATE    0.46                      2.12  -1.66     4.08
  SINCE MAR 1      5.28                      4.60   0.68     5.44
  SINCE JAN 1      6.65                      5.79   0.86     7.46

SNOWFALL (IN)
  TODAY            0.0                       0.0    0.0      0.0
  MONTH TO DATE    T                         0.2   -0.2       T
  SINCE JUL 1     47.7                      71.0  -23.3     64.5
  SNOW DEPTH       0

DEGREE DAYS
 HEATING
  TODAY            0                        11    -11        4
  MONTH TO DATE  320                       350    -30      374
  SINCE MAR 1   2249                      2405   -156     2302
  SINCE JUL 1   8781                      9988  -1207    10056

 COOLING
  TODAY            1                         0      1        0
  MONTH TO DATE    2                         0      2        0
  SINCE MAR 1      2                         1      1        0
  SINCE JAN 1      2                         1      1        0
..................................................................


WIND (MPH)
  HIGHEST WIND SPEED    20   HIGHEST WIND DIRECTION     N (350)
  HIGHEST GUST SPEED    29   HIGHEST GUST DIRECTION    NW (330)


SKY COVER
  AVERAGE SKY COVER 0.3


WEATHER CONDITIONS
 THE FOLLOWING WEATHER WAS RECORDED TODAY.
  THUNDERSTORM
  FOG
  FOG W/VISIBILITY <= 1/4 MILE


RELATIVE HUMIDITY (PERCENT)
 HIGHEST   100          1200 AM
 LOWEST     26           400 PM
 AVERAGE    63

..........................................................


THE INTERNATIONAL FALLS MN CLIMATE NORMALS FOR TOMORROW
                         NORMAL    RECORD    YEAR
 MAXIMUM TEMPERATURE (F)   68        88      1919
 MINIMUM TEMPERATURE (F)   42        27      1983
                                             1969


SUNRISE AND SUNSET
MAY 24 2016...........SUNRISE   522 AM CDT   SUNSET   900 PM CDT
MAY 25 2016...........SUNRISE   521 AM CDT   SUNSET   901 PM CDT


-  INDICATES NEGATIVE NUMBERS.
R  INDICATES RECORD WAS SET OR TIED.
MM INDICATES DATA IS MISSING.
T  INDICATES TRACE AMOUNT.




$$
