000
CDUS43 KDLH 220653
CLIINL


CLIMATE REPORT
NATIONAL WEATHER SERVICE DULUTH MN
151 AM CDT SUN MAR 22 2015


...................................

...THE INTERNATIONAL FALLS MN CLIMATE SUMMARY FOR MARCH 21 2015...

CLIMATE NORMAL PERIOD 1981 TO 2010
CLIMATE RECORD PERIOD 1895 TO 2015


WEATHER ITEM   OBSERVED TIME   RECORD YEAR NORMAL DEPARTURE LAST
                VALUE   (LST)  VALUE       VALUE  FROM      YEAR
                                                  NORMAL
..................................................................
TEMPERATURE (F)
 YESTERDAY
  MAXIMUM         28    421 PM  69    2012  37     -9       33
  MINIMUM          4    625 AM -22    1965  15    -11        1
  AVERAGE         16                        26    -10       17

PRECIPITATION (IN)
  YESTERDAY        0.00          0.86 2014   0.03  -0.03     0.86
  MONTH TO DATE    0.11                      0.57  -0.46     1.18
  SINCE MAR 1      0.11                      0.57  -0.46     1.18
  SINCE JAN 1      2.13                      1.76   0.37     2.93

SNOWFALL (IN)
  YESTERDAY        0.0          10.4  2014   0.3   -0.3     10.4
  MONTH TO DATE    2.2                       5.4   -3.2     15.0
  SINCE MAR 1      2.2                       5.4   -3.2     15.0
  SINCE JUL 1     58.9                      62.2   -3.3     91.4
  SNOW DEPTH       T

DEGREE DAYS
 HEATING
  YESTERDAY       49                        39     10       48
  MONTH TO DATE  829                       920    -91     1078
  SINCE MAR 1    829                       920    -91     1078
  SINCE JUL 1   8583                      8503     80     9509

 COOLING
  YESTERDAY        0                         0      0        0
  MONTH TO DATE    0                         0      0        0
  SINCE MAR 1      0                         0      0        0
  SINCE JAN 1      0                         0      0        0
..................................................................


WIND (MPH)
  HIGHEST WIND SPEED    18   HIGHEST WIND DIRECTION    NW (330)
  HIGHEST GUST SPEED    25   HIGHEST GUST DIRECTION    NW (330)
  AVERAGE WIND SPEED     7.3


SKY COVER
  AVERAGE SKY COVER 0.0


WEATHER CONDITIONS
 THE FOLLOWING WEATHER WAS RECORDED YESTERDAY.
  NO SIGNIFICANT WEATHER WAS OBSERVED.


RELATIVE HUMIDITY (PERCENT)
 HIGHEST    84           900 PM
 LOWEST     32           300 PM
 AVERAGE    58

..........................................................


THE INTERNATIONAL FALLS MN CLIMATE NORMALS FOR TODAY
                         NORMAL    RECORD    YEAR
 MAXIMUM TEMPERATURE (F)   38        72      2012
 MINIMUM TEMPERATURE (F)   16       -18      1974


SUNRISE AND SUNSET
MARCH 22 2015.........SUNRISE   713 AM CDT   SUNSET   729 PM CDT
MARCH 23 2015.........SUNRISE   711 AM CDT   SUNSET   731 PM CDT


-  INDICATES NEGATIVE NUMBERS.
R  INDICATES RECORD WAS SET OR TIED.
MM INDICATES DATA IS MISSING.
T  INDICATES TRACE AMOUNT.




$$
