000
CDUS43 KDLH 250644
CLIINL


CLIMATE REPORT
NATIONAL WEATHER SERVICE DULUTH MN
144 AM CDT SUN JUN 25 2017


...................................

...THE INTERNATIONAL FALLS MN CLIMATE SUMMARY FOR JUNE 24 2017...

CLIMATE NORMAL PERIOD 1981 TO 2010
CLIMATE RECORD PERIOD 1895 TO 2017


WEATHER ITEM   OBSERVED TIME   RECORD YEAR NORMAL DEPARTURE LAST
                VALUE   (LST)  VALUE       VALUE  FROM      YEAR
                                                  NORMAL
..................................................................
TEMPERATURE (F)
 YESTERDAY
  MAXIMUM         65    233 PM  95    1910  75    -10       82
  MINIMUM         52    730 AM  37    1986  51      1       47
  AVERAGE         59                        63     -4       65

PRECIPITATION (IN)
  YESTERDAY        0.29          4.15 1898   0.15   0.14      T
  MONTH TO DATE    2.98                      3.09  -0.11     3.98
  SINCE JUN 1      2.98                      3.09  -0.11     3.98
  SINCE JAN 1      9.60                      9.62  -0.02    11.78

SNOWFALL (IN)
  YESTERDAY        0.0           0.0  2002   0.0    0.0      0.0
                                      2001
  MONTH TO DATE    0.0                       0.0    0.0      0.0
  SINCE JUN 1      0.0                       0.0    0.0      0.0
  SINCE JUL 1     70.4                      71.0   -0.6     47.7
  SNOW DEPTH       0

DEGREE DAYS
 HEATING
  YESTERDAY        6                         4      2        0
  MONTH TO DATE   81                       144    -63      135
  SINCE JUN 1     81                       144    -63      135
  SINCE JUL 1   9045                     10201  -1156     8963

 COOLING
  YESTERDAY        0                         2     -2        0
  MONTH TO DATE   12                        30    -18       13
  SINCE JUN 1     12                        30    -18       13
  SINCE JAN 1     12                        39    -27       15
..................................................................


WIND (MPH)
  HIGHEST WIND SPEED    17   HIGHEST WIND DIRECTION    NW (330)
  HIGHEST GUST SPEED    23   HIGHEST GUST DIRECTION     W (290)
  AVERAGE WIND SPEED     8.6


SKY COVER
  AVERAGE SKY COVER 1.0


WEATHER CONDITIONS
 THE FOLLOWING WEATHER WAS RECORDED YESTERDAY.
  RAIN
  LIGHT RAIN
  FOG


RELATIVE HUMIDITY (PERCENT)
 HIGHEST    96           100 AM
 LOWEST     56           200 PM
 AVERAGE    76

..........................................................


THE INTERNATIONAL FALLS MN CLIMATE NORMALS FOR TODAY
                         NORMAL    RECORD    YEAR
 MAXIMUM TEMPERATURE (F)   75        94      1921
 MINIMUM TEMPERATURE (F)   51        38      2012
                                             1996


SUNRISE AND SUNSET
JUNE 25 2017..........SUNRISE   513 AM CDT   SUNSET   920 PM CDT
JUNE 26 2017..........SUNRISE   513 AM CDT   SUNSET   920 PM CDT


-  INDICATES NEGATIVE NUMBERS.
R  INDICATES RECORD WAS SET OR TIED.
MM INDICATES DATA IS MISSING.
T  INDICATES TRACE AMOUNT.




$$
