000
CDUS43 KDLH 290620
CLIINL


CLIMATE REPORT
NATIONAL WEATHER SERVICE DULUTH MN
118 AM CDT SAT APR 29 2017


...................................

...THE INTERNATIONAL FALLS MN CLIMATE SUMMARY FOR APRIL 28 2017...

CLIMATE NORMAL PERIOD 1981 TO 2010
CLIMATE RECORD PERIOD 1895 TO 2017


WEATHER ITEM   OBSERVED TIME   RECORD YEAR NORMAL DEPARTURE LAST
                VALUE   (LST)  VALUE       VALUE  FROM      YEAR
                                                  NORMAL
..................................................................
TEMPERATURE (F)
 YESTERDAY
  MAXIMUM         45    602 PM  91    1952  58    -13       55
  MINIMUM         24   1106 PM   9    1958  32     -8       35
  AVERAGE         35                        45    -10       45

PRECIPITATION (IN)
  YESTERDAY        0.03          1.68 1895   0.07  -0.04     0.00
  MONTH TO DATE    1.58                      1.39   0.19     2.11
  SINCE MAR 1      2.26                      2.34  -0.08     4.82
  SINCE JAN 1      5.01                      3.53   1.48     6.19

SNOWFALL (IN)
  YESTERDAY        0.3           1.6  1966   0.1    0.2      0.0
  MONTH TO DATE    2.6                       6.2   -3.6      4.9
  SINCE MAR 1      7.1                      13.8   -6.7     14.2
  SINCE JUL 1     70.4                      70.6   -0.2     47.7
  SNOW DEPTH       2

DEGREE DAYS
 HEATING
  YESTERDAY       30                        20     10       20
  MONTH TO DATE  699                       733    -34      782
  SINCE MAR 1   1956                      2016    -60     1885
  SINCE JUL 1   8430                      9599  -1169     8417

 COOLING
  YESTERDAY        0                         0      0        0
  MONTH TO DATE    0                         0      0        0
  SINCE MAR 1      0                         0      0        0
  SINCE JAN 1      0                         0      0        0
..................................................................


WIND (MPH)
  HIGHEST WIND SPEED    24   HIGHEST WIND DIRECTION    NW (330)
  HIGHEST GUST SPEED    30   HIGHEST GUST DIRECTION    NW (320)
  AVERAGE WIND SPEED     9.5


SKY COVER
  AVERAGE SKY COVER 0.5


WEATHER CONDITIONS
 THE FOLLOWING WEATHER WAS RECORDED YESTERDAY.
  LIGHT SNOW
  FOG
  HAZE


RELATIVE HUMIDITY (PERCENT)
 HIGHEST    92           300 AM
 LOWEST     37           600 PM
 AVERAGE    65

..........................................................


THE INTERNATIONAL FALLS MN CLIMATE NORMALS FOR TODAY
                         NORMAL    RECORD    YEAR
 MAXIMUM TEMPERATURE (F)   59        89      1952
 MINIMUM TEMPERATURE (F)   33        10      1958


SUNRISE AND SUNSET
APRIL 29 2017.........SUNRISE   557 AM CDT   SUNSET   826 PM CDT
APRIL 30 2017.........SUNRISE   555 AM CDT   SUNSET   827 PM CDT


-  INDICATES NEGATIVE NUMBERS.
R  INDICATES RECORD WAS SET OR TIED.
MM INDICATES DATA IS MISSING.
T  INDICATES TRACE AMOUNT.




$$
