000
CDUS43 KDLH 060635
CLIINL


CLIMATE REPORT
NATIONAL WEATHER SERVICE DULUTH MN
1232 AM CST TUE DEC 6 2016


...................................

...THE INTERNATIONAL FALLS MN CLIMATE SUMMARY FOR DECEMBER 5 2016...

CLIMATE NORMAL PERIOD 1981 TO 2010
CLIMATE RECORD PERIOD 1895 TO 2016


WEATHER ITEM   OBSERVED TIME   RECORD YEAR NORMAL DEPARTURE LAST
                VALUE   (LST)  VALUE       VALUE  FROM      YEAR
                                                  NORMAL
..................................................................
TEMPERATURE (F)
 YESTERDAY
  MAXIMUM         32   1147 AM  48    1913  23      9       45
  MINIMUM         29    922 PM -38    1908   5     24       36
  AVERAGE         31                        14     17       41

PRECIPITATION (IN)
  YESTERDAY        0.24          1.21 1960   0.03   0.21     0.00
  MONTH TO DATE    0.40                      0.15   0.25     0.19
  SINCE DEC 1      0.40                      0.15   0.25     0.19
  SINCE JAN 1     27.57                     23.56   4.01    24.04

SNOWFALL (IN)
  YESTERDAY        2.9 R         2.5  1960   0.5    2.4      0.0
  MONTH TO DATE    5.7                       2.5    3.2      0.2
  SINCE DEC 1      5.7                       2.5    3.2      0.2
  SINCE JUL 1     14.1                      18.5   -4.4      4.0
  SNOW DEPTH       3

DEGREE DAYS
 HEATING
  YESTERDAY       34                        51    -17       24
  MONTH TO DATE  190                       249    -59      163
  SINCE DEC 1    190                       249    -59      163
  SINCE JUL 1   1996                      2710   -714     2169

 COOLING
  YESTERDAY        0                         0      0        0
  MONTH TO DATE    0                         0      0        0
  SINCE DEC 1      0                         0      0        0
  SINCE JAN 1    155                       192    -37      211
..................................................................


WIND (MPH)
  HIGHEST WIND SPEED    17   HIGHEST WIND DIRECTION     E (100)
  HIGHEST GUST SPEED    23   HIGHEST GUST DIRECTION     E (100)
  AVERAGE WIND SPEED     7.8


SKY COVER
  AVERAGE SKY COVER 1.0


WEATHER CONDITIONS
 THE FOLLOWING WEATHER WAS RECORDED YESTERDAY.
  HEAVY SNOW
  SNOW
  LIGHT SNOW
  FOG


RELATIVE HUMIDITY (PERCENT)
 HIGHEST    92           600 AM
 LOWEST     78          1200 PM
 AVERAGE    85

..........................................................


THE INTERNATIONAL FALLS MN CLIMATE NORMALS FOR TODAY
                         NORMAL    RECORD    YEAR
 MAXIMUM TEMPERATURE (F)   22        45      2015
 MINIMUM TEMPERATURE (F)    5       -34      1908


SUNRISE AND SUNSET
DECEMBER  6 2016......SUNRISE   751 AM CST   SUNSET   418 PM CST
DECEMBER  7 2016......SUNRISE   752 AM CST   SUNSET   418 PM CST


-  INDICATES NEGATIVE NUMBERS.
R  INDICATES RECORD WAS SET OR TIED.
MM INDICATES DATA IS MISSING.
T  INDICATES TRACE AMOUNT.




$$
