672
CDUS43 KDLH 140641
CLIINL


CLIMATE REPORT
NATIONAL WEATHER SERVICE DULUTH MN
1239 AM CST SUN FEB 14 2016


...................................

...THE INTERNATIONAL FALLS MN CLIMATE SUMMARY FOR FEBRUARY 13 2016...

CLIMATE NORMAL PERIOD 1981 TO 2010
CLIMATE RECORD PERIOD 1895 TO 2016


WEATHER ITEM   OBSERVED TIME   RECORD YEAR NORMAL DEPARTURE LAST
                VALUE   (LST)  VALUE       VALUE  FROM      YEAR
                                                  NORMAL
..................................................................
TEMPERATURE (F)
 YESTERDAY
  MAXIMUM          7    349 PM  46    2011  21    -14       11
  MINIMUM        -29    758 AM -39    1909  -2    -27       -5
  AVERAGE        -11                        10    -21        3

PRECIPITATION (IN)
  YESTERDAY        0.00          0.60 1923   0.02  -0.02     0.01
  MONTH TO DATE    0.18                      0.23  -0.05     0.42
  SINCE DEC 1      1.84                      1.66   0.18     2.60
  SINCE JAN 1      0.77                      0.85  -0.08     1.75

SNOWFALL (IN)
  YESTERDAY        0.0           4.9  1962   0.4   -0.4      0.5
  MONTH TO DATE    1.7                       5.0   -3.3      6.7
  SINCE DEC 1     20.0                      35.0  -15.0     38.2
  SINCE JUL 1     23.8                      51.0  -27.2     47.5
  SNOW DEPTH      11

DEGREE DAYS
 HEATING
  YESTERDAY       76                        55     21       62
  MONTH TO DATE  766                       746     20      816
  SINCE DEC 1   3775                      4338   -563     4090
  SINCE JUL 1   5781                      6799  -1018     6701

 COOLING
  YESTERDAY        0                         0      0        0
  MONTH TO DATE    0                         0      0        0
  SINCE DEC 1      0                         0      0        0
  SINCE JAN 1      0                         0      0        0
..................................................................


WIND (MPH)
  HIGHEST WIND SPEED     9   HIGHEST WIND DIRECTION     E (110)
  HIGHEST GUST SPEED    13   HIGHEST GUST DIRECTION     W (280)
  AVERAGE WIND SPEED     4.1


SKY COVER
  AVERAGE SKY COVER 0.0


WEATHER CONDITIONS
 THE FOLLOWING WEATHER WAS RECORDED YESTERDAY.
  FOG
  HAZE
  BLOWING SNOW


RELATIVE HUMIDITY (PERCENT)
 HIGHEST    82           700 AM
 LOWEST     42           300 PM
 AVERAGE    62

..........................................................


THE INTERNATIONAL FALLS MN CLIMATE NORMALS FOR TODAY
                         NORMAL    RECORD    YEAR
 MAXIMUM TEMPERATURE (F)   22        43      1999
 MINIMUM TEMPERATURE (F)   -2       -44      1909


SUNRISE AND SUNSET
FEBRUARY 14 2016......SUNRISE   724 AM CST   SUNSET   533 PM CST
FEBRUARY 15 2016......SUNRISE   722 AM CST   SUNSET   534 PM CST


-  INDICATES NEGATIVE NUMBERS.
R  INDICATES RECORD WAS SET OR TIED.
MM INDICATES DATA IS MISSING.
T  INDICATES TRACE AMOUNT.




$$
