000
CDUS43 KDLH 290640
CLIINL


CLIMATE REPORT
NATIONAL WEATHER SERVICE DULUTH MN
140 AM CDT FRI APR 29 2016


...................................

...THE INTERNATIONAL FALLS MN CLIMATE SUMMARY FOR APRIL 28 2016...

CLIMATE NORMAL PERIOD 1981 TO 2010
CLIMATE RECORD PERIOD 1895 TO 2016


WEATHER ITEM   OBSERVED TIME   RECORD YEAR NORMAL DEPARTURE LAST
                VALUE   (LST)  VALUE       VALUE  FROM      YEAR
                                                  NORMAL
..................................................................
TEMPERATURE (F)
 YESTERDAY
  MAXIMUM         55    446 PM  91    1952  58     -3       60
  MINIMUM         35    558 AM   9    1958  32      3       28
  AVERAGE         45                        45      0       44

PRECIPITATION (IN)
  YESTERDAY        0.00          1.68 1895   0.07  -0.07     0.03
  MONTH TO DATE    2.11                      1.39   0.72     0.72
  SINCE MAR 1      4.82                      2.34   2.48     1.36
  SINCE JAN 1      6.19                      3.53   2.66     3.38

SNOWFALL (IN)
  YESTERDAY        0.0           1.6  1966   0.1   -0.1      0.0
  MONTH TO DATE    4.9                       6.2   -1.3      4.3
  SINCE MAR 1     14.2                      13.8    0.4      7.8
  SINCE JUL 1     47.7                      70.6  -22.9     64.5
  SNOW DEPTH       0

DEGREE DAYS
 HEATING
  YESTERDAY       20                        20      0       21
  MONTH TO DATE  782                       733     49      724
  SINCE MAR 1   1885                      2016   -131     1893
  SINCE JUL 1   8417                      9599  -1182     9647

 COOLING
  YESTERDAY        0                         0      0        0
  MONTH TO DATE    0                         0      0        0
  SINCE MAR 1      0                         0      0        0
  SINCE JAN 1      0                         0      0        0
..................................................................


WIND (MPH)
  HIGHEST WIND SPEED    16   HIGHEST WIND DIRECTION    NE (50)
  HIGHEST GUST SPEED    22   HIGHEST GUST DIRECTION     E (90)
  AVERAGE WIND SPEED     8.0


SKY COVER
  AVERAGE SKY COVER 0.0


WEATHER CONDITIONS
 THE FOLLOWING WEATHER WAS RECORDED YESTERDAY.
  NO SIGNIFICANT WEATHER WAS OBSERVED.


RELATIVE HUMIDITY (PERCENT)
 HIGHEST    65          1100 PM
 LOWEST     33          1200 AM
 AVERAGE    49

..........................................................


THE INTERNATIONAL FALLS MN CLIMATE NORMALS FOR TODAY
                         NORMAL    RECORD    YEAR
 MAXIMUM TEMPERATURE (F)   59        89      1952
 MINIMUM TEMPERATURE (F)   33        10      1958


SUNRISE AND SUNSET
APRIL 29 2016.........SUNRISE   556 AM CDT   SUNSET   826 PM CDT
APRIL 30 2016.........SUNRISE   555 AM CDT   SUNSET   828 PM CDT


-  INDICATES NEGATIVE NUMBERS.
R  INDICATES RECORD WAS SET OR TIED.
MM INDICATES DATA IS MISSING.
T  INDICATES TRACE AMOUNT.




$$
