000
CDUS43 KDLH 270625
CLIINL


CLIMATE REPORT
NATIONAL WEATHER SERVICE DULUTH MN
1225 AM CST SAT DEC 27 2014


...................................

...THE INTERNATIONAL FALLS MN CLIMATE SUMMARY FOR DECEMBER 26 2014...

CLIMATE NORMAL PERIOD 1981 TO 2010
CLIMATE RECORD PERIOD 1895 TO 2014


WEATHER ITEM   OBSERVED TIME   RECORD YEAR NORMAL DEPARTURE LAST
                VALUE   (LST)  VALUE       VALUE  FROM      YEAR
                                                  NORMAL
..................................................................
TEMPERATURE (F)
 YESTERDAY
  MAXIMUM         27    140 AM  42    1994  16     11        7
  MINIMUM         16   1159 PM -38    1990  -4     20      -24
  AVERAGE         22                         6     16       -8

PRECIPITATION (IN)
  YESTERDAY        T             0.52 1959   0.03  -0.03      T
  MONTH TO DATE    0.85                      0.69   0.16     1.26
  SINCE DEC 1      0.85                      0.69   0.16     1.26
  SINCE JAN 1     30.22                     24.10   6.12    31.66

SNOWFALL (IN)
  YESTERDAY        T             6.4  1988   0.5   -0.5       T
  MONTH TO DATE   10.0                      12.5   -2.5     23.8
  SINCE DEC 1     10.0                      12.5   -2.5     23.8
  SINCE JUL 1     19.3                      28.5   -9.2     34.7
  SNOW DEPTH       4

DEGREE DAYS
 HEATING
  YESTERDAY       43                        59    -16       73
  MONTH TO DATE 1134                      1416   -282     1775
  SINCE DEC 1   1134                      1416   -282     1775
  SINCE JUL 1   3745                      3877   -132     4133

 COOLING
  YESTERDAY        0                         0      0        0
  MONTH TO DATE    0                         0      0        0
  SINCE DEC 1      0                         0      0        0
  SINCE JAN 1    121                       192    -71      224
..................................................................


WIND (MPH)
  HIGHEST WIND SPEED    13   HIGHEST WIND DIRECTION     N (350)
  HIGHEST GUST SPEED    15   HIGHEST GUST DIRECTION    NW (330)
  AVERAGE WIND SPEED     7.3


SKY COVER
  AVERAGE SKY COVER 1.0


WEATHER CONDITIONS
 THE FOLLOWING WEATHER WAS RECORDED YESTERDAY.
  LIGHT SNOW
  HAZE


RELATIVE HUMIDITY (PERCENT)
 HIGHEST    92          1200 AM
 LOWEST     73           600 PM
 AVERAGE    83

..........................................................


THE INTERNATIONAL FALLS MN CLIMATE NORMALS FOR TODAY
                         NORMAL    RECORD    YEAR
 MAXIMUM TEMPERATURE (F)   16        40      1922
 MINIMUM TEMPERATURE (F)   -4       -32      1924


SUNRISE AND SUNSET
DECEMBER 27 2014......SUNRISE   805 AM CST   SUNSET   424 PM CST
DECEMBER 28 2014......SUNRISE   806 AM CST   SUNSET   425 PM CST


-  INDICATES NEGATIVE NUMBERS.
R  INDICATES RECORD WAS SET OR TIED.
MM INDICATES DATA IS MISSING.
T  INDICATES TRACE AMOUNT.




$$
