000
CDUS43 KDLH 270620
CLIINL


CLIMATE REPORT
NATIONAL WEATHER SERVICE DULUTH MN
120 AM CDT FRI MAR 27 2015


...................................

...THE INTERNATIONAL FALLS MN CLIMATE SUMMARY FOR MARCH 26 2015...

CLIMATE NORMAL PERIOD 1981 TO 2010
CLIMATE RECORD PERIOD 1895 TO 2015


WEATHER ITEM   OBSERVED TIME   RECORD YEAR NORMAL DEPARTURE LAST
                VALUE   (LST)  VALUE       VALUE  FROM      YEAR
                                                  NORMAL
..................................................................
TEMPERATURE (F)
 YESTERDAY
  MAXIMUM         27    444 PM  57    1989  40    -13       28
                                      1973
                                      1968
  MINIMUM         10   1158 PM -22    1996  18     -8      -17
  AVERAGE         19                        29    -10        6

PRECIPITATION (IN)
  YESTERDAY        T             0.43 1961   0.04  -0.04     0.05
  MONTH TO DATE    0.32                      0.76  -0.44     1.23
  SINCE MAR 1      0.32                      0.76  -0.44     1.23
  SINCE JAN 1      2.34                      1.95   0.39     2.98

SNOWFALL (IN)
  YESTERDAY        T             2.8  2009   0.2   -0.2      0.1
  MONTH TO DATE    3.2                       6.5   -3.3     15.1
  SINCE MAR 1      3.2                       6.5   -3.3     15.1
  SINCE JUL 1     59.9                      63.3   -3.4     91.5
  SNOW DEPTH       1

DEGREE DAYS
 HEATING
  YESTERDAY       46                        36     10       59
  MONTH TO DATE 1009                      1106    -97     1397
  SINCE MAR 1   1009                      1106    -97     1397
  SINCE JUL 1   8763                      8689     74     9828

 COOLING
  YESTERDAY        0                         0      0        0
  MONTH TO DATE    0                         0      0        0
  SINCE MAR 1      0                         0      0        0
  SINCE JAN 1      0                         0      0        0
..................................................................


WIND (MPH)
  HIGHEST WIND SPEED    21   HIGHEST WIND DIRECTION     N (360)
  HIGHEST GUST SPEED    25   HIGHEST GUST DIRECTION     N (360)
  AVERAGE WIND SPEED    10.5


SKY COVER
  AVERAGE SKY COVER 0.3


WEATHER CONDITIONS
 THE FOLLOWING WEATHER WAS RECORDED YESTERDAY.
  LIGHT SNOW


RELATIVE HUMIDITY (PERCENT)
 HIGHEST    77           100 AM
 LOWEST     33           400 PM
 AVERAGE    55

..........................................................


THE INTERNATIONAL FALLS MN CLIMATE NORMALS FOR TODAY
                         NORMAL    RECORD    YEAR
 MAXIMUM TEMPERATURE (F)   40        60      1993
 MINIMUM TEMPERATURE (F)   18       -15      1955


SUNRISE AND SUNSET
MARCH 27 2015.........SUNRISE   702 AM CDT   SUNSET   737 PM CDT
MARCH 28 2015.........SUNRISE   700 AM CDT   SUNSET   738 PM CDT


-  INDICATES NEGATIVE NUMBERS.
R  INDICATES RECORD WAS SET OR TIED.
MM INDICATES DATA IS MISSING.
T  INDICATES TRACE AMOUNT.




$$
