000
CDUS43 KDLH 010640
CLIINL


CLIMATE REPORT
NATIONAL WEATHER SERVICE DULUTH MN
140 AM CDT TUE SEP 1 2015


...................................

...THE INTERNATIONAL FALLS MN CLIMATE SUMMARY FOR AUGUST 31 2015...

CLIMATE NORMAL PERIOD 1981 TO 2010
CLIMATE RECORD PERIOD 1895 TO 2015


WEATHER ITEM   OBSERVED TIME   RECORD YEAR NORMAL DEPARTURE LAST
                VALUE   (LST)  VALUE       VALUE  FROM      YEAR
                                                  NORMAL
..................................................................
TEMPERATURE (F)
 YESTERDAY
  MAXIMUM         82    309 PM  94    1921  72     10       70
  MINIMUM         62   1126 PM  27    1906  48     14       54
  AVERAGE         72                        60     12       62

PRECIPITATION (IN)
  YESTERDAY        0.00          1.50 1979   0.09  -0.09     0.22
  MONTH TO DATE    3.62                      2.81   0.81     0.90
  SINCE JUN 1      8.29                     10.43  -2.14    15.72
  SINCE JAN 1     16.46                     16.96  -0.50    24.54

SNOWFALL (IN)
  YESTERDAY        0.0           0.0  2002   0.0    0.0      0.0
                                      2001
  MONTH TO DATE    0.0                       0.0    0.0      0.0
  SINCE JUN 1      0.0                       0.0    0.0      0.0
  SINCE JUL 1      0.0                       0.0    0.0      0.0
  SNOW DEPTH       0

DEGREE DAYS
 HEATING
  YESTERDAY        0                         6     -6        3
  MONTH TO DATE  129                       110     19      111
  SINCE JUN 1    325                       345    -20      343
  SINCE JUL 1    176                       181     -5      214

 COOLING
  YESTERDAY        7                         1      6        0
  MONTH TO DATE   68                        58     10       16
  SINCE JUN 1    163                       172     -9       88
  SINCE JAN 1    163                       181    -18      111
..................................................................


WIND (MPH)
  HIGHEST WIND SPEED    18   HIGHEST WIND DIRECTION    SW (220)
  HIGHEST GUST SPEED    28   HIGHEST GUST DIRECTION     S (200)
  AVERAGE WIND SPEED     7.2


SKY COVER
  AVERAGE SKY COVER 0.0


WEATHER CONDITIONS
 THE FOLLOWING WEATHER WAS RECORDED YESTERDAY.
  FOG


RELATIVE HUMIDITY (PERCENT)
 HIGHEST   100          1100 PM
 LOWEST     51           100 PM
 AVERAGE    76

..........................................................


THE INTERNATIONAL FALLS MN CLIMATE NORMALS FOR TODAY
                         NORMAL    RECORD    YEAR
 MAXIMUM TEMPERATURE (F)   72        90      1913
 MINIMUM TEMPERATURE (F)   47        32      1909


SUNRISE AND SUNSET
SEPTEMBER  1 2015.....SUNRISE   631 AM CDT   SUNSET   756 PM CDT
SEPTEMBER  2 2015.....SUNRISE   632 AM CDT   SUNSET   754 PM CDT


-  INDICATES NEGATIVE NUMBERS.
R  INDICATES RECORD WAS SET OR TIED.
MM INDICATES DATA IS MISSING.
T  INDICATES TRACE AMOUNT.




$$
