000
CDUS43 KDLH 170645
CLIINL


CLIMATE REPORT
NATIONAL WEATHER SERVICE DULUTH MN
142 AM CDT WED MAY 17 2017


...................................

...THE INTERNATIONAL FALLS MN CLIMATE SUMMARY FOR MAY 16 2017...

CLIMATE NORMAL PERIOD 1981 TO 2010
CLIMATE RECORD PERIOD 1895 TO 2017


WEATHER ITEM   OBSERVED TIME   RECORD YEAR NORMAL DEPARTURE LAST
                VALUE   (LST)  VALUE       VALUE  FROM      YEAR
                                                  NORMAL
..................................................................
TEMPERATURE (F)
 YESTERDAY
  MAXIMUM         61    110 PM  87    1972  65     -4       57
  MINIMUM         44    244 AM  23    1956  39      5       27
  AVERAGE         53                        52      1       42

PRECIPITATION (IN)
  YESTERDAY        0.18          0.99 1962   0.10   0.08     0.00
  MONTH TO DATE    0.37                      1.35  -0.98     0.38
  SINCE MAR 1      2.63                      3.83  -1.20     5.20
  SINCE JAN 1      5.38                      5.02   0.36     6.57

SNOWFALL (IN)
  YESTERDAY        0.0           0.3  2009   0.0    0.0      0.0
  MONTH TO DATE    0.0                       0.2   -0.2       T
  SINCE MAR 1      7.1                      14.2   -7.1     14.2
  SINCE JUL 1     70.4                      71.0   -0.6     47.7
  SNOW DEPTH       0

DEGREE DAYS
 HEATING
  YESTERDAY       12                        13     -1       23
  MONTH TO DATE  265                       254     11      264
  SINCE MAR 1   2271                      2309    -38     2193
  SINCE JUL 1   8745                      9892  -1147     8725

 COOLING
  YESTERDAY        0                         0      0        0
  MONTH TO DATE    0                         0      0        0
  SINCE MAR 1      0                         1     -1        0
  SINCE JAN 1      0                         1     -1        0
..................................................................


WIND (MPH)
  HIGHEST WIND SPEED    13   HIGHEST WIND DIRECTION    NW (310)
  HIGHEST GUST SPEED    16   HIGHEST GUST DIRECTION    SE (140)
  AVERAGE WIND SPEED     5.4


SKY COVER
  AVERAGE SKY COVER 0.7


WEATHER CONDITIONS
 THE FOLLOWING WEATHER WAS RECORDED YESTERDAY.
  RAIN
  LIGHT RAIN
  FOG
  HAZE


RELATIVE HUMIDITY (PERCENT)
 HIGHEST    93           300 AM
 LOWEST     72          1200 PM
 AVERAGE    83

..........................................................


THE INTERNATIONAL FALLS MN CLIMATE NORMALS FOR TODAY
                         NORMAL    RECORD    YEAR
 MAXIMUM TEMPERATURE (F)   65        93      1972
 MINIMUM TEMPERATURE (F)   39         8      1926


SUNRISE AND SUNSET
MAY 17 2017...........SUNRISE   530 AM CDT   SUNSET   851 PM CDT
MAY 18 2017...........SUNRISE   529 AM CDT   SUNSET   852 PM CDT


-  INDICATES NEGATIVE NUMBERS.
R  INDICATES RECORD WAS SET OR TIED.
MM INDICATES DATA IS MISSING.
T  INDICATES TRACE AMOUNT.




$$
