000
CDUS43 KDLH 171748
CLIINL


CLIMATE REPORT
NATIONAL WEATHER SERVICE DULUTH MN
1148 AM CST MON NOV 17 2014


...................................

...THE INTERNATIONAL FALLS MN CLIMATE SUMMARY FOR NOVEMBER 16 2014...

CLIMATE NORMAL PERIOD 1981 TO 2010
CLIMATE RECORD PERIOD 1895 TO 2014


WEATHER ITEM   OBSERVED TIME   RECORD YEAR NORMAL DEPARTURE LAST
                VALUE   (LST)  VALUE       VALUE  FROM      YEAR
                                                  NORMAL
..................................................................
TEMPERATURE (F)
 YESTERDAY
  MAXIMUM         13    918 PM  59    1953  33    -20       46
  MINIMUM          3    135 AM  -8    1959  17    -14       37
  AVERAGE          8                        25    -17       42

PRECIPITATION (IN)
  YESTERDAY        0.02          0.79 1996   0.05  -0.03     0.03
  MONTH TO DATE    0.39                      0.83  -0.44     0.71
  SINCE SEP 1      4.65                      5.90  -1.25     4.79
  SINCE JAN 1     29.19                     22.86   6.33    29.90

SNOWFALL (IN)
  YESTERDAY        0.7           8.0  1988   0.5    0.2      0.0
  MONTH TO DATE    3.5                       6.1   -2.6      4.7
  SINCE SEP 1      3.6                       8.4   -4.8      6.3
  SINCE JUL 1      3.6                       8.4   -4.8      6.3
  SNOW DEPTH       2

DEGREE DAYS
 HEATING
  YESTERDAY       57                        40     17       23
  MONTH TO DATE  635                       563     72      547
  SINCE SEP 1   1653                      1659     -6     1495
  SINCE JUL 1   1867                      1840     27     1715

 COOLING
  YESTERDAY        0                         0      0        0
  MONTH TO DATE    0                         0      0        0
  SINCE SEP 1     10                        11     -1       11
  SINCE JAN 1    121                       192    -71      224
..................................................................


WIND (MPH)
  HIGHEST WIND SPEED    17   HIGHEST WIND DIRECTION     W (290)
  HIGHEST GUST SPEED    22   HIGHEST GUST DIRECTION    NW (300)
  AVERAGE WIND SPEED     9.2


SKY COVER
  AVERAGE SKY COVER 0.8


WEATHER CONDITIONS
 THE FOLLOWING WEATHER WAS RECORDED YESTERDAY.
  HEAVY SNOW
  SNOW
  LIGHT SNOW
  FOG
  HAZE


RELATIVE HUMIDITY (PERCENT)
 HIGHEST    88           400 AM
 LOWEST     70          1200 PM
 AVERAGE    79

..........................................................


THE INTERNATIONAL FALLS MN CLIMATE NORMALS FOR TODAY
                         NORMAL    RECORD    YEAR
 MAXIMUM TEMPERATURE (F)   33        68      1953
 MINIMUM TEMPERATURE (F)   17       -12      1914


SUNRISE AND SUNSET
NOVEMBER 17 2014......SUNRISE   725 AM CST   SUNSET   432 PM CST
NOVEMBER 18 2014......SUNRISE   726 AM CST   SUNSET   431 PM CST


-  INDICATES NEGATIVE NUMBERS.
R  INDICATES RECORD WAS SET OR TIED.
MM INDICATES DATA IS MISSING.
T  INDICATES TRACE AMOUNT.




$$
