000
CDUS43 KDLH 120634
CLIINL


CLIMATE REPORT
NATIONAL WEATHER SERVICE DULUTH MN
1233 AM CST SUN MAR 12 2017


...................................

...THE INTERNATIONAL FALLS MN CLIMATE SUMMARY FOR MARCH 11 2017...

CLIMATE NORMAL PERIOD 1981 TO 2010
CLIMATE RECORD PERIOD 1895 TO 2017


WEATHER ITEM   OBSERVED TIME   RECORD YEAR NORMAL DEPARTURE LAST
                VALUE   (LST)  VALUE       VALUE  FROM      YEAR
                                                  NORMAL
..................................................................
TEMPERATURE (F)
 YESTERDAY
  MAXIMUM         14    437 PM  61    2016  32    -18       61
                                      2012
  MINIMUM        -10    602 AM -30    1948  10    -20       26
  AVERAGE          2                        21    -19       44

PRECIPITATION (IN)
  YESTERDAY        0.00          0.56 1976   0.03  -0.03     0.00
  MONTH TO DATE    0.07                      0.27  -0.20     0.20
  SINCE MAR 1      0.07                      0.27  -0.20     0.20
  SINCE JAN 1      2.82                      1.46   1.36     1.57

SNOWFALL (IN)
  YESTERDAY        0.0           9.7  1976   0.2   -0.2      0.0
  MONTH TO DATE    0.3                       3.1   -2.8      1.1
  SINCE MAR 1      0.3                       3.1   -2.8      1.1
  SINCE JUL 1     63.6                      59.9    3.7     34.6
  SNOW DEPTH       7

DEGREE DAYS
 HEATING
  YESTERDAY       63                        44     19       21
  MONTH TO DATE  549                       509     40      454
  SINCE MAR 1    549                       509     40      454
  SINCE JUL 1   7023                      8092  -1069     6986

 COOLING
  YESTERDAY        0                         0      0        0
  MONTH TO DATE    0                         0      0        0
  SINCE MAR 1      0                         0      0        0
  SINCE JAN 1      0                         0      0        0
..................................................................


WIND (MPH)
  HIGHEST WIND SPEED    14   HIGHEST WIND DIRECTION     N (350)
  HIGHEST GUST SPEED    18   HIGHEST GUST DIRECTION    NW (310)
  AVERAGE WIND SPEED     6.7


SKY COVER
  AVERAGE SKY COVER 0.0


WEATHER CONDITIONS
 THE FOLLOWING WEATHER WAS RECORDED YESTERDAY.
  NO SIGNIFICANT WEATHER WAS OBSERVED.


RELATIVE HUMIDITY (PERCENT)
 HIGHEST    65           300 AM
 LOWEST     40           400 PM
 AVERAGE    53

..........................................................


THE INTERNATIONAL FALLS MN CLIMATE NORMALS FOR TODAY
                         NORMAL    RECORD    YEAR
 MAXIMUM TEMPERATURE (F)   33        60      2016
 MINIMUM TEMPERATURE (F)   11       -28      2009


SUNRISE AND SUNSET
MARCH 12 2017.........SUNRISE   732 AM CDT   SUNSET   715 PM CDT
MARCH 13 2017.........SUNRISE   730 AM CDT   SUNSET   716 PM CDT


-  INDICATES NEGATIVE NUMBERS.
R  INDICATES RECORD WAS SET OR TIED.
MM INDICATES DATA IS MISSING.
T  INDICATES TRACE AMOUNT.




$$
