000
CDUS43 KDLH 180645
CLIINL


CLIMATE REPORT
NATIONAL WEATHER SERVICE DULUTH MN
145 AM CDT SAT OCT 18 2014


...................................

...THE INTERNATIONAL FALLS MN CLIMATE SUMMARY FOR OCTOBER 17 2014...

CLIMATE NORMAL PERIOD 1981 TO 2010
CLIMATE RECORD PERIOD 1895 TO 2014


WEATHER ITEM   OBSERVED TIME   RECORD YEAR NORMAL DEPARTURE LAST
                VALUE   (LST)  VALUE       VALUE  FROM      YEAR
                                                  NORMAL
..................................................................
TEMPERATURE (F)
 YESTERDAY
  MAXIMUM         52   1011 AM  82    1961  51      1       46
  MINIMUM         37   1159 PM   7    1952  31      6       28
  AVERAGE         45                        41      4       37

PRECIPITATION (IN)
  YESTERDAY        T             1.51 1996   0.06  -0.06     0.17
  MONTH TO DATE    0.57                      1.25  -0.68     1.61
  SINCE SEP 1      3.67                      4.24  -0.57     3.62
  SINCE JAN 1     28.21                     21.20   7.01    28.73

SNOWFALL (IN)
  YESTERDAY        0.0           2.4  1990   0.0    0.0      0.0
  MONTH TO DATE    T                         0.6   -0.6      0.0
  SINCE SEP 1      T                         0.7   -0.7      0.0
  SINCE JUL 1      T                         0.7   -0.7      0.0
  SNOW DEPTH       0

DEGREE DAYS
 HEATING
  YESTERDAY       20                        24     -4       28
  MONTH TO DATE  373                       358     15      284
  SINCE SEP 1    695                       711    -16      506
  SINCE JUL 1    909                       892     17      726

 COOLING
  YESTERDAY        0                         0      0        0
  MONTH TO DATE    0                         0      0        0
  SINCE SEP 1     10                        11     -1       11
  SINCE JAN 1    121                       192    -71      224
..................................................................


WIND (MPH)
  HIGHEST WIND SPEED    21   HIGHEST WIND DIRECTION     N (360)
  HIGHEST GUST SPEED    27   HIGHEST GUST DIRECTION     N (360)
  AVERAGE WIND SPEED    12.5


SKY COVER
  AVERAGE SKY COVER 1.0


WEATHER CONDITIONS
 THE FOLLOWING WEATHER WAS RECORDED YESTERDAY.
  LIGHT RAIN


RELATIVE HUMIDITY (PERCENT)
 HIGHEST    85          1100 PM
 LOWEST     66          1000 AM
 AVERAGE    76

..........................................................


THE INTERNATIONAL FALLS MN CLIMATE NORMALS FOR TODAY
                         NORMAL    RECORD    YEAR
 MAXIMUM TEMPERATURE (F)   50        81      1910
 MINIMUM TEMPERATURE (F)   31        16      1992


SUNRISE AND SUNSET
OCTOBER 18 2014.......SUNRISE   738 AM CDT   SUNSET   618 PM CDT
OCTOBER 19 2014.......SUNRISE   740 AM CDT   SUNSET   617 PM CDT


-  INDICATES NEGATIVE NUMBERS.
R  INDICATES RECORD WAS SET OR TIED.
MM INDICATES DATA IS MISSING.
T  INDICATES TRACE AMOUNT.




$$
