000
CDUS43 KDLH 032256
CLIINL


CLIMATE REPORT
NATIONAL WEATHER SERVICE DULUTH MN
456 PM CST SUN DEC 3 2017


...................................

...THE INTERNATIONAL FALLS MN CLIMATE SUMMARY FOR DECEMBER 3 2017...
VALID TODAY AS OF 0400 PM LOCAL TIME.

CLIMATE NORMAL PERIOD 1981 TO 2010
CLIMATE RECORD PERIOD 1895 TO 2017


WEATHER ITEM   OBSERVED TIME   RECORD YEAR NORMAL DEPARTURE LAST
                VALUE   (LST)  VALUE       VALUE  FROM      YEAR
                                                  NORMAL
..................................................................
TEMPERATURE (F)
 TODAY
  MAXIMUM         40    148 PM  56    1962  24     16       27
  MINIMUM         25    825 AM -27    1985   7     18       20
  AVERAGE         33                        15     18       24

PRECIPITATION (IN)
  TODAY            0.00                      0.03  -0.03      T
  MONTH TO DATE    0.00                      0.09  -0.09     0.01
  SINCE DEC 1      0.00                      0.09  -0.09     0.01
  SINCE JAN 1     22.39                     23.50  -1.11    27.18

SNOWFALL (IN)
  TODAY            0.0                       0.5   -0.5       T
  MONTH TO DATE    0.0                       1.5   -1.5      0.1
  SINCE JUL 1     14.0                      17.5   -3.5      8.5
  SNOW DEPTH       T

DEGREE DAYS
 HEATING
  TODAY           32                        50    -18       41
  MONTH TO DATE  100                       148    -48      118
  SINCE DEC 1    100                       148    -48      118
  SINCE JUL 1   2494                      2609   -115     1924

 COOLING
  TODAY            0                         0      0        0
  MONTH TO DATE    0                         0      0        0
  SINCE DEC 1      0                         0      0        0
  SINCE JAN 1     86                       192   -106      155
..................................................................


WIND (MPH)
  HIGHEST WIND SPEED     8   HIGHEST WIND DIRECTION     W (270)
  HIGHEST GUST SPEED    12   HIGHEST GUST DIRECTION     W (270)


SKY COVER
  AVERAGE SKY COVER 0.0


WEATHER CONDITIONS
 THE FOLLOWING WEATHER WAS RECORDED TODAY.
  NO SIGNIFICANT WEATHER WAS OBSERVED.


RELATIVE HUMIDITY (PERCENT)
 HIGHEST    81           800 AM
 LOWEST     59          1200 PM
 AVERAGE    70

..........................................................


THE INTERNATIONAL FALLS MN CLIMATE NORMALS FOR TOMORROW
                         NORMAL    RECORD    YEAR
 MAXIMUM TEMPERATURE (F)   23        45      2015
                                             1913
 MINIMUM TEMPERATURE (F)    6       -28      1908


SUNRISE AND SUNSET
DECEMBER  3 2017......SUNRISE   747 AM CST   SUNSET   419 PM CST
DECEMBER  4 2017......SUNRISE   748 AM CST   SUNSET   419 PM CST


-  INDICATES NEGATIVE NUMBERS.
R  INDICATES RECORD WAS SET OR TIED.
MM INDICATES DATA IS MISSING.
T  INDICATES TRACE AMOUNT.




$$
