000
CDUS43 KDLH 220625
CLIINL


CLIMATE REPORT
NATIONAL WEATHER SERVICE DULUTH MN
1222 AM CST SAT NOV 22 2014


...................................

...THE INTERNATIONAL FALLS MN CLIMATE SUMMARY FOR NOVEMBER 21 2014...

CLIMATE NORMAL PERIOD 1981 TO 2010
CLIMATE RECORD PERIOD 1895 TO 2014


WEATHER ITEM   OBSERVED TIME   RECORD YEAR NORMAL DEPARTURE LAST
                VALUE   (LST)  VALUE       VALUE  FROM      YEAR
                                                  NORMAL
..................................................................
TEMPERATURE (F)
 YESTERDAY
  MAXIMUM         30    426 PM  60    1990  30      0       31
  MINIMUM         -2   1208 AM -17    1978  14    -16       11
  AVERAGE         14                        22     -8       21

PRECIPITATION (IN)
  YESTERDAY        0.00          0.53 1946   0.05  -0.05     0.09
  MONTH TO DATE    0.49                      1.05  -0.56     1.07
  SINCE SEP 1      4.75                      6.12  -1.37     5.15
  SINCE JAN 1     29.29                     23.08   6.21    30.26

SNOWFALL (IN)
  YESTERDAY        0.0           4.8  1994   0.5   -0.5      1.2
  MONTH TO DATE    6.5                       8.7   -2.2      6.6
  SINCE SEP 1      6.6                      11.0   -4.4      8.2
  SINCE JUL 1      6.6                      11.0   -4.4      8.2
  SNOW DEPTH       4

DEGREE DAYS
 HEATING
  YESTERDAY       51                        43      8       44
  MONTH TO DATE  911                       771    140      727
  SINCE SEP 1   1929                      1867     62     1675
  SINCE JUL 1   2143                      2048     95     1895

 COOLING
  YESTERDAY        0                         0      0        0
  MONTH TO DATE    0                         0      0        0
  SINCE SEP 1     10                        11     -1       11
  SINCE JAN 1    121                       192    -71      224
..................................................................


WIND (MPH)
  HIGHEST WIND SPEED    21   HIGHEST WIND DIRECTION    SW (210)
  HIGHEST GUST SPEED    28   HIGHEST GUST DIRECTION    SW (210)
  AVERAGE WIND SPEED     9.4


SKY COVER
  AVERAGE SKY COVER 0.3


WEATHER CONDITIONS
 THE FOLLOWING WEATHER WAS RECORDED YESTERDAY.
  NO SIGNIFICANT WEATHER WAS OBSERVED.


RELATIVE HUMIDITY (PERCENT)
 HIGHEST    87           200 AM
 LOWEST     53           200 PM
 AVERAGE    70

..........................................................


THE INTERNATIONAL FALLS MN CLIMATE NORMALS FOR TODAY
                         NORMAL    RECORD    YEAR
 MAXIMUM TEMPERATURE (F)   30        55      2006
 MINIMUM TEMPERATURE (F)   14       -14      1977


SUNRISE AND SUNSET
NOVEMBER 22 2014......SUNRISE   732 AM CST   SUNSET   427 PM CST
NOVEMBER 23 2014......SUNRISE   734 AM CST   SUNSET   426 PM CST


-  INDICATES NEGATIVE NUMBERS.
R  INDICATES RECORD WAS SET OR TIED.
MM INDICATES DATA IS MISSING.
T  INDICATES TRACE AMOUNT.




$$
