000
CDUS43 KDLH 032229
CLIINL


CLIMATE REPORT
NATIONAL WEATHER SERVICE DULUTH MN
529 PM CDT THU JUL 3 2014


...................................

...THE INTERNATIONAL FALLS MN CLIMATE SUMMARY FOR JULY 3 2014...
VALID TODAY AS OF 0500 PM LOCAL TIME.

CLIMATE NORMAL PERIOD 1981 TO 2010
CLIMATE RECORD PERIOD 1895 TO 2014


WEATHER ITEM   OBSERVED TIME   RECORD YEAR NORMAL DEPARTURE LAST
                VALUE   (LST)  VALUE       VALUE  FROM      YEAR
                                                  NORMAL
..................................................................
TEMPERATURE (F)
 TODAY
  MAXIMUM         75    213 PM  90    1990  77     -2       85
  MINIMUM         45    448 AM  37    1915  52     -7       50
  AVERAGE         60                        64     -4       68

PRECIPITATION (IN)
  TODAY            0.00                      0.15  -0.15     0.02
  MONTH TO DATE    0.02                      0.45  -0.43     0.02
  SINCE JUN 1     10.26                      4.37   5.89     1.62
  SINCE JAN 1     19.08                     10.90   8.18    14.00

SNOWFALL (IN)
  TODAY            0.0                       0.0    0.0      0.0
  MONTH TO DATE    0.0                       0.0    0.0      0.0
  SINCE JUL 1      0.0                       0.0    0.0      0.0
  SNOW DEPTH       0

DEGREE DAYS
 HEATING
  TODAY            5                         3      2        0
  MONTH TO DATE   21                         9     12        0
  SINCE JUN 1    150                       173    -23      169
  SINCE JUL 1     21                         9     12        0

 COOLING
  TODAY            0                         2     -2        3
  MONTH TO DATE    0                         6     -6        5
  SINCE JUN 1     29                        44    -15       39
  SINCE JAN 1     52                        53     -1       42
..................................................................


WIND (MPH)
  HIGHEST WIND SPEED     9   HIGHEST WIND DIRECTION     W (260)
  HIGHEST GUST SPEED    13   HIGHEST GUST DIRECTION     W (280)


SKY COVER
  AVERAGE SKY COVER 0.5


WEATHER CONDITIONS
 THE FOLLOWING WEATHER WAS RECORDED TODAY.
  NO SIGNIFICANT WEATHER WAS OBSERVED.


RELATIVE HUMIDITY (PERCENT)
 HIGHEST   100           500 AM
 LOWEST     33           100 PM
 AVERAGE    67

..........................................................


THE INTERNATIONAL FALLS MN CLIMATE NORMALS FOR TOMORROW
                         NORMAL    RECORD    YEAR
 MAXIMUM TEMPERATURE (F)   77        90      1948
 MINIMUM TEMPERATURE (F)   52        36      1967


SUNRISE AND SUNSET
JULY  3 2014..........SUNRISE   517 AM CDT   SUNSET   918 PM CDT
JULY  4 2014..........SUNRISE   518 AM CDT   SUNSET   918 PM CDT


-  INDICATES NEGATIVE NUMBERS.
R  INDICATES RECORD WAS SET OR TIED.
MM INDICATES DATA IS MISSING.
T  INDICATES TRACE AMOUNT.




$$
