000
CDUS43 KDLH 120715
CLIINL


CLIMATE REPORT
NATIONAL WEATHER SERVICE DULUTH MN
215 AM CDT TUE JUL 12 2016


...................................

...THE INTERNATIONAL FALLS MN CLIMATE SUMMARY FOR JULY 11 2016...

CLIMATE NORMAL PERIOD 1981 TO 2010
CLIMATE RECORD PERIOD 1895 TO 2016


WEATHER ITEM   OBSERVED TIME   RECORD YEAR NORMAL DEPARTURE LAST
                VALUE   (LST)  VALUE       VALUE  FROM      YEAR
                                                  NORMAL
..................................................................
TEMPERATURE (F)
 YESTERDAY
  MAXIMUM         79    148 PM  94    1921  78      1       84
  MINIMUM         62    132 AM  32    1911  53      9       51
  AVERAGE         71                        65      6       68

PRECIPITATION (IN)
  YESTERDAY        0.21          2.04 2008   0.12   0.09     0.00
  MONTH TO DATE    1.14                      1.55  -0.41     0.10
  SINCE JUN 1      8.06                      5.47   2.59     3.30
  SINCE JAN 1     15.86                     12.00   3.86    11.47

SNOWFALL (IN)
  YESTERDAY        0.0           0.0  2002   0.0    0.0      0.0
                                      2001
  MONTH TO DATE    0.0                       0.0    0.0      0.0
  SINCE JUN 1      0.0                       0.0    0.0      0.0
  SINCE JUL 1      0.0                       0.0    0.0      0.0
  SNOW DEPTH       0

DEGREE DAYS
 HEATING
  YESTERDAY        0                         2     -2        0
  MONTH TO DATE   23                        29     -6       38
  SINCE JUN 1    190                       193     -3      187
  SINCE JUL 1     23                        29     -6       38

 COOLING
  YESTERDAY        6                         3      3        3
  MONTH TO DATE   19                        24     -5       11
  SINCE JUN 1     38                        62    -24       15
  SINCE JAN 1     40                        71    -31       15
..................................................................


WIND (MPH)
  HIGHEST WIND SPEED    23   HIGHEST WIND DIRECTION    SE (140)
  HIGHEST GUST SPEED    29   HIGHEST GUST DIRECTION    SE (140)
  AVERAGE WIND SPEED     7.3


SKY COVER
  AVERAGE SKY COVER 0.5


WEATHER CONDITIONS
 THE FOLLOWING WEATHER WAS RECORDED YESTERDAY.
  RAIN
  LIGHT RAIN
  FOG


RELATIVE HUMIDITY (PERCENT)
 HIGHEST    93           100 AM
 LOWEST     64           200 PM
 AVERAGE    79

..........................................................


THE INTERNATIONAL FALLS MN CLIMATE NORMALS FOR TODAY
                         NORMAL    RECORD    YEAR
 MAXIMUM TEMPERATURE (F)   78        96      1921
 MINIMUM TEMPERATURE (F)   53        35      2009


SUNRISE AND SUNSET
JULY 12 2016..........SUNRISE   525 AM CDT   SUNSET   913 PM CDT
JULY 13 2016..........SUNRISE   526 AM CDT   SUNSET   912 PM CDT


-  INDICATES NEGATIVE NUMBERS.
R  INDICATES RECORD WAS SET OR TIED.
MM INDICATES DATA IS MISSING.
T  INDICATES TRACE AMOUNT.




$$
