000
CDUS43 KDLH 240635
CLIINL


CLIMATE REPORT
NATIONAL WEATHER SERVICE DULUTH MN
134 AM CDT FRI JUL 24 2015


...................................

...THE INTERNATIONAL FALLS MN CLIMATE SUMMARY FOR JULY 23 2015...

CLIMATE NORMAL PERIOD 1981 TO 2010
CLIMATE RECORD PERIOD 1895 TO 2015


WEATHER ITEM   OBSERVED TIME   RECORD YEAR NORMAL DEPARTURE LAST
                VALUE   (LST)  VALUE       VALUE  FROM      YEAR
                                                  NORMAL
..................................................................
TEMPERATURE (F)
 YESTERDAY
  MAXIMUM         87    311 PM  92    1958  78      9       72
                                      1923
  MINIMUM         60   1215 AM  36    1913  53      7       49
  AVERAGE         74                        66      8       61

PRECIPITATION (IN)
  YESTERDAY        0.00          0.87 1910   0.11  -0.11     0.00
  MONTH TO DATE    1.30                      2.90  -1.60     4.29
  SINCE JUN 1      4.50                      6.82  -2.32    14.53
  SINCE JAN 1     12.67                     13.35  -0.68    23.35

SNOWFALL (IN)
  YESTERDAY        0.0           0.0  2002   0.0    0.0      0.0
                                      2001
  MONTH TO DATE    0.0                       0.0    0.0      0.0
  SINCE JUN 1      0.0                       0.0    0.0      0.0
  SINCE JUL 1      0.0                       0.0    0.0      0.0
  SNOW DEPTH       0

DEGREE DAYS
 HEATING
  YESTERDAY        0                         2     -2        4
  MONTH TO DATE   47                        53     -6       87
  SINCE JUN 1    196                       217    -21      216
  SINCE JUL 1     47                        53     -6       87

 COOLING
  YESTERDAY        9                         2      7        0
  MONTH TO DATE   58                        57      1       39
  SINCE JUN 1     62                        95    -33       68
  SINCE JAN 1     62                       104    -42       91
..................................................................


WIND (MPH)
  HIGHEST WIND SPEED    15   HIGHEST WIND DIRECTION    SW (230)
  HIGHEST GUST SPEED    22   HIGHEST GUST DIRECTION    SW (220)
  AVERAGE WIND SPEED     4.3


SKY COVER
  AVERAGE SKY COVER 0.1


WEATHER CONDITIONS
 THE FOLLOWING WEATHER WAS RECORDED YESTERDAY.
  NO SIGNIFICANT WEATHER WAS OBSERVED.


RELATIVE HUMIDITY (PERCENT)
 HIGHEST    93           100 AM
 LOWEST     45           200 PM
 AVERAGE    69

..........................................................


THE INTERNATIONAL FALLS MN CLIMATE NORMALS FOR TODAY
                         NORMAL    RECORD    YEAR
 MAXIMUM TEMPERATURE (F)   78        97      1918
 MINIMUM TEMPERATURE (F)   53        36      2004


SUNRISE AND SUNSET
JULY 24 2015..........SUNRISE   537 AM CDT   SUNSET   902 PM CDT
JULY 25 2015..........SUNRISE   539 AM CDT   SUNSET   901 PM CDT


-  INDICATES NEGATIVE NUMBERS.
R  INDICATES RECORD WAS SET OR TIED.
MM INDICATES DATA IS MISSING.
T  INDICATES TRACE AMOUNT.




$$
