000
CDUS43 KDLH 132228
CLIINL


CLIMATE REPORT
NATIONAL WEATHER SERVICE DULUTH MN
425 PM CST MON FEB 13 2017


...................................

...THE INTERNATIONAL FALLS MN CLIMATE SUMMARY FOR FEBRUARY 13 2017...
VALID TODAY AS OF 0400 PM LOCAL TIME.

CLIMATE NORMAL PERIOD 1981 TO 2010
CLIMATE RECORD PERIOD 1895 TO 2017


WEATHER ITEM   OBSERVED TIME   RECORD YEAR NORMAL DEPARTURE LAST
                VALUE   (LST)  VALUE       VALUE  FROM      YEAR
                                                  NORMAL
..................................................................
TEMPERATURE (F)
 TODAY
  MAXIMUM         42    118 PM  46    2011  21     21        7
  MINIMUM         13    154 AM -39    1909  -2     15      -29
  AVERAGE         28                        10     18      -11

PRECIPITATION (IN)
  TODAY            0.00                      0.02  -0.02     0.00
  MONTH TO DATE    0.77                      0.23   0.54     0.18
  SINCE DEC 1      4.23                      1.66   2.57     1.84
  SINCE JAN 1      2.04                      0.85   1.19     0.77

SNOWFALL (IN)
  TODAY            0.0                       0.4   -0.4      0.0
  MONTH TO DATE   11.4                       5.0    6.4      1.7
  SINCE JUL 1     62.2                      51.0   11.2     23.8
  SNOW DEPTH      18

DEGREE DAYS
 HEATING
  TODAY           37                        55    -18       76
  MONTH TO DATE  735                       746    -11      766
  SINCE DEC 1   4073                      4338   -265     3775
  SINCE JUL 1   5879                      6799   -920     5781

 COOLING
  TODAY            0                         0      0        0
  MONTH TO DATE    0                         0      0        0
  SINCE DEC 1      0                         0      0        0
  SINCE JAN 1      0                         0      0        0
..................................................................


WIND (MPH)
  HIGHEST WIND SPEED    16   HIGHEST WIND DIRECTION     W (270)
  HIGHEST GUST SPEED    22   HIGHEST GUST DIRECTION     W (250)


SKY COVER
  AVERAGE SKY COVER 0.1


WEATHER CONDITIONS
 THE FOLLOWING WEATHER WAS RECORDED TODAY.
  NO SIGNIFICANT WEATHER WAS OBSERVED.


RELATIVE HUMIDITY (PERCENT)
 HIGHEST    92           600 AM
 LOWEST     48           300 PM
 AVERAGE    70

..........................................................


THE INTERNATIONAL FALLS MN CLIMATE NORMALS FOR TOMORROW
                         NORMAL    RECORD    YEAR
 MAXIMUM TEMPERATURE (F)   22        43      1999
 MINIMUM TEMPERATURE (F)   -2       -44      1909


SUNRISE AND SUNSET
FEBRUARY 13 2017......SUNRISE   724 AM CST   SUNSET   532 PM CST
FEBRUARY 14 2017......SUNRISE   722 AM CST   SUNSET   534 PM CST


-  INDICATES NEGATIVE NUMBERS.
R  INDICATES RECORD WAS SET OR TIED.
MM INDICATES DATA IS MISSING.
T  INDICATES TRACE AMOUNT.




$$
