000
CDUS43 KDLH 072225
CLIINL


CLIMATE REPORT
NATIONAL WEATHER SERVICE DULUTH MN
524 PM CDT MON AUG 7 2017


...................................

...THE INTERNATIONAL FALLS MN CLIMATE SUMMARY FOR AUGUST 7 2017...
VALID TODAY AS OF 0500 PM LOCAL TIME.

CLIMATE NORMAL PERIOD 1981 TO 2010
CLIMATE RECORD PERIOD 1895 TO 2017


WEATHER ITEM   OBSERVED TIME   RECORD YEAR NORMAL DEPARTURE LAST
                VALUE   (LST)  VALUE       VALUE  FROM      YEAR
                                                  NORMAL
..................................................................
TEMPERATURE (F)
 TODAY
  MAXIMUM         79    313 PM  94    1983  78      1       78
  MINIMUM         43    533 AM  40    2013  52     -9       44
                                      1926
  AVERAGE         61                        65     -4       61

PRECIPITATION (IN)
  TODAY            0.00                      0.09  -0.09     0.00
  MONTH TO DATE    0.74                      0.62   0.12     1.88
  SINCE JUN 1      6.78                      8.24  -1.46    11.23
  SINCE JAN 1     13.40                     14.77  -1.37    19.03

SNOWFALL (IN)
  TODAY            0.0                       0.0    0.0      0.0
  MONTH TO DATE    0.0                       0.0    0.0      0.0
  SINCE JUL 1      0.0                       0.0    0.0      0.0
  SNOW DEPTH       0

DEGREE DAYS
 HEATING
  TODAY            4                         3      1        4
  MONTH TO DATE   33                        15     18        8
  SINCE JUN 1    224                       249    -25      218
  SINCE JUL 1    100                        85     15       51

 COOLING
  TODAY            0                         2     -2        0
  MONTH TO DATE    7                        14     -7       19
  SINCE JUN 1     73                       128    -55      119
  SINCE JAN 1     73                       137    -64      121
..................................................................


WIND (MPH)
  HIGHEST WIND SPEED    15   HIGHEST WIND DIRECTION     W (290)
  HIGHEST GUST SPEED    21   HIGHEST GUST DIRECTION    NW (300)


SKY COVER
  AVERAGE SKY COVER 0.0


WEATHER CONDITIONS
 THE FOLLOWING WEATHER WAS RECORDED TODAY.
  FOG


RELATIVE HUMIDITY (PERCENT)
 HIGHEST    96           500 AM
 LOWEST     32           400 PM
 AVERAGE    64

..........................................................


THE INTERNATIONAL FALLS MN CLIMATE NORMALS FOR TOMORROW
                         NORMAL    RECORD    YEAR
 MAXIMUM TEMPERATURE (F)   78        94      1949
 MINIMUM TEMPERATURE (F)   52        37      2013


SUNRISE AND SUNSET
AUGUST  7 2017........SUNRISE   556 AM CDT   SUNSET   841 PM CDT
AUGUST  8 2017........SUNRISE   558 AM CDT   SUNSET   840 PM CDT


-  INDICATES NEGATIVE NUMBERS.
R  INDICATES RECORD WAS SET OR TIED.
MM INDICATES DATA IS MISSING.
T  INDICATES TRACE AMOUNT.




$$
