000
CDUS43 KDLH 150619
CLIINL


CLIMATE REPORT
NATIONAL WEATHER SERVICE DULUTH MN
1219 AM CST MON DEC 15 2014


...................................

...THE INTERNATIONAL FALLS MN CLIMATE SUMMARY FOR DECEMBER 14 2014...

CLIMATE NORMAL PERIOD 1981 TO 2010
CLIMATE RECORD PERIOD 1895 TO 2014


WEATHER ITEM   OBSERVED TIME   RECORD YEAR NORMAL DEPARTURE LAST
                VALUE   (LST)  VALUE       VALUE  FROM      YEAR
                                                  NORMAL
..................................................................
TEMPERATURE (F)
 YESTERDAY
  MAXIMUM         38   1138 PM  47    1998  19     19        2
  MINIMUM         35    335 AM -28    1917   1     34      -17
  AVERAGE         37                        10     27       -7

PRECIPITATION (IN)
  YESTERDAY        0.17          0.38 2008   0.02   0.15     0.06
  MONTH TO DATE    0.37                      0.38  -0.01     1.06
  SINCE DEC 1      0.37                      0.38  -0.01     1.06
  SINCE JAN 1     29.74                     23.79   5.95    31.46

SNOWFALL (IN)
  YESTERDAY        0.0          13.7  2008   0.4   -0.4      0.9
  MONTH TO DATE    2.5                       6.7   -4.2     18.9
  SINCE DEC 1      2.5                       6.7   -4.2     18.9
  SINCE JUL 1     11.8                      22.7  -10.9     29.8
  SNOW DEPTH       3

DEGREE DAYS
 HEATING
  YESTERDAY       28                        55    -27       72
  MONTH TO DATE  647                       728    -81      940
  SINCE DEC 1    647                       728    -81      940
  SINCE JUL 1   3258                      3189     69     3298

 COOLING
  YESTERDAY        0                         0      0        0
  MONTH TO DATE    0                         0      0        0
  SINCE DEC 1      0                         0      0        0
  SINCE JAN 1    121                       192    -71      224
..................................................................


WIND (MPH)
  HIGHEST WIND SPEED    10   HIGHEST WIND DIRECTION     E (80)
  HIGHEST GUST SPEED    12   HIGHEST GUST DIRECTION     E (90)
  AVERAGE WIND SPEED     3.1


SKY COVER
  AVERAGE SKY COVER 1.0


WEATHER CONDITIONS
 THE FOLLOWING WEATHER WAS RECORDED YESTERDAY.
  RAIN
  LIGHT RAIN
  FOG
  FOG W/VISIBILITY <= 1/4 MILE


RELATIVE HUMIDITY (PERCENT)
 HIGHEST   100          1200 AM
 LOWEST     92           900 AM
 AVERAGE    96

..........................................................


THE INTERNATIONAL FALLS MN CLIMATE NORMALS FOR TODAY
                         NORMAL    RECORD    YEAR
 MAXIMUM TEMPERATURE (F)   19        44      1997
 MINIMUM TEMPERATURE (F)    0       -32      2013


SUNRISE AND SUNSET
DECEMBER 15 2014......SUNRISE   759 AM CST   SUNSET   418 PM CST
DECEMBER 16 2014......SUNRISE   800 AM CST   SUNSET   419 PM CST


-  INDICATES NEGATIVE NUMBERS.
R  INDICATES RECORD WAS SET OR TIED.
MM INDICATES DATA IS MISSING.
T  INDICATES TRACE AMOUNT.




$$
