000
CDUS43 KDLH 200621
CLIINL


CLIMATE REPORT
NATIONAL WEATHER SERVICE DULUTH MN
120 AM CDT THU APR 20 2017


...................................

...THE INTERNATIONAL FALLS MN CLIMATE SUMMARY FOR APRIL 19 2017...

CLIMATE NORMAL PERIOD 1981 TO 2010
CLIMATE RECORD PERIOD 1895 TO 2017


WEATHER ITEM   OBSERVED TIME   RECORD YEAR NORMAL DEPARTURE LAST
                VALUE   (LST)  VALUE       VALUE  FROM      YEAR
                                                  NORMAL
..................................................................
TEMPERATURE (F)
 YESTERDAY
  MAXIMUM         52    411 PM  83    1987  54     -2       67
  MINIMUM         24    537 AM  15    1947  29     -5       29
  AVERAGE         38                        41     -3       48

PRECIPITATION (IN)
  YESTERDAY        0.00          1.40 1957   0.05  -0.05     0.00
  MONTH TO DATE    0.51                      0.87  -0.36     1.04
  SINCE MAR 1      1.19                      1.82  -0.63     3.75
  SINCE JAN 1      3.94                      3.01   0.93     5.12

SNOWFALL (IN)
  YESTERDAY        0.0           5.0  1966   0.2   -0.2      0.0
  MONTH TO DATE    0.0                       4.9   -4.9      4.9
  SINCE MAR 1      4.5                      12.5   -8.0     14.2
  SINCE JUL 1     67.8                      69.3   -1.5     47.7
  SNOW DEPTH       0

DEGREE DAYS
 HEATING
  YESTERDAY       27                        24      3       17
  MONTH TO DATE  438                       539   -101      577
  SINCE MAR 1   1695                      1822   -127     1680
  SINCE JUL 1   8169                      9405  -1236     8212

 COOLING
  YESTERDAY        0                         0      0        0
  MONTH TO DATE    0                         0      0        0
  SINCE MAR 1      0                         0      0        0
  SINCE JAN 1      0                         0      0        0
..................................................................


WIND (MPH)
  HIGHEST WIND SPEED    15   HIGHEST WIND DIRECTION     E (110)
  HIGHEST GUST SPEED    21   HIGHEST GUST DIRECTION     E (100)
  AVERAGE WIND SPEED     5.1


SKY COVER
  AVERAGE SKY COVER 0.0


WEATHER CONDITIONS
 THE FOLLOWING WEATHER WAS RECORDED YESTERDAY.
  FOG
  FOG W/VISIBILITY <= 1/4 MILE


RELATIVE HUMIDITY (PERCENT)
 HIGHEST   100           200 AM
 LOWEST     44           100 PM
 AVERAGE    72

..........................................................


THE INTERNATIONAL FALLS MN CLIMATE NORMALS FOR TODAY
                         NORMAL    RECORD    YEAR
 MAXIMUM TEMPERATURE (F)   54        85      1923
 MINIMUM TEMPERATURE (F)   29         4      2013


SUNRISE AND SUNSET
APRIL 20 2017.........SUNRISE   613 AM CDT   SUNSET   813 PM CDT
APRIL 21 2017.........SUNRISE   611 AM CDT   SUNSET   814 PM CDT


-  INDICATES NEGATIVE NUMBERS.
R  INDICATES RECORD WAS SET OR TIED.
MM INDICATES DATA IS MISSING.
T  INDICATES TRACE AMOUNT.




$$
