000
CDUS43 KDLH 050622
CLIINL


CLIMATE REPORT
NATIONAL WEATHER SERVICE DULUTH MN
121 AM CDT SAT JUL 5 2014


...................................

...THE INTERNATIONAL FALLS MN CLIMATE SUMMARY FOR JULY 4 2014...

CLIMATE NORMAL PERIOD 1981 TO 2010
CLIMATE RECORD PERIOD 1895 TO 2014


WEATHER ITEM   OBSERVED TIME   RECORD YEAR NORMAL DEPARTURE LAST
                VALUE   (LST)  VALUE       VALUE  FROM      YEAR
                                                  NORMAL
..................................................................
TEMPERATURE (F)
 YESTERDAY
  MAXIMUM         77    203 PM  90    1948  77      0       84
  MINIMUM         42    421 AM  36    1967  52    -10       59
  AVERAGE         60                        65     -5       72

PRECIPITATION (IN)
  YESTERDAY        0.41          2.19 1993   0.14   0.27     0.00
  MONTH TO DATE    0.43                      0.59  -0.16     0.02
  SINCE JUN 1     10.67                      4.51   6.16     1.62
  SINCE JAN 1     19.49                     11.04   8.45    14.00

SNOWFALL (IN)
  YESTERDAY        0.0                       0.0    0.0      0.0
  MONTH TO DATE    0.0                       0.0    0.0      0.0
  SINCE JUN 1      0.0                       0.0    0.0      0.0
  SINCE JUL 1      0.0                       0.0    0.0      0.0
  SNOW DEPTH       0

DEGREE DAYS
 HEATING
  YESTERDAY        5                         3      2        0
  MONTH TO DATE   26                        12     14        0
  SINCE JUN 1    155                       176    -21      169
  SINCE JUL 1     26                        12     14        0

 COOLING
  YESTERDAY        0                         2     -2        7
  MONTH TO DATE    0                         8     -8       12
  SINCE JUN 1     29                        46    -17       46
  SINCE JAN 1     52                        55     -3       49
..................................................................


WIND (MPH)
  HIGHEST WIND SPEED    18   HIGHEST WIND DIRECTION    SW (210)
  HIGHEST GUST SPEED    25   HIGHEST GUST DIRECTION    SW (210)
  AVERAGE WIND SPEED     5.1


SKY COVER
  AVERAGE SKY COVER 0.4


WEATHER CONDITIONS
 THE FOLLOWING WEATHER WAS RECORDED YESTERDAY.
  HEAVY RAIN
  RAIN
  LIGHT RAIN
  FOG


RELATIVE HUMIDITY (PERCENT)
 HIGHEST   100           200 AM
 LOWEST     41           100 PM
 AVERAGE    71

..........................................................


THE INTERNATIONAL FALLS MN CLIMATE NORMALS FOR TODAY
                         NORMAL    RECORD    YEAR
 MAXIMUM TEMPERATURE (F)   77        96      1988
 MINIMUM TEMPERATURE (F)   52        34      2001


SUNRISE AND SUNSET
JULY  5 2014..........SUNRISE   518 AM CDT   SUNSET   918 PM CDT
JULY  6 2014..........SUNRISE   519 AM CDT   SUNSET   917 PM CDT


-  INDICATES NEGATIVE NUMBERS.
R  INDICATES RECORD WAS SET OR TIED.
MM INDICATES DATA IS MISSING.
T  INDICATES TRACE AMOUNT.




$$
