691
CDUS43 KDLH 180631
CLIINL


CLIMATE REPORT
NATIONAL WEATHER SERVICE DULUTH MN
130 AM CDT SAT MAR 18 2017


...................................

...THE INTERNATIONAL FALLS MN CLIMATE SUMMARY FOR MARCH 17 2017...

CLIMATE NORMAL PERIOD 1981 TO 2010
CLIMATE RECORD PERIOD 1895 TO 2017


WEATHER ITEM   OBSERVED TIME   RECORD YEAR NORMAL DEPARTURE LAST
                VALUE   (LST)  VALUE       VALUE  FROM      YEAR
                                                  NORMAL
..................................................................
TEMPERATURE (F)
 YESTERDAY
  MAXIMUM         34    405 PM  77    2012  35     -1       29
  MINIMUM         26   1159 PM -33    1897  13     13       23
  AVERAGE         30                        24      6       26

PRECIPITATION (IN)
  YESTERDAY        0.28          0.50 1912   0.03   0.25     0.05
                                      1897
  MONTH TO DATE    0.44                      0.43   0.01     2.45
  SINCE MAR 1      0.44                      0.43   0.01     2.45
  SINCE JAN 1      3.19                      1.62   1.57     3.82

SNOWFALL (IN)
  YESTERDAY        2.8           2.9  1994   0.2    2.6      0.8
  MONTH TO DATE    4.1                       4.4   -0.3      8.7
  SINCE MAR 1      4.1                       4.4   -0.3      8.7
  SINCE JUL 1     67.4                      61.2    6.2     42.2
  SNOW DEPTH      10

DEGREE DAYS
 HEATING
  YESTERDAY       35                        41     -6       39
  MONTH TO DATE  832                       762     70      611
  SINCE MAR 1    832                       762     70      611
  SINCE JUL 1   7306                      8345  -1039     7143

 COOLING
  YESTERDAY        0                         0      0        0
  MONTH TO DATE    0                         0      0        0
  SINCE MAR 1      0                         0      0        0
  SINCE JAN 1      0                         0      0        0
..................................................................


WIND (MPH)
  HIGHEST WIND SPEED    23   HIGHEST WIND DIRECTION    NW (310)
  HIGHEST GUST SPEED    31   HIGHEST GUST DIRECTION    NW (310)
  AVERAGE WIND SPEED    10.6


SKY COVER
  AVERAGE SKY COVER 1.0


WEATHER CONDITIONS
 THE FOLLOWING WEATHER WAS RECORDED YESTERDAY.
  LIGHT SNOW
  FOG


RELATIVE HUMIDITY (PERCENT)
 HIGHEST   100          1100 AM
 LOWEST     84          1100 PM
 AVERAGE    92

..........................................................


THE INTERNATIONAL FALLS MN CLIMATE NORMALS FOR TODAY
                         NORMAL    RECORD    YEAR
 MAXIMUM TEMPERATURE (F)   36        79      2012
 MINIMUM TEMPERATURE (F)   14       -32      1897


SUNRISE AND SUNSET
MARCH 18 2017.........SUNRISE   720 AM CDT   SUNSET   724 PM CDT
MARCH 19 2017.........SUNRISE   718 AM CDT   SUNSET   725 PM CDT


-  INDICATES NEGATIVE NUMBERS.
R  INDICATES RECORD WAS SET OR TIED.
MM INDICATES DATA IS MISSING.
T  INDICATES TRACE AMOUNT.




$$
