000
CDUS43 KDLH 200629
CLIINL


CLIMATE REPORT
NATIONAL WEATHER SERVICE DULUTH MN
128 AM CDT FRI MAR 20 2015


...................................

...THE INTERNATIONAL FALLS MN CLIMATE SUMMARY FOR MARCH 19 2015...

CLIMATE NORMAL PERIOD 1981 TO 2010
CLIMATE RECORD PERIOD 1895 TO 2015


WEATHER ITEM   OBSERVED TIME   RECORD YEAR NORMAL DEPARTURE LAST
                VALUE   (LST)  VALUE       VALUE  FROM      YEAR
                                                  NORMAL
..................................................................
TEMPERATURE (F)
 YESTERDAY
  MAXIMUM         42    420 PM  78    2012  36      6       30
  MINIMUM         19    102 AM -22    1923  14      5       24
  AVERAGE         31                        25      6       27

PRECIPITATION (IN)
  YESTERDAY        0.02          0.30 1913   0.03  -0.01      T
                                      1897
  MONTH TO DATE    0.11                      0.50  -0.39     0.32
  SINCE MAR 1      0.11                      0.50  -0.39     0.32
  SINCE JAN 1      2.13                      1.69   0.44     2.07

SNOWFALL (IN)
  YESTERDAY        0.4           2.3  1952   0.2    0.2      0.1
  MONTH TO DATE    2.2                       4.9   -2.7      4.6
  SINCE MAR 1      2.2                       4.9   -2.7      4.6
  SINCE JUL 1     58.9                      61.7   -2.8     81.0
  SNOW DEPTH       T

DEGREE DAYS
 HEATING
  YESTERDAY       34                        40     -6       38
  MONTH TO DATE  742                       842   -100      993
  SINCE MAR 1    742                       842   -100      993
  SINCE JUL 1   8496                      8425     71     9424

 COOLING
  YESTERDAY        0                         0      0        0
  MONTH TO DATE    0                         0      0        0
  SINCE MAR 1      0                         0      0        0
  SINCE JAN 1      0                         0      0        0
..................................................................


WIND (MPH)
  HIGHEST WIND SPEED    12   HIGHEST WIND DIRECTION     S (200)
  HIGHEST GUST SPEED    16   HIGHEST GUST DIRECTION    SW (210)
  AVERAGE WIND SPEED     4.5


SKY COVER
  AVERAGE SKY COVER 0.6


WEATHER CONDITIONS
 THE FOLLOWING WEATHER WAS RECORDED YESTERDAY.
  LIGHT RAIN
  LIGHT SNOW
  FOG


RELATIVE HUMIDITY (PERCENT)
 HIGHEST    92           700 AM
 LOWEST     57           300 PM
 AVERAGE    75

..........................................................


THE INTERNATIONAL FALLS MN CLIMATE NORMALS FOR TODAY
                         NORMAL    RECORD    YEAR
 MAXIMUM TEMPERATURE (F)   37        61      2012
                                             1987
 MINIMUM TEMPERATURE (F)   15       -28      1965


SUNRISE AND SUNSET
MARCH 20 2015.........SUNRISE   717 AM CDT   SUNSET   726 PM CDT
MARCH 21 2015.........SUNRISE   715 AM CDT   SUNSET   728 PM CDT


-  INDICATES NEGATIVE NUMBERS.
R  INDICATES RECORD WAS SET OR TIED.
MM INDICATES DATA IS MISSING.
T  INDICATES TRACE AMOUNT.




$$
