000
CDUS43 KDLH 190645
CLIINL


CLIMATE REPORT
NATIONAL WEATHER SERVICE DULUTH MN
144 AM CDT TUE APR 19 2016


...................................

...THE INTERNATIONAL FALLS MN CLIMATE SUMMARY FOR APRIL 18 2016...

CLIMATE NORMAL PERIOD 1981 TO 2010
CLIMATE RECORD PERIOD 1895 TO 2016


WEATHER ITEM   OBSERVED TIME   RECORD YEAR NORMAL DEPARTURE LAST
                VALUE   (LST)  VALUE       VALUE  FROM      YEAR
                                                  NORMAL
..................................................................
TEMPERATURE (F)
 YESTERDAY
  MAXIMUM         50    514 PM  88    1987  53     -3       63
  MINIMUM         35    848 AM  15    2014  28      7       25
                                      1963
  AVERAGE         43                        41      2       44

PRECIPITATION (IN)
  YESTERDAY        0.16          1.50 2005   0.05   0.11     0.00
  MONTH TO DATE    1.04                      0.82   0.22     0.26
  SINCE MAR 1      3.75                      1.77   1.98     0.90
  SINCE JAN 1      5.12                      2.96   2.16     2.92

SNOWFALL (IN)
  YESTERDAY        0.0           0.9  2013   0.2   -0.2      0.0
  MONTH TO DATE    4.9                       4.7    0.2      2.0
  SINCE MAR 1     14.2                      12.3    1.9      5.5
  SINCE JUL 1     47.7                      69.1  -21.4     62.2
  SNOW DEPTH       0

DEGREE DAYS
 HEATING
  YESTERDAY       22                        24     -2       21
  MONTH TO DATE  560                       515     45      446
  SINCE MAR 1   1663                      1798   -135     1615
  SINCE JUL 1   8195                      9381  -1186     9369

 COOLING
  YESTERDAY        0                         0      0        0
  MONTH TO DATE    0                         0      0        0
  SINCE MAR 1      0                         0      0        0
  SINCE JAN 1      0                         0      0        0
..................................................................


WIND (MPH)
  HIGHEST WIND SPEED    15   HIGHEST WIND DIRECTION    NE (60)
  HIGHEST GUST SPEED    20   HIGHEST GUST DIRECTION     E (80)
  AVERAGE WIND SPEED     7.9


SKY COVER
  AVERAGE SKY COVER 0.7


WEATHER CONDITIONS
 THE FOLLOWING WEATHER WAS RECORDED YESTERDAY.
  RAIN
  LIGHT RAIN
  FOG


RELATIVE HUMIDITY (PERCENT)
 HIGHEST    92          1200 AM
 LOWEST     66           500 PM
 AVERAGE    79

..........................................................


THE INTERNATIONAL FALLS MN CLIMATE NORMALS FOR TODAY
                         NORMAL    RECORD    YEAR
 MAXIMUM TEMPERATURE (F)   54        83      1987
 MINIMUM TEMPERATURE (F)   29        15      1947


SUNRISE AND SUNSET
APRIL 19 2016.........SUNRISE   614 AM CDT   SUNSET   812 PM CDT
APRIL 20 2016.........SUNRISE   613 AM CDT   SUNSET   813 PM CDT


-  INDICATES NEGATIVE NUMBERS.
R  INDICATES RECORD WAS SET OR TIED.
MM INDICATES DATA IS MISSING.
T  INDICATES TRACE AMOUNT.




$$
