000
CDUS43 KDLH 242238
CLIINL


CLIMATE REPORT
NATIONAL WEATHER SERVICE DULUTH MN
433 PM CST THU NOV 24 2016


...................................

...THE INTERNATIONAL FALLS MN CLIMATE SUMMARY FOR NOVEMBER 24 2016...
VALID TODAY AS OF 0400 PM LOCAL TIME.

CLIMATE NORMAL PERIOD 1981 TO 2010
CLIMATE RECORD PERIOD 1895 TO 2016


WEATHER ITEM   OBSERVED TIME   RECORD YEAR NORMAL DEPARTURE LAST
                VALUE   (LST)  VALUE       VALUE  FROM      YEAR
                                                  NORMAL
..................................................................
TEMPERATURE (F)
 TODAY
  MAXIMUM         33    359 PM  48    1984  28      5       34
  MINIMUM         31    749 AM -22    1898  12     19       21
  AVERAGE         32                        20     12       28

PRECIPITATION (IN)
  TODAY            T                         0.04  -0.04     0.00
  MONTH TO DATE    1.20                      1.16   0.04     3.33
  SINCE SEP 1      6.01                      6.23  -0.22     7.39
  SINCE JAN 1     26.57                     23.19   3.38    23.85

SNOWFALL (IN)
  TODAY            T                         0.5   -0.5      0.0
  MONTH TO DATE    6.4                      10.3   -3.9      3.8
  SINCE JUL 1      6.4                      12.6   -6.2      3.8
  SNOW DEPTH       5

DEGREE DAYS
 HEATING
  TODAY           33                        45    -12       37
  MONTH TO DATE  634                       903   -269      680
  SINCE SEP 1   1498                      1999   -501     1565
  SINCE JUL 1   1615                      2180   -565     1741

 COOLING
  TODAY            0                         0      0        0
  MONTH TO DATE    0                         0      0        0
  SINCE SEP 1      7                        11     -4       48
  SINCE JAN 1    155                       192    -37      211
..................................................................


WIND (MPH)
  HIGHEST WIND SPEED     5   HIGHEST WIND DIRECTION     S (180)
  HIGHEST GUST SPEED     7   HIGHEST GUST DIRECTION     E (100)


SKY COVER
  AVERAGE SKY COVER 1.0


WEATHER CONDITIONS
 THE FOLLOWING WEATHER WAS RECORDED TODAY.
  LIGHT SNOW
  FOG
  FOG W/VISIBILITY <= 1/4 MILE


RELATIVE HUMIDITY (PERCENT)
 HIGHEST    92           300 AM
 LOWEST     89          1200 AM
 AVERAGE    91

..........................................................


THE INTERNATIONAL FALLS MN CLIMATE NORMALS FOR TOMORROW
                         NORMAL    RECORD    YEAR
 MAXIMUM TEMPERATURE (F)   28        53      1984
 MINIMUM TEMPERATURE (F)   12       -27      1977


SUNRISE AND SUNSET
NOVEMBER 24 2016......SUNRISE   736 AM CST   SUNSET   425 PM CST
NOVEMBER 25 2016......SUNRISE   737 AM CST   SUNSET   424 PM CST


-  INDICATES NEGATIVE NUMBERS.
R  INDICATES RECORD WAS SET OR TIED.
MM INDICATES DATA IS MISSING.
T  INDICATES TRACE AMOUNT.




$$

WM
