000
CDUS43 KDLH 132225
CLIINL


CLIMATE REPORT
NATIONAL WEATHER SERVICE DULUTH MN
524 PM CDT TUE JUN 13 2017


...................................

...THE INTERNATIONAL FALLS MN CLIMATE SUMMARY FOR JUNE 13 2017...
VALID TODAY AS OF 0500 PM LOCAL TIME.

CLIMATE NORMAL PERIOD 1981 TO 2010
CLIMATE RECORD PERIOD 1895 TO 2017


WEATHER ITEM   OBSERVED TIME   RECORD YEAR NORMAL DEPARTURE LAST
                VALUE   (LST)  VALUE       VALUE  FROM      YEAR
                                                  NORMAL
..................................................................
TEMPERATURE (F)
 TODAY
  MAXIMUM         66    258 PM  92    1987  73     -7       72
                                      1913
  MINIMUM         57   1246 PM  33    1969  48      9       49
  AVERAGE         62                        60      2       61

PRECIPITATION (IN)
  TODAY            0.11                      0.13  -0.02     0.00
  MONTH TO DATE    1.21                      1.53  -0.32     1.75
  SINCE JUN 1      1.21                      1.53  -0.32     1.75
  SINCE JAN 1      7.83                      8.06  -0.23     9.55

SNOWFALL (IN)
  TODAY            0.0                       0.0    0.0      0.0
  MONTH TO DATE    0.0                       0.0    0.0      0.0
  SINCE JUL 1     70.4                      71.0   -0.6     47.7
  SNOW DEPTH       0

DEGREE DAYS
 HEATING
  TODAY            3                         6     -3        4
  MONTH TO DATE   25                        93    -68       98
  SINCE JUN 1     25                        93    -68       98
  SINCE JUL 1   8989                     10150  -1161     8926

 COOLING
  TODAY            0                         1     -1        0
  MONTH TO DATE    9                        13     -4        4
  SINCE JUN 1      9                        13     -4        4
  SINCE JAN 1      9                        22    -13        6
..................................................................


WIND (MPH)
  HIGHEST WIND SPEED    44   HIGHEST WIND DIRECTION     E (100)
  HIGHEST GUST SPEED    52   HIGHEST GUST DIRECTION     E (100)


SKY COVER
  AVERAGE SKY COVER 0.3


WEATHER CONDITIONS
 THE FOLLOWING WEATHER WAS RECORDED TODAY.
  RAIN
  LIGHT RAIN
  FOG


RELATIVE HUMIDITY (PERCENT)
 HIGHEST    80           100 PM
 LOWEST     48           800 AM
 AVERAGE    64

..........................................................


THE INTERNATIONAL FALLS MN CLIMATE NORMALS FOR TOMORROW
                         NORMAL    RECORD    YEAR
 MAXIMUM TEMPERATURE (F)   73        89      1973
 MINIMUM TEMPERATURE (F)   48        29      1958
                                             1909


SUNRISE AND SUNSET
JUNE 13 2017..........SUNRISE   511 AM CDT   SUNSET   917 PM CDT
JUNE 14 2017..........SUNRISE   511 AM CDT   SUNSET   917 PM CDT


-  INDICATES NEGATIVE NUMBERS.
R  INDICATES RECORD WAS SET OR TIED.
MM INDICATES DATA IS MISSING.
T  INDICATES TRACE AMOUNT.




$$
