000
CDUS43 KDLH 101250
CLIINL


CLIMATE REPORT
NATIONAL WEATHER SERVICE DULUTH MN
748 AM CDT TUE OCT 10 2017


...................................

...THE INTERNATIONAL FALLS MN CLIMATE SUMMARY FOR OCTOBER 9 2017...

CLIMATE NORMAL PERIOD 1981 TO 2010
CLIMATE RECORD PERIOD 1895 TO 2017


WEATHER ITEM   OBSERVED TIME   RECORD YEAR NORMAL DEPARTURE LAST
                VALUE   (LST)  VALUE       VALUE  FROM      YEAR
                                                  NORMAL
..................................................................
TEMPERATURE (F)
 YESTERDAY
  MAXIMUM         44    306 PM  80    1960  55    -11       54
                                      1955
  MINIMUM         33    330 AM  20    1993  33      0       30
                                      1972
                                      1964
  AVERAGE         39                        44     -5       42

PRECIPITATION (IN)
  YESTERDAY        0.00          1.05 1970   0.07  -0.07     0.00
  MONTH TO DATE    0.82                      0.71   0.11     0.31
  SINCE SEP 1      3.89                      3.70   0.19     3.64
  SINCE JAN 1     20.63                     20.66  -0.03    24.20

SNOWFALL (IN)
  YESTERDAY        0.0           1.0  1970   0.1   -0.1      0.0
  MONTH TO DATE    0.0                       0.3   -0.3       T
  SINCE SEP 1      0.0                       0.4   -0.4       T
  SINCE JUL 1      0.0                       0.4   -0.4       T
  SNOW DEPTH       0

DEGREE DAYS
 HEATING
  YESTERDAY       26                        21      5       23
  MONTH TO DATE  161                       176    -15      133
  SINCE SEP 1    430                       529    -99      371
  SINCE JUL 1    641                       710    -69      488

 COOLING
  YESTERDAY        0                         0      0        0
  MONTH TO DATE    0                         0      0        0
  SINCE SEP 1      7                        11     -4        7
  SINCE JAN 1     86                       192   -106      155
..................................................................


WIND (MPH)
  HIGHEST WIND SPEED    15   HIGHEST WIND DIRECTION     W (270)
  HIGHEST GUST SPEED    22   HIGHEST GUST DIRECTION     W (280)
  AVERAGE WIND SPEED     6.9


SKY COVER
  AVERAGE SKY COVER 0.7


WEATHER CONDITIONS
 THE FOLLOWING WEATHER WAS RECORDED YESTERDAY.
  NO SIGNIFICANT WEATHER WAS OBSERVED.


RELATIVE HUMIDITY (PERCENT)
 HIGHEST    89          1200 AM
 LOWEST     49           300 PM
 AVERAGE    69

..........................................................


THE INTERNATIONAL FALLS MN CLIMATE NORMALS FOR TODAY
                         NORMAL    RECORD    YEAR
 MAXIMUM TEMPERATURE (F)   54        80      1955
 MINIMUM TEMPERATURE (F)   33        18      1979
                                             1919


SUNRISE AND SUNSET
OCTOBER 10 2017.......SUNRISE   727 AM CDT   SUNSET   633 PM CDT
OCTOBER 11 2017.......SUNRISE   728 AM CDT   SUNSET   631 PM CDT


-  INDICATES NEGATIVE NUMBERS.
R  INDICATES RECORD WAS SET OR TIED.
MM INDICATES DATA IS MISSING.
T  INDICATES TRACE AMOUNT.




$$
