000
CDUS43 KDLH 300623
CLIINL


CLIMATE REPORT
NATIONAL WEATHER SERVICE DULUTH MN
122 AM CDT TUE AUG 30 2016


...................................

...THE INTERNATIONAL FALLS MN CLIMATE SUMMARY FOR AUGUST 29 2016...

CLIMATE NORMAL PERIOD 1981 TO 2010
CLIMATE RECORD PERIOD 1895 TO 2016


WEATHER ITEM   OBSERVED TIME   RECORD YEAR NORMAL DEPARTURE LAST
                VALUE   (LST)  VALUE       VALUE  FROM      YEAR
                                                  NORMAL
..................................................................
TEMPERATURE (F)
 YESTERDAY
  MAXIMUM         80    300 PM  90    1961  73      7       74
  MINIMUM         53   1159 PM  33    1917  48      5       65
                                      1911
  AVERAGE         67                        60      7       70

PRECIPITATION (IN)
  YESTERDAY        0.12          1.35 1959   0.10   0.02     0.00
  MONTH TO DATE    3.41                      2.63   0.78     3.62
  SINCE JUN 1     12.76                     10.25   2.51     8.29
  SINCE JAN 1     20.56                     16.78   3.78    16.46

SNOWFALL (IN)
  YESTERDAY        0.0           0.0  2002   0.0    0.0      0.0
                                      2001
  MONTH TO DATE    0.0                       0.0    0.0      0.0
  SINCE JUN 1      0.0                       0.0    0.0      0.0
  SINCE JUL 1      0.0                       0.0    0.0      0.0
  SNOW DEPTH       0

DEGREE DAYS
 HEATING
  YESTERDAY        0                         6     -6        0
  MONTH TO DATE   58                        98    -40      129
  SINCE JUN 1    268                       332    -64      325
  SINCE JUL 1    101                       168    -67      176

 COOLING
  YESTERDAY        2                         1      1        5
  MONTH TO DATE   46                        51     -5       53
  SINCE JUN 1    146                       165    -19      148
  SINCE JAN 1    148                       174    -26      148
..................................................................


WIND (MPH)
  HIGHEST WIND SPEED    16   HIGHEST WIND DIRECTION     N (350)
  HIGHEST GUST SPEED    23   HIGHEST GUST DIRECTION     W (260)
  AVERAGE WIND SPEED     6.7


SKY COVER
  AVERAGE SKY COVER 0.3


WEATHER CONDITIONS
 THE FOLLOWING WEATHER WAS RECORDED YESTERDAY.
  THUNDERSTORM
  RAIN
  LIGHT RAIN
  FOG


RELATIVE HUMIDITY (PERCENT)
 HIGHEST   100          1000 PM
 LOWEST     62           400 PM
 AVERAGE    81

..........................................................


THE INTERNATIONAL FALLS MN CLIMATE NORMALS FOR TODAY
                         NORMAL    RECORD    YEAR
 MAXIMUM TEMPERATURE (F)   72        88      2010
                                             1921
 MINIMUM TEMPERATURE (F)   48        32      2009


SUNRISE AND SUNSET
AUGUST 30 2016........SUNRISE   629 AM CDT   SUNSET   758 PM CDT
AUGUST 31 2016........SUNRISE   630 AM CDT   SUNSET   756 PM CDT


-  INDICATES NEGATIVE NUMBERS.
R  INDICATES RECORD WAS SET OR TIED.
MM INDICATES DATA IS MISSING.
T  INDICATES TRACE AMOUNT.




$$
