000
CDUS43 KDLH 250625
CLIINL


CLIMATE REPORT
NATIONAL WEATHER SERVICE DULUTH MN
1224 AM CST SAT FEB 25 2017


...................................

...THE INTERNATIONAL FALLS MN CLIMATE SUMMARY FOR FEBRUARY 24 2017...

CLIMATE NORMAL PERIOD 1981 TO 2010
CLIMATE RECORD PERIOD 1895 TO 2017


WEATHER ITEM   OBSERVED TIME   RECORD YEAR NORMAL DEPARTURE LAST
                VALUE   (LST)  VALUE       VALUE  FROM      YEAR
                                                  NORMAL
..................................................................
TEMPERATURE (F)
 YESTERDAY
  MAXIMUM         20    434 PM  52    1976  26     -6       26
  MINIMUM          5   1159 PM -31    1917   3      2       17
  AVERAGE         13                        14     -1       22

PRECIPITATION (IN)
  YESTERDAY        0.00          0.22 2007   0.03  -0.03     0.00
  MONTH TO DATE    1.44                      0.47   0.97     0.68
  SINCE DEC 1      4.90                      1.90   3.00     2.34
  SINCE JAN 1      2.71                      1.09   1.62     1.27

SNOWFALL (IN)
  YESTERDAY        0.0           4.3  2001   0.4   -0.4      0.0
  MONTH TO DATE   11.7                       9.2    2.5      8.0
  SINCE DEC 1     54.1                      39.2   14.9     26.3
  SINCE JUL 1     62.5                      55.2    7.3     30.1
  SNOW DEPTH      10

DEGREE DAYS
 HEATING
  YESTERDAY       52                        51      1       43
  MONTH TO DATE 1132                      1330   -198     1293
  SINCE DEC 1   4470                      4922   -452     4302
  SINCE JUL 1   6276                      7383  -1107     6308

 COOLING
  YESTERDAY        0                         0      0        0
  MONTH TO DATE    0                         0      0        0
  SINCE DEC 1      0                         0      0        0
  SINCE JAN 1      0                         0      0        0
..................................................................


WIND (MPH)
  HIGHEST WIND SPEED    17   HIGHEST WIND DIRECTION    NW (330)
  HIGHEST GUST SPEED    21   HIGHEST GUST DIRECTION     N (340)
  AVERAGE WIND SPEED     8.2


SKY COVER
  AVERAGE SKY COVER 0.0


WEATHER CONDITIONS
 THE FOLLOWING WEATHER WAS RECORDED YESTERDAY.
  NO SIGNIFICANT WEATHER WAS OBSERVED.


RELATIVE HUMIDITY (PERCENT)
 HIGHEST    76          1200 AM
 LOWEST     49           400 PM
 AVERAGE    63

..........................................................


THE INTERNATIONAL FALLS MN CLIMATE NORMALS FOR TODAY
                         NORMAL    RECORD    YEAR
 MAXIMUM TEMPERATURE (F)   26        52      1958
 MINIMUM TEMPERATURE (F)    3       -38      1909


SUNRISE AND SUNSET
FEBRUARY 25 2017......SUNRISE   702 AM CST   SUNSET   552 PM CST
FEBRUARY 26 2017......SUNRISE   700 AM CST   SUNSET   553 PM CST


-  INDICATES NEGATIVE NUMBERS.
R  INDICATES RECORD WAS SET OR TIED.
MM INDICATES DATA IS MISSING.
T  INDICATES TRACE AMOUNT.




$$
