000
CDUS43 KDLH 050629
CLIINL


CLIMATE REPORT
NATIONAL WEATHER SERVICE DULUTH MN
1229 AM CST THU MAR 5 2015


...................................

...THE INTERNATIONAL FALLS MN CLIMATE SUMMARY FOR MARCH 4 2015...

CLIMATE NORMAL PERIOD 1981 TO 2010
CLIMATE RECORD PERIOD 1895 TO 2015


WEATHER ITEM   OBSERVED TIME   RECORD YEAR NORMAL DEPARTURE LAST
                VALUE   (LST)  VALUE       VALUE  FROM      YEAR
                                                  NORMAL
..................................................................
TEMPERATURE (F)
 YESTERDAY
  MAXIMUM          2    354 PM  56    2000  29    -27       16
  MINIMUM        -16    716 AM -25    2003   6    -22      -22
  AVERAGE         -7                        18    -25       -3

PRECIPITATION (IN)
  YESTERDAY        T             1.29 1966   0.02  -0.02      T
  MONTH TO DATE    0.04                      0.10  -0.06      T
  SINCE MAR 1      0.04                      0.10  -0.06      T
  SINCE JAN 1      2.06                      1.29   0.77     1.75

SNOWFALL (IN)
  YESTERDAY        T            13.0  1966   0.3   -0.3       T
  MONTH TO DATE    1.4                       1.3    0.1      0.1
  SINCE MAR 1      1.4                       1.3    0.1      0.1
  SINCE JUL 1     58.1                      58.1    0.0     76.5
  SNOW DEPTH      16

DEGREE DAYS
 HEATING
  YESTERDAY       72                        47     25       68
  MONTH TO DATE  241                       192     49      302
  SINCE MAR 1    241                       192     49      302
  SINCE JUL 1   7995                      7775    220     8733

 COOLING
  YESTERDAY        0                         0      0        0
  MONTH TO DATE    0                         0      0        0
  SINCE MAR 1      0                         0      0        0
  SINCE JAN 1      0                         0      0        0
..................................................................


WIND (MPH)
  HIGHEST WIND SPEED    17   HIGHEST WIND DIRECTION    NW (320)
  HIGHEST GUST SPEED    24   HIGHEST GUST DIRECTION    NW (300)
  AVERAGE WIND SPEED     9.1


SKY COVER
  AVERAGE SKY COVER 0.3


WEATHER CONDITIONS
 THE FOLLOWING WEATHER WAS RECORDED YESTERDAY.
  LIGHT SNOW
  HAZE


RELATIVE HUMIDITY (PERCENT)
 HIGHEST    87           500 AM
 LOWEST     49           400 PM
 AVERAGE    68

..........................................................


THE INTERNATIONAL FALLS MN CLIMATE NORMALS FOR TODAY
                         NORMAL    RECORD    YEAR
 MAXIMUM TEMPERATURE (F)   29        67      2000
 MINIMUM TEMPERATURE (F)    7       -30      2003


SUNRISE AND SUNSET
MARCH  5 2015.........SUNRISE   648 AM CST   SUNSET   603 PM CST
MARCH  6 2015.........SUNRISE   646 AM CST   SUNSET   605 PM CST


-  INDICATES NEGATIVE NUMBERS.
R  INDICATES RECORD WAS SET OR TIED.
MM INDICATES DATA IS MISSING.
T  INDICATES TRACE AMOUNT.




$$
