000
CDUS43 KDLH 070619
CLIINL


CLIMATE REPORT
NATIONAL WEATHER SERVICE DULUTH MN
118 AM CDT MON APR 7 2014


...................................

...THE INTERNATIONAL FALLS MN CLIMATE SUMMARY FOR APRIL 6 2014...

CLIMATE NORMAL PERIOD 1981 TO 2010
CLIMATE RECORD PERIOD 1895 TO 2014


WEATHER ITEM   OBSERVED TIME   RECORD YEAR NORMAL DEPARTURE LAST
                VALUE   (LST)  VALUE       VALUE  FROM      YEAR
                                                  NORMAL
..................................................................
TEMPERATURE (F)
 YESTERDAY
  MAXIMUM         53    443 PM  81    1991  46      7       34
  MINIMUM         28    430 AM -11    1982  23      5       29
  AVERAGE         41                        34      7       32

PRECIPITATION (IN)
  YESTERDAY        0.00          0.58 1965   0.05  -0.05     0.14
  MONTH TO DATE    0.17                      0.25  -0.08     0.14
  SINCE MAR 1      1.63                      1.20   0.43     1.29
  SINCE JAN 1      3.38                      2.39   0.99     4.95

SNOWFALL (IN)
  YESTERDAY        0.0           4.2  1978   0.3   -0.3      1.1
  MONTH TO DATE    2.6                       1.7    0.9      1.1
  SINCE MAR 1     20.2                       9.3   10.9     15.8
  SINCE JUL 1     96.6                      66.1   30.5     86.1
  SNOW DEPTH      24

DEGREE DAYS
 HEATING
  YESTERDAY       24                        30     -6       33
  MONTH TO DATE  218                       191     27      255
  SINCE MAR 1   1824                      1474    350     1767
  SINCE JUL 1  10255                      9057   1198     9324

 COOLING
  YESTERDAY        0                         0      0        0
  MONTH TO DATE    0                         0      0        0
  SINCE MAR 1      0                         0      0        0
  SINCE JAN 1      0                         0      0        0
..................................................................


WIND (MPH)
  HIGHEST WIND SPEED    13   HIGHEST WIND DIRECTION     E (110)
  HIGHEST GUST SPEED    15   HIGHEST GUST DIRECTION    SE (120)
  AVERAGE WIND SPEED     4.3


SKY COVER
  AVERAGE SKY COVER 0.2


WEATHER CONDITIONS
 THE FOLLOWING WEATHER WAS RECORDED YESTERDAY.
  NO SIGNIFICANT WEATHER WAS OBSERVED.


RELATIVE HUMIDITY (PERCENT)
 HIGHEST    85           400 AM
 LOWEST     28           200 PM
 AVERAGE    57

..........................................................


THE INTERNATIONAL FALLS MN CLIMATE NORMALS FOR TODAY
                         NORMAL    RECORD    YEAR
 MAXIMUM TEMPERATURE (F)   47        71      1987
 MINIMUM TEMPERATURE (F)   23        -9      1982


SUNRISE AND SUNSET
APRIL  7 2014.........SUNRISE   639 AM CDT   SUNSET   753 PM CDT
APRIL  8 2014.........SUNRISE   637 AM CDT   SUNSET   755 PM CDT


-  INDICATES NEGATIVE NUMBERS.
R  INDICATES RECORD WAS SET OR TIED.
MM INDICATES DATA IS MISSING.
T  INDICATES TRACE AMOUNT.




$$
