614
CDUS43 KDLH 250632
CLIINL


CLIMATE REPORT
NATIONAL WEATHER SERVICE DULUTH MN
130 AM CDT SUN SEP 25 2016


...................................

...THE INTERNATIONAL FALLS MN CLIMATE SUMMARY FOR SEPTEMBER 24 2016...

CLIMATE NORMAL PERIOD 1981 TO 2010
CLIMATE RECORD PERIOD 1895 TO 2016


WEATHER ITEM   OBSERVED TIME   RECORD YEAR NORMAL DEPARTURE LAST
                VALUE   (LST)  VALUE       VALUE  FROM      YEAR
                                                  NORMAL
..................................................................
TEMPERATURE (F)
 YESTERDAY
  MAXIMUM         67    300 PM  82    1917  62      5       57
  MINIMUM         53    522 AM  25    2001  38     15       52
                                      1947
  AVERAGE         60                        50     10       55

PRECIPITATION (IN)
  YESTERDAY        0.07          1.82 2010   0.10  -0.03     0.09
  MONTH TO DATE    1.93                      2.44  -0.51     1.15
  SINCE SEP 1      1.93                      2.44  -0.51     1.15
  SINCE JAN 1     22.49                     19.40   3.09    17.61

SNOWFALL (IN)
  YESTERDAY        0.0           T    1985   0.0    0.0      0.0
  MONTH TO DATE    0.0                       0.0    0.0      0.0
  SINCE SEP 1      0.0                       0.0    0.0      0.0
  SINCE JUL 1      0.0                       0.0    0.0      0.0
  SNOW DEPTH       0

DEGREE DAYS
 HEATING
  YESTERDAY        5                        15    -10       10
  MONTH TO DATE  164                       253    -89      149
  SINCE SEP 1    164                       253    -89      149
  SINCE JUL 1    281                       434   -153      325

 COOLING
  YESTERDAY        0                         0      0        0
  MONTH TO DATE    7                         9     -2       47
  SINCE SEP 1      7                         9     -2       47
  SINCE JAN 1    155                       190    -35      210
..................................................................


WIND (MPH)
  HIGHEST WIND SPEED    17   HIGHEST WIND DIRECTION    SE (140)
  HIGHEST GUST SPEED    25   HIGHEST GUST DIRECTION    SE (150)
  AVERAGE WIND SPEED    10.9


SKY COVER
  AVERAGE SKY COVER 0.9


WEATHER CONDITIONS
 THE FOLLOWING WEATHER WAS RECORDED YESTERDAY.
  LIGHT RAIN


RELATIVE HUMIDITY (PERCENT)
 HIGHEST    93           700 AM
 LOWEST     78          1100 AM
 AVERAGE    86

..........................................................


THE INTERNATIONAL FALLS MN CLIMATE NORMALS FOR TODAY
                         NORMAL    RECORD    YEAR
 MAXIMUM TEMPERATURE (F)   61        85      1920
 MINIMUM TEMPERATURE (F)   38        21      1947


SUNRISE AND SUNSET
SEPTEMBER 25 2016.....SUNRISE   705 AM CDT   SUNSET   704 PM CDT
SEPTEMBER 26 2016.....SUNRISE   707 AM CDT   SUNSET   702 PM CDT


-  INDICATES NEGATIVE NUMBERS.
R  INDICATES RECORD WAS SET OR TIED.
MM INDICATES DATA IS MISSING.
T  INDICATES TRACE AMOUNT.




$$
