091
CDUS43 KDLH 210625
CLIINL


CLIMATE REPORT
NATIONAL WEATHER SERVICE DULUTH MN
123 AM CDT TUE MAR 21 2017


...................................

...THE INTERNATIONAL FALLS MN CLIMATE SUMMARY FOR MARCH 20 2017...

CLIMATE NORMAL PERIOD 1981 TO 2010
CLIMATE RECORD PERIOD 1895 TO 2017


WEATHER ITEM   OBSERVED TIME   RECORD YEAR NORMAL DEPARTURE LAST
                VALUE   (LST)  VALUE       VALUE  FROM      YEAR
                                                  NORMAL
..................................................................
TEMPERATURE (F)
 YESTERDAY
  MAXIMUM         48    434 PM  61    2012  37     11       37
                                      1987
  MINIMUM         20   1159 PM -28    1965  15      5       11
  AVERAGE         34                        26      8       24

PRECIPITATION (IN)
  YESTERDAY        T             0.92 1897   0.04  -0.04     0.00
  MONTH TO DATE    0.44                      0.54  -0.10     2.45
  SINCE MAR 1      0.44                      0.54  -0.10     2.45
  SINCE JAN 1      3.19                      1.73   1.46     3.82

SNOWFALL (IN)
  YESTERDAY        T             3.4  1978   0.2   -0.2      0.0
  MONTH TO DATE    4.1                       5.1   -1.0      8.7
  SINCE MAR 1      4.1                       5.1   -1.0      8.7
  SINCE JUL 1     67.4                      61.9    5.5     42.2
  SNOW DEPTH       7

DEGREE DAYS
 HEATING
  YESTERDAY       31                        39     -8       41
  MONTH TO DATE  933                       881     52      744
  SINCE MAR 1    933                       881     52      744
  SINCE JUL 1   7407                      8464  -1057     7276

 COOLING
  YESTERDAY        0                         0      0        0
  MONTH TO DATE    0                         0      0        0
  SINCE MAR 1      0                         0      0        0
  SINCE JAN 1      0                         0      0        0
..................................................................


WIND (MPH)
  HIGHEST WIND SPEED    31   HIGHEST WIND DIRECTION    NW (310)
  HIGHEST GUST SPEED    42   HIGHEST GUST DIRECTION     W (290)
  AVERAGE WIND SPEED    11.7


SKY COVER
  AVERAGE SKY COVER 0.2


WEATHER CONDITIONS
 THE FOLLOWING WEATHER WAS RECORDED YESTERDAY.
  LIGHT SNOW
  FOG


RELATIVE HUMIDITY (PERCENT)
 HIGHEST    82          1200 AM
 LOWEST     23           200 PM
 AVERAGE    53

..........................................................


THE INTERNATIONAL FALLS MN CLIMATE NORMALS FOR TODAY
                         NORMAL    RECORD    YEAR
 MAXIMUM TEMPERATURE (F)   37        69      2012
 MINIMUM TEMPERATURE (F)   15       -22      1965


SUNRISE AND SUNSET
MARCH 21 2017.........SUNRISE   714 AM CDT   SUNSET   728 PM CDT
MARCH 22 2017.........SUNRISE   712 AM CDT   SUNSET   730 PM CDT


-  INDICATES NEGATIVE NUMBERS.
R  INDICATES RECORD WAS SET OR TIED.
MM INDICATES DATA IS MISSING.
T  INDICATES TRACE AMOUNT.




$$
