124
CDUS43 KDLH 150630
CLIINL


CLIMATE REPORT
NATIONAL WEATHER SERVICE DULUTH MN
1229 AM CST WED NOV 15 2017


...................................

...THE INTERNATIONAL FALLS MN CLIMATE SUMMARY FOR NOVEMBER 14 2017...

CLIMATE NORMAL PERIOD 1981 TO 2010
CLIMATE RECORD PERIOD 1895 TO 2017


WEATHER ITEM   OBSERVED TIME   RECORD YEAR NORMAL DEPARTURE LAST
                VALUE   (LST)  VALUE       VALUE  FROM      YEAR
                                                  NORMAL
..................................................................
TEMPERATURE (F)
 YESTERDAY
  MAXIMUM         40    403 PM  56    1953  35      5       48
  MINIMUM         33    131 AM -14    1959  19     14       32
  AVERAGE         37                        27     10       40

PRECIPITATION (IN)
  YESTERDAY        T             0.60 1909   0.05  -0.05     0.00
  MONTH TO DATE    1.02                      0.73   0.29     0.17
  SINCE SEP 1      5.60                      5.80  -0.20     4.98
  SINCE JAN 1     22.34                     22.76  -0.42    25.54

SNOWFALL (IN)
  YESTERDAY        0.0           4.4  1951   0.5   -0.5      0.0
  MONTH TO DATE   11.8                       5.1    6.7      0.0
  SINCE SEP 1     13.9                       7.4    6.5       T
  SINCE JUL 1     13.9                       7.4    6.5       T
  SNOW DEPTH       5

DEGREE DAYS
 HEATING
  YESTERDAY       28                        38    -10       25
  MONTH TO DATE  614                       484    130      280
  SINCE SEP 1   1532                      1580    -48     1144
  SINCE JUL 1   1743                      1761    -18     1261

 COOLING
  YESTERDAY        0                         0      0        0
  MONTH TO DATE    0                         0      0        0
  SINCE SEP 1      7                        11     -4        7
  SINCE JAN 1     86                       192   -106      155
..................................................................


WIND (MPH)
  HIGHEST WIND SPEED    12   HIGHEST WIND DIRECTION     S (200)
  HIGHEST GUST SPEED    20   HIGHEST GUST DIRECTION     S (200)
  AVERAGE WIND SPEED     5.3


SKY COVER
  AVERAGE SKY COVER 1.0


WEATHER CONDITIONS
 THE FOLLOWING WEATHER WAS RECORDED YESTERDAY.
  LIGHT RAIN
  FOG
  FOG W/VISIBILITY <= 1/4 MILE
  HAZE


RELATIVE HUMIDITY (PERCENT)
 HIGHEST   100           600 AM
 LOWEST     75          1200 AM
 AVERAGE    88

..........................................................


THE INTERNATIONAL FALLS MN CLIMATE NORMALS FOR TODAY
                         NORMAL    RECORD    YEAR
 MAXIMUM TEMPERATURE (F)   34        62      1953
 MINIMUM TEMPERATURE (F)   18       -15      1911


SUNRISE AND SUNSET
NOVEMBER 15 2017......SUNRISE   722 AM CST   SUNSET   434 PM CST
NOVEMBER 16 2017......SUNRISE   724 AM CST   SUNSET   433 PM CST


-  INDICATES NEGATIVE NUMBERS.
R  INDICATES RECORD WAS SET OR TIED.
MM INDICATES DATA IS MISSING.
T  INDICATES TRACE AMOUNT.




$$
