000
CDUS43 KDLH 100623
CLIINL


CLIMATE REPORT
NATIONAL WEATHER SERVICE DULUTH MN
1223 AM CST SAT FEB 10 2018


...................................

...THE INTERNATIONAL FALLS MN CLIMATE SUMMARY FOR FEBRUARY 9 2018...

CLIMATE NORMAL PERIOD 1981 TO 2010
CLIMATE RECORD PERIOD 1895 TO 2018


WEATHER ITEM   OBSERVED TIME   RECORD YEAR NORMAL DEPARTURE LAST
                VALUE   (LST)  VALUE       VALUE  FROM      YEAR
                                                  NORMAL
..................................................................
TEMPERATURE (F)
 YESTERDAY
  MAXIMUM          7    419 PM  48    1976  20    -13       14
  MINIMUM        -27    555 AM -36    1909  -4    -23      -20
  AVERAGE        -10                         8    -18       -3

PRECIPITATION (IN)
  YESTERDAY        0.00          0.34 1966   0.02  -0.02     0.02
  MONTH TO DATE    0.07                      0.15  -0.08     0.57
  SINCE DEC 1      1.94                      1.58   0.36     4.03
  SINCE JAN 1      0.78                      0.77   0.01     1.84

SNOWFALL (IN)
  YESTERDAY        0.0           6.6  1985   0.3   -0.3       T
  MONTH TO DATE    0.8                       3.4   -2.6      9.9
  SINCE DEC 1     26.5                      33.4   -6.9     52.3
  SINCE JUL 1     40.5                      49.4   -8.9     60.7
  SNOW DEPTH      10

DEGREE DAYS
 HEATING
  YESTERDAY       75                        57     18       68
  MONTH TO DATE  669                       522    147      574
  SINCE DEC 1   4336                      4114    222     3912
  SINCE JUL 1   6730                      6575    155     5718

 COOLING
  YESTERDAY        0                         0      0        0
  MONTH TO DATE    0                         0      0        0
  SINCE DEC 1      0                         0      0        0
  SINCE JAN 1      0                         0      0        0
..................................................................


WIND (MPH)
  HIGHEST WIND SPEED    20   HIGHEST WIND DIRECTION    SW (230)
  HIGHEST GUST SPEED    26   HIGHEST GUST DIRECTION    SW (230)
  AVERAGE WIND SPEED     7.7


SKY COVER
  AVERAGE SKY COVER 0.1


WEATHER CONDITIONS
 THE FOLLOWING WEATHER WAS RECORDED YESTERDAY.
  HAZE


RELATIVE HUMIDITY (PERCENT)
 HIGHEST    81           300 AM
 LOWEST     45           200 PM
 AVERAGE    63

..........................................................


THE INTERNATIONAL FALLS MN CLIMATE NORMALS FOR TODAY
                         NORMAL    RECORD    YEAR
 MAXIMUM TEMPERATURE (F)   20        42      1984
 MINIMUM TEMPERATURE (F)   -3       -37      1914


SUNRISE AND SUNSET
FEBRUARY 10 2018......SUNRISE   729 AM CST   SUNSET   527 PM CST
FEBRUARY 11 2018......SUNRISE   728 AM CST   SUNSET   529 PM CST


-  INDICATES NEGATIVE NUMBERS.
R  INDICATES RECORD WAS SET OR TIED.
MM INDICATES DATA IS MISSING.
T  INDICATES TRACE AMOUNT.




$$
