000
CDUS43 KDLH 100629
CLIINL


CLIMATE REPORT
NATIONAL WEATHER SERVICE DULUTH MN
128 AM CDT THU APR 10 2014


...................................

...THE INTERNATIONAL FALLS MN CLIMATE SUMMARY FOR APRIL 9 2014...

CLIMATE NORMAL PERIOD 1981 TO 2010
CLIMATE RECORD PERIOD 1895 TO 2014


WEATHER ITEM   OBSERVED TIME   RECORD YEAR NORMAL DEPARTURE LAST
                VALUE   (LST)  VALUE       VALUE  FROM      YEAR
                                                  NORMAL
..................................................................
TEMPERATURE (F)
 YESTERDAY
  MAXIMUM         59    440 PM  77    1987  48     11       37
  MINIMUM         33    122 AM   2    1948  24      9       15
  AVERAGE         46                        36     10       26

PRECIPITATION (IN)
  YESTERDAY        T             0.33 1978   0.04  -0.04     0.00
  MONTH TO DATE    0.17                      0.38  -0.21     0.21
  SINCE MAR 1      1.63                      1.33   0.30     1.36
  SINCE JAN 1      3.38                      2.52   0.86     5.02

SNOWFALL (IN)
  YESTERDAY        0.0           8.1  1990   0.3   -0.3      0.0
  MONTH TO DATE    2.6                       2.5    0.1      1.7
  SINCE MAR 1     20.2                      10.1   10.1     16.4
  SINCE JUL 1     96.6                      66.9   29.7     86.7
  SNOW DEPTH      17

DEGREE DAYS
 HEATING
  YESTERDAY       19                        29    -10       39
  MONTH TO DATE  291                       279     12      357
  SINCE MAR 1   1897                      1562    335     1869
  SINCE JUL 1  10328                      9145   1183     9426

 COOLING
  YESTERDAY        0                         0      0        0
  MONTH TO DATE    0                         0      0        0
  SINCE MAR 1      0                         0      0        0
  SINCE JAN 1      0                         0      0        0
..................................................................


WIND (MPH)
  HIGHEST WIND SPEED    22   HIGHEST WIND DIRECTION     W (280)
  HIGHEST GUST SPEED    30   HIGHEST GUST DIRECTION     W (290)
  AVERAGE WIND SPEED     9.3


SKY COVER
  AVERAGE SKY COVER 0.4


WEATHER CONDITIONS
 THE FOLLOWING WEATHER WAS RECORDED YESTERDAY.
  LIGHT RAIN


RELATIVE HUMIDITY (PERCENT)
 HIGHEST    70          1100 PM
 LOWEST     33           300 PM
 AVERAGE    52

..........................................................


THE INTERNATIONAL FALLS MN CLIMATE NORMALS FOR TODAY
                         NORMAL    RECORD    YEAR
 MAXIMUM TEMPERATURE (F)   49        78      1955
 MINIMUM TEMPERATURE (F)   25         3      1962


SUNRISE AND SUNSET
APRIL 10 2014.........SUNRISE   633 AM CDT   SUNSET   758 PM CDT
APRIL 11 2014.........SUNRISE   631 AM CDT   SUNSET   759 PM CDT


-  INDICATES NEGATIVE NUMBERS.
R  INDICATES RECORD WAS SET OR TIED.
MM INDICATES DATA IS MISSING.
T  INDICATES TRACE AMOUNT.




$$
