000
CDUS43 KDLH 040622
CLIINL


CLIMATE REPORT
NATIONAL WEATHER SERVICE DULUTH MN
1222 AM CST THU FEB 4 2016


...................................

...THE INTERNATIONAL FALLS MN CLIMATE SUMMARY FOR FEBRUARY 3 2016...

CLIMATE NORMAL PERIOD 1981 TO 2010
CLIMATE RECORD PERIOD 1895 TO 2016


WEATHER ITEM   OBSERVED TIME   RECORD YEAR NORMAL DEPARTURE LAST
                VALUE   (LST)  VALUE       VALUE  FROM      YEAR
                                                  NORMAL
..................................................................
TEMPERATURE (F)
 YESTERDAY
  MAXIMUM         19    342 PM  53    1991  18      1       10
  MINIMUM         -4    845 PM -40    1982  -5      1      -22
  AVERAGE          8                         6      2       -6

PRECIPITATION (IN)
  YESTERDAY        0.00          0.40 1943   0.02  -0.02      T
  MONTH TO DATE    T                         0.05  -0.05      T
  SINCE DEC 1      1.66                      1.48   0.18     2.18
  SINCE JAN 1      0.59                      0.67  -0.08     1.33

SNOWFALL (IN)
  YESTERDAY        0.0           1.6  1984   0.3   -0.3      0.1
  MONTH TO DATE    T                         1.1   -1.1      0.1
  SINCE DEC 1     18.3                      31.1  -12.8     31.6
  SINCE JUL 1     22.1                      47.1  -25.0     40.9
  SNOW DEPTH       9

DEGREE DAYS
 HEATING
  YESTERDAY       57                        59     -2       71
  MONTH TO DATE  157                       177    -20      222
  SINCE DEC 1   3166                      3769   -603     3496
  SINCE JUL 1   5172                      6230  -1058     6107

 COOLING
  YESTERDAY        0                         0      0        0
  MONTH TO DATE    0                         0      0        0
  SINCE DEC 1      0                         0      0        0
  SINCE JAN 1      0                         0      0        0
..................................................................


WIND (MPH)
  HIGHEST WIND SPEED    13   HIGHEST WIND DIRECTION     N (350)
  HIGHEST GUST SPEED    17   HIGHEST GUST DIRECTION     N (20)
  AVERAGE WIND SPEED     5.5


SKY COVER
  AVERAGE SKY COVER 0.2


WEATHER CONDITIONS
 THE FOLLOWING WEATHER WAS RECORDED YESTERDAY.
  FOG
  HAZE


RELATIVE HUMIDITY (PERCENT)
 HIGHEST    91          1000 PM
 LOWEST     49           300 PM
 AVERAGE    70

..........................................................


THE INTERNATIONAL FALLS MN CLIMATE NORMALS FOR TODAY
                         NORMAL    RECORD    YEAR
 MAXIMUM TEMPERATURE (F)   18        47      1990
 MINIMUM TEMPERATURE (F)   -5       -41      1907


SUNRISE AND SUNSET
FEBRUARY  4 2016......SUNRISE   739 AM CST   SUNSET   516 PM CST
FEBRUARY  5 2016......SUNRISE   738 AM CST   SUNSET   518 PM CST


-  INDICATES NEGATIVE NUMBERS.
R  INDICATES RECORD WAS SET OR TIED.
MM INDICATES DATA IS MISSING.
T  INDICATES TRACE AMOUNT.




$$
