000
CDUS43 KDLH 192224
CLIINL


CLIMATE REPORT
NATIONAL WEATHER SERVICE DULUTH MN
523 PM CDT MON SEP 19 2016


...................................

...THE INTERNATIONAL FALLS MN CLIMATE SUMMARY FOR SEPTEMBER 19 2016...
VALID TODAY AS OF 0500 PM LOCAL TIME.

CLIMATE NORMAL PERIOD 1981 TO 2010
CLIMATE RECORD PERIOD 1895 TO 2016


WEATHER ITEM   OBSERVED TIME   RECORD YEAR NORMAL DEPARTURE LAST
                VALUE   (LST)  VALUE       VALUE  FROM      YEAR
                                                  NORMAL
..................................................................
TEMPERATURE (F)
 TODAY
  MAXIMUM         69    256 PM  86    1970  64      5       71
                                      1914
  MINIMUM         52    600 AM  27    1992  40     12       34
  AVERAGE         61                        52      9       53

PRECIPITATION (IN)
  TODAY            0.00                      0.10  -0.10     0.00
  MONTH TO DATE    1.85                      1.94  -0.09     1.05
  SINCE SEP 1      1.85                      1.94  -0.09     1.05
  SINCE JAN 1     22.41                     18.90   3.51    17.51

SNOWFALL (IN)
  TODAY            0.0                       0.0    0.0      0.0
  MONTH TO DATE    0.0                       0.0    0.0      0.0
  SINCE JUL 1      0.0                       0.0    0.0      0.0
  SNOW DEPTH       0

DEGREE DAYS
 HEATING
  TODAY            4                        13     -9       12
  MONTH TO DATE  110                       182    -72      106
  SINCE SEP 1    110                       182    -72      106
  SINCE JUL 1    227                       363   -136      282

 COOLING
  TODAY            0                         0      0        0
  MONTH TO DATE    7                         9     -2       44
  SINCE SEP 1      7                         9     -2       44
  SINCE JAN 1    155                       190    -35      207
..................................................................


WIND (MPH)
  HIGHEST WIND SPEED    25   HIGHEST WIND DIRECTION     W (280)
  HIGHEST GUST SPEED    39   HIGHEST GUST DIRECTION     W (270)


SKY COVER
  AVERAGE SKY COVER 0.2


WEATHER CONDITIONS
 THE FOLLOWING WEATHER WAS RECORDED TODAY.
  NO SIGNIFICANT WEATHER WAS OBSERVED.


RELATIVE HUMIDITY (PERCENT)
 HIGHEST    93          1200 AM
 LOWEST     37           300 PM
 AVERAGE    65

..........................................................


THE INTERNATIONAL FALLS MN CLIMATE NORMALS FOR TOMORROW
                         NORMAL    RECORD    YEAR
 MAXIMUM TEMPERATURE (F)   63        85      1914
 MINIMUM TEMPERATURE (F)   40        20      1956


SUNRISE AND SUNSET
SEPTEMBER 19 2016.....SUNRISE   657 AM CDT   SUNSET   717 PM CDT
SEPTEMBER 20 2016.....SUNRISE   658 AM CDT   SUNSET   714 PM CDT


-  INDICATES NEGATIVE NUMBERS.
R  INDICATES RECORD WAS SET OR TIED.
MM INDICATES DATA IS MISSING.
T  INDICATES TRACE AMOUNT.




$$
