000
CDUS43 KDLH 062234
CLIINL


CLIMATE REPORT
NATIONAL WEATHER SERVICE DULUTH MN
534 PM CDT SUN AUG 6 2017


...................................

...THE INTERNATIONAL FALLS MN CLIMATE SUMMARY FOR AUGUST 6 2017...
VALID TODAY AS OF 0500 PM LOCAL TIME.

CLIMATE NORMAL PERIOD 1981 TO 2010
CLIMATE RECORD PERIOD 1895 TO 2017


WEATHER ITEM   OBSERVED TIME   RECORD YEAR NORMAL DEPARTURE LAST
                VALUE   (LST)  VALUE       VALUE  FROM      YEAR
                                                  NORMAL
..................................................................
TEMPERATURE (F)
 TODAY
  MAXIMUM         75    359 PM  93    1988  78     -3       74
  MINIMUM         41    510 AM  39    2004  52    -11       47
  AVERAGE         58                        65     -7       61

PRECIPITATION (IN)
  TODAY            0.00                      0.10  -0.10     0.00
  MONTH TO DATE    0.74                      0.53   0.21     1.88
  SINCE JUN 1      6.78                      8.15  -1.37    11.23
  SINCE JAN 1     13.40                     14.68  -1.28    19.03

SNOWFALL (IN)
  TODAY            0.0                       0.0    0.0      0.0
  MONTH TO DATE    0.0                       0.0    0.0      0.0
  SINCE JUL 1      0.0                       0.0    0.0      0.0
  SNOW DEPTH       0

DEGREE DAYS
 HEATING
  TODAY            7                         2      5        4
  MONTH TO DATE   29                        12     17        4
  SINCE JUN 1    220                       246    -26      214
  SINCE JUL 1     96                        82     14       47

 COOLING
  TODAY            0                         2     -2        0
  MONTH TO DATE    7                        12     -5       19
  SINCE JUN 1     73                       126    -53      119
  SINCE JAN 1     73                       135    -62      121
..................................................................


WIND (MPH)
  HIGHEST WIND SPEED    10   HIGHEST WIND DIRECTION     E (70)
  HIGHEST GUST SPEED    15   HIGHEST GUST DIRECTION    NE (50)


SKY COVER
  AVERAGE SKY COVER 0.1


WEATHER CONDITIONS
 THE FOLLOWING WEATHER WAS RECORDED TODAY.
  FOG
  FOG W/VISIBILITY <= 1/4 MILE


RELATIVE HUMIDITY (PERCENT)
 HIGHEST   100           200 AM
 LOWEST     33           400 PM
 AVERAGE    67

..........................................................


THE INTERNATIONAL FALLS MN CLIMATE NORMALS FOR TOMORROW
                         NORMAL    RECORD    YEAR
 MAXIMUM TEMPERATURE (F)   78        94      1983
 MINIMUM TEMPERATURE (F)   52        40      2013
                                             1926


SUNRISE AND SUNSET
AUGUST  6 2017........SUNRISE   555 AM CDT   SUNSET   843 PM CDT
AUGUST  7 2017........SUNRISE   556 AM CDT   SUNSET   841 PM CDT


-  INDICATES NEGATIVE NUMBERS.
R  INDICATES RECORD WAS SET OR TIED.
MM INDICATES DATA IS MISSING.
T  INDICATES TRACE AMOUNT.




$$
