000
CDUS43 KDLH 130641
CLIINL


CLIMATE REPORT
NATIONAL WEATHER SERVICE DULUTH MN
131 AM CDT SUN JUL 13 2014


...................................

...THE INTERNATIONAL FALLS MN CLIMATE SUMMARY FOR JULY 12 2014...

CLIMATE NORMAL PERIOD 1981 TO 2010
CLIMATE RECORD PERIOD 1895 TO 2014


WEATHER ITEM   OBSERVED TIME   RECORD YEAR NORMAL DEPARTURE LAST
                VALUE   (LST)  VALUE       VALUE  FROM      YEAR
                                                  NORMAL
..................................................................
TEMPERATURE (F)
 YESTERDAY
  MAXIMUM         76    316 PM  96    1921  78     -2       86
  MINIMUM         48    446 AM  35    2009  53     -5       64
  AVERAGE         62                        65     -3       75

PRECIPITATION (IN)
  YESTERDAY        0.01          1.83 1957   0.12  -0.11     0.05
  MONTH TO DATE    1.19                      1.67  -0.48     1.67
  SINCE JUN 1     11.43                      5.59   5.84     3.27
  SINCE JAN 1     20.25                     12.12   8.13    15.65

SNOWFALL (IN)
  YESTERDAY        0.0           0.0  2002   0.0    0.0      0.0
                                      2001
  MONTH TO DATE    0.0                       0.0    0.0      0.0
  SINCE JUN 1      0.0                       0.0    0.0      0.0
  SINCE JUL 1      0.0                       0.0    0.0      0.0
  SNOW DEPTH       0

DEGREE DAYS
 HEATING
  YESTERDAY        3                         2      1        0
  MONTH TO DATE   45                        31     14        2
  SINCE JUN 1    174                       195    -21      171
  SINCE JUL 1     45                        31     14        2

 COOLING
  YESTERDAY        0                         3     -3       10
  MONTH TO DATE   18                        27     -9       40
  SINCE JUN 1     47                        65    -18       74
  SINCE JAN 1     70                        74     -4       77
..................................................................


WIND (MPH)
  HIGHEST WIND SPEED    32   HIGHEST WIND DIRECTION    NW (330)
  HIGHEST GUST SPEED    42   HIGHEST GUST DIRECTION    NW (330)
  AVERAGE WIND SPEED     5.3


SKY COVER
  AVERAGE SKY COVER 0.1


WEATHER CONDITIONS
 THE FOLLOWING WEATHER WAS RECORDED YESTERDAY.
  THUNDERSTORM
  LIGHT RAIN


RELATIVE HUMIDITY (PERCENT)
 HIGHEST   100          1200 AM
 LOWEST     38          1100 AM
 AVERAGE    69

..........................................................


THE INTERNATIONAL FALLS MN CLIMATE NORMALS FOR TODAY
                         NORMAL    RECORD    YEAR
 MAXIMUM TEMPERATURE (F)   78        93      1983
 MINIMUM TEMPERATURE (F)   53        35      2009


SUNRISE AND SUNSET
JULY 13 2014..........SUNRISE   525 AM CDT   SUNSET   913 PM CDT
JULY 14 2014..........SUNRISE   526 AM CDT   SUNSET   912 PM CDT


-  INDICATES NEGATIVE NUMBERS.
R  INDICATES RECORD WAS SET OR TIED.
MM INDICATES DATA IS MISSING.
T  INDICATES TRACE AMOUNT.




$$
