000
CDUS43 KDLH 051311
CLIINL


CLIMATE REPORT
NATIONAL WEATHER SERVICE DULUTH MN
810 AM CDT THU OCT 5 2017


...................................

...THE INTERNATIONAL FALLS MN CLIMATE SUMMARY FOR OCTOBER 4 2017...

CLIMATE NORMAL PERIOD 1981 TO 2010
CLIMATE RECORD PERIOD 1895 TO 2017


WEATHER ITEM   OBSERVED TIME   RECORD YEAR NORMAL DEPARTURE LAST
                VALUE   (LST)  VALUE       VALUE  FROM      YEAR
                                                  NORMAL
..................................................................
TEMPERATURE (F)
 YESTERDAY
  MAXIMUM         54    105 PM  82    2011  57     -3       71
  MINIMUM         35   1157 PM  22    1952  35      0       50
  AVERAGE         45                        46     -1       61

PRECIPITATION (IN)
  YESTERDAY        0.00          1.36 1969   0.08  -0.08     0.02
  MONTH TO DATE    0.82                      0.32   0.50     0.02
  SINCE SEP 1      3.89                      3.31   0.58     3.35
  SINCE JAN 1     20.63                     20.27   0.36    23.91

SNOWFALL (IN)
  YESTERDAY        0.0           0.9  1952   0.0    0.0      0.0
  MONTH TO DATE    0.0                       0.1   -0.1      0.0
  SINCE SEP 1      0.0                       0.2   -0.2      0.0
  SINCE JUL 1      0.0                       0.2   -0.2      0.0
  SNOW DEPTH       0

DEGREE DAYS
 HEATING
  YESTERDAY       20                        19      1        4
  MONTH TO DATE   56                        74    -18       29
  SINCE SEP 1    325                       427   -102      267
  SINCE JUL 1    536                       608    -72      384

 COOLING
  YESTERDAY        0                         0      0        0
  MONTH TO DATE    0                         0      0        0
  SINCE SEP 1      7                        11     -4        7
  SINCE JAN 1     86                       192   -106      155
..................................................................


WIND (MPH)
  HIGHEST WIND SPEED    16   HIGHEST WIND DIRECTION     W (270)
  HIGHEST GUST SPEED    24   HIGHEST GUST DIRECTION     W (280)
  AVERAGE WIND SPEED     7.6


SKY COVER
  AVERAGE SKY COVER 0.6


WEATHER CONDITIONS
 THE FOLLOWING WEATHER WAS RECORDED YESTERDAY.
  NO SIGNIFICANT WEATHER WAS OBSERVED.


RELATIVE HUMIDITY (PERCENT)
 HIGHEST   100          1200 AM
 LOWEST     63          1200 PM
 AVERAGE    82

..........................................................


THE INTERNATIONAL FALLS MN CLIMATE NORMALS FOR TODAY
                         NORMAL    RECORD    YEAR
 MAXIMUM TEMPERATURE (F)   57        88      1963
 MINIMUM TEMPERATURE (F)   34        18      1958


SUNRISE AND SUNSET
OCTOBER  5 2017.......SUNRISE   719 AM CDT   SUNSET   644 PM CDT
OCTOBER  6 2017.......SUNRISE   721 AM CDT   SUNSET   642 PM CDT


-  INDICATES NEGATIVE NUMBERS.
R  INDICATES RECORD WAS SET OR TIED.
MM INDICATES DATA IS MISSING.
T  INDICATES TRACE AMOUNT.




$$
