000
CDUS43 KDLH 190633
CLIINL


CLIMATE REPORT
NATIONAL WEATHER SERVICE DULUTH MN
131 AM CDT TUE MAY 19 2015


...................................

...THE INTERNATIONAL FALLS MN CLIMATE SUMMARY FOR MAY 18 2015...

CLIMATE NORMAL PERIOD 1981 TO 2010
CLIMATE RECORD PERIOD 1895 TO 2015


WEATHER ITEM   OBSERVED TIME   RECORD YEAR NORMAL DEPARTURE LAST
                VALUE   (LST)  VALUE       VALUE  FROM      YEAR
                                                  NORMAL
..................................................................
TEMPERATURE (F)
 YESTERDAY
  MAXIMUM         41   1230 AM  91    1972  66    -25       66
  MINIMUM         33    856 PM  24    2002  39     -6       37
  AVERAGE         37                        52    -15       52

PRECIPITATION (IN)
  YESTERDAY        0.72          0.91 1942   0.10   0.62      T
  MONTH TO DATE    4.08                      1.54   2.54     2.26
  SINCE MAR 1      5.44                      4.02   1.42     5.25
  SINCE JAN 1      7.46                      5.21   2.25     7.00

SNOWFALL (IN)
  YESTERDAY        T   R         T    1998   0.0    0.0      0.0
  MONTH TO DATE    T                         0.2   -0.2       T
  SINCE MAR 1      7.8                      14.2   -6.4     24.8
  SINCE JUL 1     64.5                      71.0   -6.5    101.2
  SNOW DEPTH       0

DEGREE DAYS
 HEATING
  YESTERDAY       28                        13     15       13
  MONTH TO DATE  303                       280     23      390
  SINCE MAR 1   2231                      2335   -104     2903
  SINCE JUL 1   9985                      9918     67    11334

 COOLING
  YESTERDAY        0                         0      0        0
  MONTH TO DATE    0                         0      0        0
  SINCE MAR 1      0                         1     -1        0
  SINCE JAN 1      0                         1     -1        0
..................................................................


WIND (MPH)
  HIGHEST WIND SPEED    22   HIGHEST WIND DIRECTION     N (360)
  HIGHEST GUST SPEED    33   HIGHEST GUST DIRECTION     N (360)
  AVERAGE WIND SPEED    14.4


SKY COVER
  AVERAGE SKY COVER 1.0


WEATHER CONDITIONS
 THE FOLLOWING WEATHER WAS RECORDED YESTERDAY.
  RAIN
  LIGHT RAIN
  LIGHT SNOW
  FOG
  HAZE


RELATIVE HUMIDITY (PERCENT)
 HIGHEST    92           100 AM
 LOWEST     70           500 PM
 AVERAGE    81

..........................................................


THE INTERNATIONAL FALLS MN CLIMATE NORMALS FOR TODAY
                         NORMAL    RECORD    YEAR
 MAXIMUM TEMPERATURE (F)   66        89      1972
 MINIMUM TEMPERATURE (F)   40        20      1926
                                             1924


SUNRISE AND SUNSET
MAY 19 2015...........SUNRISE   528 AM CDT   SUNSET   853 PM CDT
MAY 20 2015...........SUNRISE   527 AM CDT   SUNSET   854 PM CDT


-  INDICATES NEGATIVE NUMBERS.
R  INDICATES RECORD WAS SET OR TIED.
MM INDICATES DATA IS MISSING.
T  INDICATES TRACE AMOUNT.




$$
