000
CDUS43 KDLH 301329
CLIINL


CLIMATE REPORT
NATIONAL WEATHER SERVICE DULUTH MN
729 AM CST THU NOV 30 2017


...................................

...THE INTERNATIONAL FALLS MN CLIMATE SUMMARY FOR NOVEMBER 29 2017...

CLIMATE NORMAL PERIOD 1981 TO 2010
CLIMATE RECORD PERIOD 1895 TO 2017


WEATHER ITEM   OBSERVED TIME   RECORD YEAR NORMAL DEPARTURE LAST
                VALUE   (LST)  VALUE       VALUE  FROM      YEAR
                                                  NORMAL
..................................................................
TEMPERATURE (F)
 YESTERDAY
  MAXIMUM         39   1107 PM  52    1914  26     13       39
  MINIMUM          9    349 AM -28    1985   9      0       33
  AVERAGE         24                        17      7       36

PRECIPITATION (IN)
  YESTERDAY        0.01          0.41 2010   0.03  -0.02     0.30
  MONTH TO DATE    1.06                      1.34  -0.28     1.77
  SINCE SEP 1      5.64                      6.41  -0.77     6.58
  SINCE JAN 1     22.38                     23.37  -0.99    27.14

SNOWFALL (IN)
  YESTERDAY        T             3.7  2010   0.6   -0.6      0.2
  MONTH TO DATE   11.9                      13.1   -1.2      7.3
  SINCE SEP 1     14.0                      15.4   -1.4      7.3
  SINCE JUL 1     14.0                      15.4   -1.4      7.3
  SNOW DEPTH       T

DEGREE DAYS
 HEATING
  YESTERDAY       41                        48     -7       29
  MONTH TO DATE 1231                      1135     96      792
  SINCE SEP 1   2149                      2231    -82     1656
  SINCE JUL 1   2360                      2412    -52     1773

 COOLING
  YESTERDAY        0                         0      0        0
  MONTH TO DATE    0                         0      0        0
  SINCE SEP 1      7                        11     -4        7
  SINCE JAN 1     86                       192   -106      155
..................................................................


WIND (MPH)
  HIGHEST WIND SPEED    18   HIGHEST WIND DIRECTION     W (260)
  HIGHEST GUST SPEED    28   HIGHEST GUST DIRECTION     S (190)
  AVERAGE WIND SPEED     8.1


SKY COVER
  AVERAGE SKY COVER 0.1


WEATHER CONDITIONS
 THE FOLLOWING WEATHER WAS RECORDED YESTERDAY.
  LIGHT RAIN


RELATIVE HUMIDITY (PERCENT)
 HIGHEST    84           600 AM
 LOWEST     40           500 PM
 AVERAGE    62

..........................................................


THE INTERNATIONAL FALLS MN CLIMATE NORMALS FOR TODAY
                         NORMAL    RECORD    YEAR
 MAXIMUM TEMPERATURE (F)   25        46      1914
 MINIMUM TEMPERATURE (F)    8       -27      1964
                                             1958


SUNRISE AND SUNSET
NOVEMBER 30 2017......SUNRISE   744 AM CST   SUNSET   421 PM CST
DECEMBER  1 2017......SUNRISE   745 AM CST   SUNSET   420 PM CST


-  INDICATES NEGATIVE NUMBERS.
R  INDICATES RECORD WAS SET OR TIED.
MM INDICATES DATA IS MISSING.
T  INDICATES TRACE AMOUNT.




$$
