000
CDUS43 KDLH 190628
CLIINL


CLIMATE REPORT
NATIONAL WEATHER SERVICE DULUTH MN
1226 AM CST SAT NOV 19 2016


...................................

...THE INTERNATIONAL FALLS MN CLIMATE SUMMARY FOR NOVEMBER 18 2016...

CLIMATE NORMAL PERIOD 1981 TO 2010
CLIMATE RECORD PERIOD 1895 TO 2016


WEATHER ITEM   OBSERVED TIME   RECORD YEAR NORMAL DEPARTURE LAST
                VALUE   (LST)  VALUE       VALUE  FROM      YEAR
                                                  NORMAL
..................................................................
TEMPERATURE (F)
 YESTERDAY
  MAXIMUM         35    116 AM  54    2015  32      3       54
                                      2012
                                      2001
  MINIMUM         26   1122 PM -10    1911  16     10       34
  AVERAGE         31                        24      7       44

PRECIPITATION (IN)
  YESTERDAY        0.68          1.16 2015   0.05   0.63     1.16
  MONTH TO DATE    0.89                      0.92  -0.03     3.04
  SINCE SEP 1      5.70                      5.99  -0.29     7.10
  SINCE JAN 1     26.26                     22.95   3.31    23.56

SNOWFALL (IN)
  YESTERDAY        3.4           8.7  1985   0.5    2.9      0.0
  MONTH TO DATE    3.4                       7.2   -3.8      0.9
  SINCE SEP 1      3.4                       9.5   -6.1      0.9
  SINCE JUL 1      3.4                       9.5   -6.1      0.9
  SNOW DEPTH       0

DEGREE DAYS
 HEATING
  YESTERDAY       34                        41     -7       21
  MONTH TO DATE  398                       644   -246      419
  SINCE SEP 1   1262                      1740   -478     1304
  SINCE JUL 1   1379                      1921   -542     1480

 COOLING
  YESTERDAY        0                         0      0        0
  MONTH TO DATE    0                         0      0        0
  SINCE SEP 1      7                        11     -4       48
  SINCE JAN 1    155                       192    -37      211
..................................................................


WIND (MPH)
  HIGHEST WIND SPEED    24   HIGHEST WIND DIRECTION     N (350)
  HIGHEST GUST SPEED    34   HIGHEST GUST DIRECTION     N (350)
  AVERAGE WIND SPEED    15.6


SKY COVER
  AVERAGE SKY COVER 1.0


WEATHER CONDITIONS
 THE FOLLOWING WEATHER WAS RECORDED YESTERDAY.
  HEAVY SNOW
  SNOW
  LIGHT SNOW
  FOG
  FOG W/VISIBILITY <= 1/4 MILE
  HAZE


RELATIVE HUMIDITY (PERCENT)
 HIGHEST    92          1100 AM
 LOWEST     70          1200 AM
 AVERAGE    81

..........................................................


THE INTERNATIONAL FALLS MN CLIMATE NORMALS FOR TODAY
                         NORMAL    RECORD    YEAR
 MAXIMUM TEMPERATURE (F)   31        54      2012
 MINIMUM TEMPERATURE (F)   16       -11      1996


SUNRISE AND SUNSET
NOVEMBER 19 2016......SUNRISE   729 AM CST   SUNSET   429 PM CST
NOVEMBER 20 2016......SUNRISE   730 AM CST   SUNSET   428 PM CST


-  INDICATES NEGATIVE NUMBERS.
R  INDICATES RECORD WAS SET OR TIED.
MM INDICATES DATA IS MISSING.
T  INDICATES TRACE AMOUNT.




$$
