000
CDUS43 KDLH 180643
CLIINL


CLIMATE REPORT
NATIONAL WEATHER SERVICE DULUTH MN
143 AM CDT MON APR 18 2016


...................................

...THE INTERNATIONAL FALLS MN CLIMATE SUMMARY FOR APRIL 17 2016...

CLIMATE NORMAL PERIOD 1981 TO 2010
CLIMATE RECORD PERIOD 1895 TO 2016


WEATHER ITEM   OBSERVED TIME   RECORD YEAR NORMAL DEPARTURE LAST
                VALUE   (LST)  VALUE       VALUE  FROM      YEAR
                                                  NORMAL
..................................................................
TEMPERATURE (F)
 YESTERDAY
  MAXIMUM         54    124 PM  77    1911  53      1       72
  MINIMUM         37   1159 PM  11    1953  28      9       23
  AVERAGE         46                        40      6       48

PRECIPITATION (IN)
  YESTERDAY        0.36          1.13 1910   0.05   0.31     0.00
  MONTH TO DATE    0.88                      0.77   0.11     0.26
  SINCE MAR 1      3.59                      1.72   1.87     0.90
  SINCE JAN 1      4.96                      2.91   2.05     2.92

SNOWFALL (IN)
  YESTERDAY        0.0           4.0  2003   0.2   -0.2      0.0
  MONTH TO DATE    4.9                       4.5    0.4      2.0
  SINCE MAR 1     14.2                      12.1    2.1      5.5
  SINCE JUL 1     47.7                      68.9  -21.2     62.2
  SNOW DEPTH       0

DEGREE DAYS
 HEATING
  YESTERDAY       19                        25     -6       17
  MONTH TO DATE  538                       491     47      425
  SINCE MAR 1   1641                      1774   -133     1594
  SINCE JUL 1   8173                      9357  -1184     9348

 COOLING
  YESTERDAY        0                         0      0        0
  MONTH TO DATE    0                         0      0        0
  SINCE MAR 1      0                         0      0        0
  SINCE JAN 1      0                         0      0        0
..................................................................


WIND (MPH)
  HIGHEST WIND SPEED    15   HIGHEST WIND DIRECTION     N (20)
  HIGHEST GUST SPEED    19   HIGHEST GUST DIRECTION    NE (30)
  AVERAGE WIND SPEED     7.6


SKY COVER
  AVERAGE SKY COVER 1.0


WEATHER CONDITIONS
 THE FOLLOWING WEATHER WAS RECORDED YESTERDAY.
  RAIN
  LIGHT RAIN
  FOG


RELATIVE HUMIDITY (PERCENT)
 HIGHEST    96           700 AM
 LOWEST     71           200 PM
 AVERAGE    84

..........................................................


THE INTERNATIONAL FALLS MN CLIMATE NORMALS FOR TODAY
                         NORMAL    RECORD    YEAR
 MAXIMUM TEMPERATURE (F)   53        88      1987
 MINIMUM TEMPERATURE (F)   28        15      2014
                                             1963


SUNRISE AND SUNSET
APRIL 18 2016.........SUNRISE   616 AM CDT   SUNSET   810 PM CDT
APRIL 19 2016.........SUNRISE   614 AM CDT   SUNSET   812 PM CDT


-  INDICATES NEGATIVE NUMBERS.
R  INDICATES RECORD WAS SET OR TIED.
MM INDICATES DATA IS MISSING.
T  INDICATES TRACE AMOUNT.




$$
