522
CDUS43 KDLH 212251
CLIINL


CLIMATE REPORT
NATIONAL WEATHER SERVICE DULUTH MN
549 PM CDT THU JUL 21 2016


...................................

...THE INTERNATIONAL FALLS MN CLIMATE SUMMARY FOR JULY 21 2016...
VALID TODAY AS OF 0500 PM LOCAL TIME.

CLIMATE NORMAL PERIOD 1981 TO 2010
CLIMATE RECORD PERIOD 1895 TO 2016


WEATHER ITEM   OBSERVED TIME   RECORD YEAR NORMAL DEPARTURE LAST
                VALUE   (LST)  VALUE       VALUE  FROM      YEAR
                                                  NORMAL
..................................................................
TEMPERATURE (F)
 TODAY
  MAXIMUM         84    352 PM  96    1923  78      6       74
                                      1906
  MINIMUM         64    518 AM  41    2013  53     11       47
                                      1947
  AVERAGE         74                        66      8       61

PRECIPITATION (IN)
  TODAY            0.10                      0.11  -0.01     0.00
  MONTH TO DATE    2.42                      2.69  -0.27     1.30
  SINCE JUN 1      9.34                      6.61   2.73     4.50
  SINCE JAN 1     17.14                     13.14   4.00    12.67

SNOWFALL (IN)
  TODAY            0.0                       0.0    0.0      0.0
  MONTH TO DATE    0.0                       0.0    0.0      0.0
  SINCE JUL 1      0.0                       0.0    0.0      0.0
  SNOW DEPTH       0

DEGREE DAYS
 HEATING
  TODAY            0                         2     -2        4
  MONTH TO DATE   40                        49     -9       43
  SINCE JUN 1    207                       213     -6      192
  SINCE JUL 1     40                        49     -9       43

 COOLING
  TODAY            9                         2      7        0
  MONTH TO DATE   46                        53     -7       49
  SINCE JUN 1     65                        91    -26       53
  SINCE JAN 1     67                       100    -33       53
..................................................................


WIND (MPH)
  HIGHEST WIND SPEED    24   HIGHEST WIND DIRECTION    SE (150)
  HIGHEST GUST SPEED    33   HIGHEST GUST DIRECTION    NW (310)


SKY COVER
  AVERAGE SKY COVER 0.2


WEATHER CONDITIONS
 THE FOLLOWING WEATHER WAS RECORDED TODAY.
  THUNDERSTORM
  RAIN
  LIGHT RAIN


RELATIVE HUMIDITY (PERCENT)
 HIGHEST    93           200 AM
 LOWEST     44           100 PM
 AVERAGE    69

..........................................................


THE INTERNATIONAL FALLS MN CLIMATE NORMALS FOR TOMORROW
                         NORMAL    RECORD    YEAR
 MAXIMUM TEMPERATURE (F)   78       103      1923
 MINIMUM TEMPERATURE (F)   53        40      1985


SUNRISE AND SUNSET
JULY 21 2016..........SUNRISE   535 AM CDT   SUNSET   905 PM CDT
JULY 22 2016..........SUNRISE   536 AM CDT   SUNSET   903 PM CDT


-  INDICATES NEGATIVE NUMBERS.
R  INDICATES RECORD WAS SET OR TIED.
MM INDICATES DATA IS MISSING.
T  INDICATES TRACE AMOUNT.




$$
