000
CDUS43 KDLH 020624
CLIINL


CLIMATE REPORT
NATIONAL WEATHER SERVICE DULUTH MN
122 AM CDT WED AUG 2 2017


...................................

...THE INTERNATIONAL FALLS MN CLIMATE SUMMARY FOR AUGUST 1 2017...

CLIMATE NORMAL PERIOD 1981 TO 2010
CLIMATE RECORD PERIOD 1895 TO 2017


WEATHER ITEM   OBSERVED TIME   RECORD YEAR NORMAL DEPARTURE LAST
                VALUE   (LST)  VALUE       VALUE  FROM      YEAR
                                                  NORMAL
..................................................................
TEMPERATURE (F)
 YESTERDAY
  MAXIMUM         81   1226 PM  93    1989  78      3       84
                                      1926
  MINIMUM         62    542 AM  38    1959  52     10       62
  AVERAGE         72                        65      7       73

PRECIPITATION (IN)
  YESTERDAY        0.10          3.27 1911   0.08   0.02     0.48
  MONTH TO DATE    0.10                      0.08   0.02     0.48
  SINCE JUN 1      6.14                      7.70  -1.56     9.83
  SINCE JAN 1     12.76                     14.23  -1.47    17.63

SNOWFALL (IN)
  YESTERDAY        0.0           0.0  2002   0.0    0.0      0.0
                                      2001
  MONTH TO DATE    0.0                       0.0    0.0      0.0
  SINCE JUN 1      0.0                       0.0    0.0      0.0
  SINCE JUL 1      0.0                       0.0    0.0      0.0
  SNOW DEPTH       0

DEGREE DAYS
 HEATING
  YESTERDAY        0                         2     -2        0
  MONTH TO DATE    0                         2     -2        0
  SINCE JUN 1    191                       236    -45      210
  SINCE JUL 1     67                        72     -5       43

 COOLING
  YESTERDAY        7                         2      5        8
  MONTH TO DATE    7                         2      5        8
  SINCE JUN 1     73                       116    -43      108
  SINCE JAN 1     73                       125    -52      110
..................................................................


WIND (MPH)
  HIGHEST WIND SPEED    28   HIGHEST WIND DIRECTION     N (340)
  HIGHEST GUST SPEED    39   HIGHEST GUST DIRECTION     N (340)
  AVERAGE WIND SPEED     7.1


SKY COVER
  AVERAGE SKY COVER 0.4


WEATHER CONDITIONS
 THE FOLLOWING WEATHER WAS RECORDED YESTERDAY.
  HEAVY RAIN
  RAIN
  LIGHT RAIN
  FOG


RELATIVE HUMIDITY (PERCENT)
 HIGHEST   100           500 AM
 LOWEST     50           100 PM
 AVERAGE    75

..........................................................


THE INTERNATIONAL FALLS MN CLIMATE NORMALS FOR TODAY
                         NORMAL    RECORD    YEAR
 MAXIMUM TEMPERATURE (F)   78        91      1989
                                             1964
 MINIMUM TEMPERATURE (F)   52        41      1918


SUNRISE AND SUNSET
AUGUST  2 2017........SUNRISE   550 AM CDT   SUNSET   849 PM CDT
AUGUST  3 2017........SUNRISE   551 AM CDT   SUNSET   848 PM CDT


-  INDICATES NEGATIVE NUMBERS.
R  INDICATES RECORD WAS SET OR TIED.
MM INDICATES DATA IS MISSING.
T  INDICATES TRACE AMOUNT.




$$
