000
CDUS43 KDLH 222229
CLIINL


CLIMATE REPORT
NATIONAL WEATHER SERVICE DULUTH MN
429 PM CST TUE NOV 22 2016


...................................

...THE INTERNATIONAL FALLS MN CLIMATE SUMMARY FOR NOVEMBER 22 2016...
VALID TODAY AS OF 0400 PM LOCAL TIME.

CLIMATE NORMAL PERIOD 1981 TO 2010
CLIMATE RECORD PERIOD 1895 TO 2016


WEATHER ITEM   OBSERVED TIME   RECORD YEAR NORMAL DEPARTURE LAST
                VALUE   (LST)  VALUE       VALUE  FROM      YEAR
                                                  NORMAL
..................................................................
TEMPERATURE (F)
 TODAY
  MAXIMUM         34   1154 AM  55    2006  30      4       26
  MINIMUM         22   1208 AM -14    1977  14      8        1
  AVERAGE         28                        22      6       14

PRECIPITATION (IN)
  TODAY            0.10                      0.04   0.06     0.10
  MONTH TO DATE    0.99                      1.09  -0.10     3.33
  SINCE SEP 1      5.80                      6.16  -0.36     7.39
  SINCE JAN 1     26.36                     23.12   3.24    23.85

SNOWFALL (IN)
  TODAY           MM                         0.6   MM        1.2
  MONTH TO DATE    3.4                       9.3   -5.9      3.7
  SINCE JUL 1      3.4                      11.6   -8.2      3.7
  SNOW DEPTH       3

DEGREE DAYS
 HEATING
  TODAY           37                        43     -6       51
  MONTH TO DATE  568                       814   -246      606
  SINCE SEP 1   1432                      1910   -478     1491
  SINCE JUL 1   1549                      2091   -542     1667

 COOLING
  TODAY            0                         0      0        0
  MONTH TO DATE    0                         0      0        0
  SINCE SEP 1      7                        11     -4       48
  SINCE JAN 1    155                       192    -37      211
..................................................................


WIND (MPH)
  HIGHEST WIND SPEED    17   HIGHEST WIND DIRECTION    SE (150)
  HIGHEST GUST SPEED    26   HIGHEST GUST DIRECTION    SE (150)


SKY COVER
  AVERAGE SKY COVER 1.0


WEATHER CONDITIONS
 THE FOLLOWING WEATHER WAS RECORDED TODAY.
  SNOW
  LIGHT SNOW
  FOG
  FOG W/VISIBILITY <= 1/4 MILE
  HAZE


RELATIVE HUMIDITY (PERCENT)
 HIGHEST    92          1200 AM
 LOWEST     56          1000 AM
 AVERAGE    74

..........................................................


THE INTERNATIONAL FALLS MN CLIMATE NORMALS FOR TOMORROW
                         NORMAL    RECORD    YEAR
 MAXIMUM TEMPERATURE (F)   29        50      2011
 MINIMUM TEMPERATURE (F)   13       -16      1956


SUNRISE AND SUNSET
NOVEMBER 22 2016......SUNRISE   733 AM CST   SUNSET   426 PM CST
NOVEMBER 23 2016......SUNRISE   735 AM CST   SUNSET   425 PM CST


-  INDICATES NEGATIVE NUMBERS.
R  INDICATES RECORD WAS SET OR TIED.
MM INDICATES DATA IS MISSING.
T  INDICATES TRACE AMOUNT.




$$
