000
CDUS43 KDLH 080636
CLIINL


CLIMATE REPORT
NATIONAL WEATHER SERVICE DULUTH MN
134 AM CDT SUN OCT 8 2017


...................................

...THE INTERNATIONAL FALLS MN CLIMATE SUMMARY FOR OCTOBER 7 2017...

CLIMATE NORMAL PERIOD 1981 TO 2010
CLIMATE RECORD PERIOD 1895 TO 2017


WEATHER ITEM   OBSERVED TIME   RECORD YEAR NORMAL DEPARTURE LAST
                VALUE   (LST)  VALUE       VALUE  FROM      YEAR
                                                  NORMAL
..................................................................
TEMPERATURE (F)
 YESTERDAY
  MAXIMUM         68    432 PM  83    1980  56     12       45
  MINIMUM         29    339 AM  18    2001  34     -5       37
  AVERAGE         49                        45      4       41

PRECIPITATION (IN)
  YESTERDAY        0.00          1.09 1941   0.08  -0.08     0.02
  MONTH TO DATE    0.82                      0.56   0.26     0.28
  SINCE SEP 1      3.89                      3.55   0.34     3.61
  SINCE JAN 1     20.63                     20.51   0.12    24.17

SNOWFALL (IN)
  YESTERDAY        0.0           3.0  1985   0.1   -0.1       T
  MONTH TO DATE    0.0                       0.2   -0.2       T
  SINCE SEP 1      0.0                       0.3   -0.3       T
  SINCE JUL 1      0.0                       0.3   -0.3       T
  SNOW DEPTH       0

DEGREE DAYS
 HEATING
  YESTERDAY       16                        20     -4       24
  MONTH TO DATE  116                       134    -18       84
  SINCE SEP 1    385                       487   -102      322
  SINCE JUL 1    596                       668    -72      439

 COOLING
  YESTERDAY        0                         0      0        0
  MONTH TO DATE    0                         0      0        0
  SINCE SEP 1      7                        11     -4        7
  SINCE JAN 1     86                       192   -106      155
..................................................................


WIND (MPH)
  HIGHEST WIND SPEED    16   HIGHEST WIND DIRECTION    SW (220)
  HIGHEST GUST SPEED    24   HIGHEST GUST DIRECTION    SW (240)
  AVERAGE WIND SPEED     5.3


SKY COVER
  AVERAGE SKY COVER 0.3


WEATHER CONDITIONS
 THE FOLLOWING WEATHER WAS RECORDED YESTERDAY.
  FOG
  FOG W/VISIBILITY <= 1/4 MILE


RELATIVE HUMIDITY (PERCENT)
 HIGHEST   100           200 AM
 LOWEST     40           500 PM
 AVERAGE    70

..........................................................


THE INTERNATIONAL FALLS MN CLIMATE NORMALS FOR TODAY
                         NORMAL    RECORD    YEAR
 MAXIMUM TEMPERATURE (F)   55        78      2003
                                             1920
 MINIMUM TEMPERATURE (F)   34        20      2000
                                             1917


SUNRISE AND SUNSET
OCTOBER  8 2017.......SUNRISE   724 AM CDT   SUNSET   637 PM CDT
OCTOBER  9 2017.......SUNRISE   725 AM CDT   SUNSET   635 PM CDT


-  INDICATES NEGATIVE NUMBERS.
R  INDICATES RECORD WAS SET OR TIED.
MM INDICATES DATA IS MISSING.
T  INDICATES TRACE AMOUNT.




$$
