000
CDUS43 KDLH 180618
CLIINL


CLIMATE REPORT
NATIONAL WEATHER SERVICE DULUTH MN
118 AM CDT MON AUG 18 2014


...................................

...THE INTERNATIONAL FALLS MN CLIMATE SUMMARY FOR AUGUST 17 2014...

CLIMATE NORMAL PERIOD 1981 TO 2010
CLIMATE RECORD PERIOD 1895 TO 2014


WEATHER ITEM   OBSERVED TIME   RECORD YEAR NORMAL DEPARTURE LAST
                VALUE   (LST)  VALUE       VALUE  FROM      YEAR
                                                  NORMAL
..................................................................
TEMPERATURE (F)
 YESTERDAY
  MAXIMUM         69    445 PM  90    1906  76     -7       78
  MINIMUM         55    918 PM  35    1954  51      4       54
  AVERAGE         62                        64     -2       66

PRECIPITATION (IN)
  YESTERDAY        0.00          2.51 2005   0.08  -0.08     0.00
  MONTH TO DATE    0.27                      1.55  -1.28     1.04
  SINCE JUN 1     15.09                      9.17   5.92    10.04
  SINCE JAN 1     23.91                     15.70   8.21    22.42

SNOWFALL (IN)
  YESTERDAY        0.0           0.0  2002   0.0    0.0      0.0
                                      2001
  MONTH TO DATE    0.0                       0.0    0.0      0.0
  SINCE JUN 1      0.0                       0.0    0.0      0.0
  SINCE JUL 1      0.0                       0.0    0.0      0.0
  SNOW DEPTH       0

DEGREE DAYS
 HEATING
  YESTERDAY        3                         3      0        0
  MONTH TO DATE   51                        45      6      124
  SINCE JUN 1    283                       279      4      378
  SINCE JUL 1    154                       115     39      209

 COOLING
  YESTERDAY        0                         2     -2        1
  MONTH TO DATE    7                        34    -27        1
  SINCE JUN 1     79                       148    -69      125
  SINCE JAN 1    102                       157    -55      128
..................................................................


WIND (MPH)
  HIGHEST WIND SPEED    14   HIGHEST WIND DIRECTION    SE (120)
  HIGHEST GUST SPEED    18   HIGHEST GUST DIRECTION    SE (120)
  AVERAGE WIND SPEED     7.5


SKY COVER
  AVERAGE SKY COVER 0.5


WEATHER CONDITIONS
 THE FOLLOWING WEATHER WAS RECORDED YESTERDAY.
  NO SIGNIFICANT WEATHER WAS OBSERVED.


RELATIVE HUMIDITY (PERCENT)
 HIGHEST    93           500 AM
 LOWEST     63           100 PM
 AVERAGE    78

..........................................................


THE INTERNATIONAL FALLS MN CLIMATE NORMALS FOR TODAY
                         NORMAL    RECORD    YEAR
 MAXIMUM TEMPERATURE (F)   76        95      2003
                                             1955
 MINIMUM TEMPERATURE (F)   51        36      1910


SUNRISE AND SUNSET
AUGUST 18 2014........SUNRISE   611 AM CDT   SUNSET   823 PM CDT
AUGUST 19 2014........SUNRISE   613 AM CDT   SUNSET   821 PM CDT


-  INDICATES NEGATIVE NUMBERS.
R  INDICATES RECORD WAS SET OR TIED.
MM INDICATES DATA IS MISSING.
T  INDICATES TRACE AMOUNT.




$$
