000
CDUS43 KDLH 122249
CLIINL


CLIMATE REPORT
NATIONAL WEATHER SERVICE DULUTH MN
550 PM CDT FRI AUG 12 2016


...................................

...THE INTERNATIONAL FALLS MN CLIMATE SUMMARY FOR AUGUST 12 2016...
VALID TODAY AS OF 0540 PM LOCAL TIME.

CLIMATE NORMAL PERIOD 1981 TO 2010
CLIMATE RECORD PERIOD 1895 TO 2016


WEATHER ITEM   OBSERVED TIME   RECORD YEAR NORMAL DEPARTURE LAST
                VALUE   (LST)  VALUE       VALUE  FROM      YEAR
                                                  NORMAL
..................................................................
TEMPERATURE (F)
 TODAY
  MAXIMUM         75    159 PM  93    1991  77     -2       83
  MINIMUM         64    430 PM  36    1906  52     12       58
  AVERAGE         70                        64      6       71

PRECIPITATION (IN)
  TODAY            0.02                      0.10  -0.08     0.11
  MONTH TO DATE    1.97                      1.11   0.86     1.91
  SINCE JUN 1     11.32                      8.73   2.59     6.58
  SINCE JAN 1     19.12                     15.26   3.86    14.75

SNOWFALL (IN)
  TODAY            0.0                       0.0    0.0      0.0
  MONTH TO DATE    0.0                       0.0    0.0      0.0
  SINCE JUL 1      0.0                       0.0    0.0      0.0
  SNOW DEPTH       0

DEGREE DAYS
 HEATING
  TODAY            0                         3     -3        0
  MONTH TO DATE   11                        30    -19       37
  SINCE JUN 1    221                       264    -43      233
  SINCE JUL 1     54                       100    -46       84

 COOLING
  TODAY            5                         2      3        6
  MONTH TO DATE   27                        24      3       14
  SINCE JUN 1    127                       138    -11      109
  SINCE JAN 1    129                       147    -18      109
..................................................................


WIND (MPH)
  HIGHEST WIND SPEED    16   HIGHEST WIND DIRECTION     W (290)
  HIGHEST GUST SPEED    24   HIGHEST GUST DIRECTION     W (290)


SKY COVER
  AVERAGE SKY COVER 0.6


WEATHER CONDITIONS
 THE FOLLOWING WEATHER WAS RECORDED TODAY.
  THUNDERSTORM
  LIGHT RAIN


RELATIVE HUMIDITY (PERCENT)
 HIGHEST   100           600 AM
 LOWEST     79          1000 AM
 AVERAGE    90

..........................................................


THE INTERNATIONAL FALLS MN CLIMATE NORMALS FOR TOMORROW
                         NORMAL    RECORD    YEAR
 MAXIMUM TEMPERATURE (F)   77        94      1970
 MINIMUM TEMPERATURE (F)   52        33      1997


SUNRISE AND SUNSET
AUGUST 12 2016........SUNRISE   604 AM CDT   SUNSET   833 PM CDT
AUGUST 13 2016........SUNRISE   605 AM CDT   SUNSET   831 PM CDT


-  INDICATES NEGATIVE NUMBERS.
R  INDICATES RECORD WAS SET OR TIED.
MM INDICATES DATA IS MISSING.
T  INDICATES TRACE AMOUNT.




$$
