000
CDUS43 KDLH 060629
CLIINL


CLIMATE REPORT
NATIONAL WEATHER SERVICE DULUTH MN
128 AM CDT SAT AUG 6 2016


...................................

...THE INTERNATIONAL FALLS MN CLIMATE SUMMARY FOR AUGUST 5 2016...

CLIMATE NORMAL PERIOD 1981 TO 2010
CLIMATE RECORD PERIOD 1895 TO 2016


WEATHER ITEM   OBSERVED TIME   RECORD YEAR NORMAL DEPARTURE LAST
                VALUE   (LST)  VALUE       VALUE  FROM      YEAR
                                                  NORMAL
..................................................................
TEMPERATURE (F)
 YESTERDAY
  MAXIMUM         73    316 PM  92    2001  78     -5       73
                                      1964
                                      1959
  MINIMUM         57   1159 PM  33    1910  52      5       38
  AVERAGE         65                        65      0       56

PRECIPITATION (IN)
  YESTERDAY        0.06          2.45 1973   0.08  -0.02     0.00
  MONTH TO DATE    1.88                      0.43   1.45     0.26
  SINCE JUN 1     11.23                      8.05   3.18     4.93
  SINCE JAN 1     19.03                     14.58   4.45    13.10

SNOWFALL (IN)
  YESTERDAY        0.0           0.0  2002   0.0    0.0      0.0
                                      2001
  MONTH TO DATE    0.0                       0.0    0.0      0.0
  SINCE JUN 1      0.0                       0.0    0.0      0.0
  SINCE JUL 1      0.0                       0.0    0.0      0.0
  SNOW DEPTH       0

DEGREE DAYS
 HEATING
  YESTERDAY        0                         2     -2        9
  MONTH TO DATE    0                        10    -10       30
  SINCE JUN 1    210                       244    -34      226
  SINCE JUL 1     43                        80    -37       77

 COOLING
  YESTERDAY        0                         2     -2        0
  MONTH TO DATE   19                        10      9        2
  SINCE JUN 1    119                       124     -5       97
  SINCE JAN 1    121                       133    -12       97
..................................................................


WIND (MPH)
  HIGHEST WIND SPEED    20   HIGHEST WIND DIRECTION    NW (300)
  HIGHEST GUST SPEED    34   HIGHEST GUST DIRECTION    SW (240)
  AVERAGE WIND SPEED     9.6


SKY COVER
  AVERAGE SKY COVER 0.6


WEATHER CONDITIONS
 THE FOLLOWING WEATHER WAS RECORDED YESTERDAY.
  RAIN
  LIGHT RAIN
  FOG
  HAZE


RELATIVE HUMIDITY (PERCENT)
 HIGHEST    93          1200 AM
 LOWEST     49           300 PM
 AVERAGE    71

..........................................................


THE INTERNATIONAL FALLS MN CLIMATE NORMALS FOR TODAY
                         NORMAL    RECORD    YEAR
 MAXIMUM TEMPERATURE (F)   78        93      1988
 MINIMUM TEMPERATURE (F)   52        39      2004


SUNRISE AND SUNSET
AUGUST  6 2016........SUNRISE   555 AM CDT   SUNSET   842 PM CDT
AUGUST  7 2016........SUNRISE   557 AM CDT   SUNSET   841 PM CDT


-  INDICATES NEGATIVE NUMBERS.
R  INDICATES RECORD WAS SET OR TIED.
MM INDICATES DATA IS MISSING.
T  INDICATES TRACE AMOUNT.




$$
