000
CDUS43 KDLH 020620
CLIINL


CLIMATE REPORT
NATIONAL WEATHER SERVICE DULUTH MN
119 AM CDT WED APR 2 2014


...................................

...THE INTERNATIONAL FALLS MN CLIMATE SUMMARY FOR APRIL 1 2014...

CLIMATE NORMAL PERIOD 1981 TO 2010
CLIMATE RECORD PERIOD 1895 TO 2014


WEATHER ITEM   OBSERVED TIME   RECORD YEAR NORMAL DEPARTURE LAST
                VALUE   (LST)  VALUE       VALUE  FROM      YEAR
                                                  NORMAL
..................................................................
TEMPERATURE (F)
 YESTERDAY
  MAXIMUM         25    618 PM  64    1925  43    -18       31
  MINIMUM         11    754 AM  -8    1975  21    -10        5
  AVERAGE         18                        32    -14       18

PRECIPITATION (IN)
  YESTERDAY        0.17          0.50 1963   0.04   0.13     0.00
  MONTH TO DATE    0.17                      0.04   0.13     0.00
  SINCE MAR 1      1.63                      0.99   0.64     1.15
  SINCE JAN 1      3.38                      2.18   1.20     4.81

SNOWFALL (IN)
  YESTERDAY        2.6           3.9  1974   0.3    2.3      0.0
  MONTH TO DATE    2.6                       0.3    2.3      0.0
  SINCE MAR 1     20.2                       7.9   12.3     14.7
  SINCE JUL 1     96.6                      64.7   31.9     85.0
  SNOW DEPTH      28

DEGREE DAYS
 HEATING
  YESTERDAY       47                        33     14       47
  MONTH TO DATE   47                        33     14       47
  SINCE MAR 1   1653                      1316    337     1559
  SINCE JUL 1  10084                      8899   1185     9116

 COOLING
  YESTERDAY        0                         0      0        0
  MONTH TO DATE    0                         0      0        0
  SINCE MAR 1      0                         0      0        0
  SINCE JAN 1      0                         0      0        0
..................................................................


WIND (MPH)
  HIGHEST WIND SPEED    22   HIGHEST WIND DIRECTION     N (10)
  HIGHEST GUST SPEED    29   HIGHEST GUST DIRECTION     N (20)
  AVERAGE WIND SPEED    12.9


SKY COVER
  AVERAGE SKY COVER 0.7


WEATHER CONDITIONS
 THE FOLLOWING WEATHER WAS RECORDED YESTERDAY.
  LIGHT SNOW
  FOG
  HAZE


RELATIVE HUMIDITY (PERCENT)
 HIGHEST    84           200 AM
 LOWEST     59           400 PM
 AVERAGE    72

..........................................................


THE INTERNATIONAL FALLS MN CLIMATE NORMALS FOR TODAY
                         NORMAL    RECORD    YEAR
 MAXIMUM TEMPERATURE (F)   44        72      2010
 MINIMUM TEMPERATURE (F)   21       -12      1954


SUNRISE AND SUNSET
APRIL  2 2014.........SUNRISE   649 AM CDT   SUNSET   746 PM CDT
APRIL  3 2014.........SUNRISE   647 AM CDT   SUNSET   747 PM CDT


-  INDICATES NEGATIVE NUMBERS.
R  INDICATES RECORD WAS SET OR TIED.
MM INDICATES DATA IS MISSING.
T  INDICATES TRACE AMOUNT.




$$
