000
CDUS43 KDLH 130631
CLIINL


CLIMATE REPORT
NATIONAL WEATHER SERVICE DULUTH MN
131 AM CDT WED AUG 13 2014


...................................

...THE INTERNATIONAL FALLS MN CLIMATE SUMMARY FOR AUGUST 12 2014...

CLIMATE NORMAL PERIOD 1981 TO 2010
CLIMATE RECORD PERIOD 1895 TO 2014


WEATHER ITEM   OBSERVED TIME   RECORD YEAR NORMAL DEPARTURE LAST
                VALUE   (LST)  VALUE       VALUE  FROM      YEAR
                                                  NORMAL
..................................................................
TEMPERATURE (F)
 YESTERDAY
  MAXIMUM         79    337 PM  93    1991  77      2       70
  MINIMUM         40    455 AM  36    1906  52    -12       43
  AVERAGE         60                        64     -4       57

PRECIPITATION (IN)
  YESTERDAY        0.07          1.80 1919   0.10  -0.03     0.00
  MONTH TO DATE    0.27                      1.11  -0.84     1.04
  SINCE JUN 1     15.09                      8.73   6.36    10.04
  SINCE JAN 1     23.91                     15.26   8.65    22.42

SNOWFALL (IN)
  YESTERDAY        0.0           0.0  2002   0.0    0.0      0.0
                                      2001
  MONTH TO DATE    0.0                       0.0    0.0      0.0
  SINCE JUN 1      0.0                       0.0    0.0      0.0
  SINCE JUL 1      0.0                       0.0    0.0      0.0
  SNOW DEPTH       0

DEGREE DAYS
 HEATING
  YESTERDAY        5                         3      2        8
  MONTH TO DATE   31                        30      1       92
  SINCE JUN 1    263                       264     -1      346
  SINCE JUL 1    134                       100     34      177

 COOLING
  YESTERDAY        0                         2     -2        0
  MONTH TO DATE    4                        24    -20        0
  SINCE JUN 1     76                       138    -62      124
  SINCE JAN 1     99                       147    -48      127
..................................................................


WIND (MPH)
  HIGHEST WIND SPEED    21   HIGHEST WIND DIRECTION    NW (330)
  HIGHEST GUST SPEED    29   HIGHEST GUST DIRECTION    NW (300)
  AVERAGE WIND SPEED     5.0


SKY COVER
  AVERAGE SKY COVER 0.3


WEATHER CONDITIONS
 THE FOLLOWING WEATHER WAS RECORDED YESTERDAY.
  RAIN
  FOG


RELATIVE HUMIDITY (PERCENT)
 HIGHEST   100           300 AM
 LOWEST     48           400 PM
 AVERAGE    74

..........................................................


THE INTERNATIONAL FALLS MN CLIMATE NORMALS FOR TODAY
                         NORMAL    RECORD    YEAR
 MAXIMUM TEMPERATURE (F)   77        94      1970
 MINIMUM TEMPERATURE (F)   52        33      1997


SUNRISE AND SUNSET
AUGUST 13 2014........SUNRISE   604 AM CDT   SUNSET   832 PM CDT
AUGUST 14 2014........SUNRISE   606 AM CDT   SUNSET   830 PM CDT


-  INDICATES NEGATIVE NUMBERS.
R  INDICATES RECORD WAS SET OR TIED.
MM INDICATES DATA IS MISSING.
T  INDICATES TRACE AMOUNT.




$$
