000
CDUS43 KDLH 280637
CLIINL


CLIMATE REPORT
NATIONAL WEATHER SERVICE DULUTH MN
133 AM CDT FRI AUG 28 2015


...................................

...THE INTERNATIONAL FALLS MN CLIMATE SUMMARY FOR AUGUST 27 2015...

CLIMATE NORMAL PERIOD 1981 TO 2010
CLIMATE RECORD PERIOD 1895 TO 2015


WEATHER ITEM   OBSERVED TIME   RECORD YEAR NORMAL DEPARTURE LAST
                VALUE   (LST)  VALUE       VALUE  FROM      YEAR
                                                  NORMAL
..................................................................
TEMPERATURE (F)
 YESTERDAY
  MAXIMUM         76    306 PM  95    1991  74      2       72
  MINIMUM         37    542 AM  32    1982  49    -12       35
  AVERAGE         57                        61     -4       54

PRECIPITATION (IN)
  YESTERDAY        0.00          1.44 2002   0.09  -0.09     0.00
  MONTH TO DATE    3.57                      2.44   1.13     0.63
  SINCE JUN 1      8.24                     10.06  -1.82    15.45
  SINCE JAN 1     16.41                     16.59  -0.18    24.27

SNOWFALL (IN)
  YESTERDAY        0.0           T    1994   0.0    0.0      0.0
  MONTH TO DATE    0.0                       0.0    0.0      0.0
  SINCE JUN 1      0.0                       0.0    0.0      0.0
  SINCE JUL 1      0.0                       0.0    0.0      0.0
  SNOW DEPTH       0

DEGREE DAYS
 HEATING
  YESTERDAY        8                         5      3       11
  MONTH TO DATE  129                        87     42       93
  SINCE JUN 1    325                       321      4      325
  SINCE JUL 1    176                       157     19      196

 COOLING
  YESTERDAY        0                         1     -1        0
  MONTH TO DATE   44                        49     -5       16
  SINCE JUN 1    139                       163    -24       88
  SINCE JAN 1    139                       172    -33      111
..................................................................


WIND (MPH)
  HIGHEST WIND SPEED    10   HIGHEST WIND DIRECTION    SE (150)
  HIGHEST GUST SPEED    15   HIGHEST GUST DIRECTION    SE (130)
  AVERAGE WIND SPEED     2.5


SKY COVER
  AVERAGE SKY COVER 0.2


WEATHER CONDITIONS
 THE FOLLOWING WEATHER WAS RECORDED YESTERDAY.
  FOG


RELATIVE HUMIDITY (PERCENT)
 HIGHEST   100           400 AM
 LOWEST     50           200 PM
 AVERAGE    75

..........................................................


THE INTERNATIONAL FALLS MN CLIMATE NORMALS FOR TODAY
                         NORMAL    RECORD    YEAR
 MAXIMUM TEMPERATURE (F)   73        93      1984
 MINIMUM TEMPERATURE (F)   49        30      1982


SUNRISE AND SUNSET
AUGUST 28 2015........SUNRISE   625 AM CDT   SUNSET   804 PM CDT
AUGUST 29 2015........SUNRISE   626 AM CDT   SUNSET   802 PM CDT


-  INDICATES NEGATIVE NUMBERS.
R  INDICATES RECORD WAS SET OR TIED.
MM INDICATES DATA IS MISSING.
T  INDICATES TRACE AMOUNT.




$$
