000
CDUS43 KDLH 090620
CLIINL


CLIMATE REPORT
NATIONAL WEATHER SERVICE DULUTH MN
119 AM CDT TUE AUG 9 2016


...................................

...THE INTERNATIONAL FALLS MN CLIMATE SUMMARY FOR AUGUST 8 2016...

CLIMATE NORMAL PERIOD 1981 TO 2010
CLIMATE RECORD PERIOD 1895 TO 2016


WEATHER ITEM   OBSERVED TIME   RECORD YEAR NORMAL DEPARTURE LAST
                VALUE   (LST)  VALUE       VALUE  FROM      YEAR
                                                  NORMAL
..................................................................
TEMPERATURE (F)
 YESTERDAY
  MAXIMUM         80    136 PM  94    1949  78      2       82
  MINIMUM         47    242 AM  37    2013  52     -5       54
  AVERAGE         64                        65     -1       68

PRECIPITATION (IN)
  YESTERDAY        0.00          0.91 2001   0.10  -0.10      T
  MONTH TO DATE    1.88                      0.72   1.16     1.80
  SINCE JUN 1     11.23                      8.34   2.89     6.47
  SINCE JAN 1     19.03                     14.87   4.16    14.64

SNOWFALL (IN)
  YESTERDAY        0.0           0.0  2002   0.0    0.0      0.0
                                      2001
  MONTH TO DATE    0.0                       0.0    0.0      0.0
  SINCE JUN 1      0.0                       0.0    0.0      0.0
  SINCE JUL 1      0.0                       0.0    0.0      0.0
  SNOW DEPTH       0

DEGREE DAYS
 HEATING
  YESTERDAY        1                         3     -2        0
  MONTH TO DATE    9                        18     -9       32
  SINCE JUN 1    219                       252    -33      228
  SINCE JUL 1     52                        88    -36       79

 COOLING
  YESTERDAY        0                         2     -2        3
  MONTH TO DATE   19                        16      3        8
  SINCE JUN 1    119                       130    -11      103
  SINCE JAN 1    121                       139    -18      103
..................................................................


WIND (MPH)
  HIGHEST WIND SPEED    15   HIGHEST WIND DIRECTION    SW (210)
  HIGHEST GUST SPEED    24   HIGHEST GUST DIRECTION    SW (230)
  AVERAGE WIND SPEED     4.8


SKY COVER
  AVERAGE SKY COVER 0.2


WEATHER CONDITIONS
 THE FOLLOWING WEATHER WAS RECORDED YESTERDAY.
  NO SIGNIFICANT WEATHER WAS OBSERVED.


RELATIVE HUMIDITY (PERCENT)
 HIGHEST   100           500 AM
 LOWEST     48           100 PM
 AVERAGE    74

..........................................................


THE INTERNATIONAL FALLS MN CLIMATE NORMALS FOR TODAY
                         NORMAL    RECORD    YEAR
 MAXIMUM TEMPERATURE (F)   78        96      1920
 MINIMUM TEMPERATURE (F)   52        39      1994


SUNRISE AND SUNSET
AUGUST  9 2016........SUNRISE   559 AM CDT   SUNSET   838 PM CDT
AUGUST 10 2016........SUNRISE   601 AM CDT   SUNSET   836 PM CDT


-  INDICATES NEGATIVE NUMBERS.
R  INDICATES RECORD WAS SET OR TIED.
MM INDICATES DATA IS MISSING.
T  INDICATES TRACE AMOUNT.




$$
