986
CDUS43 KDLH 190633
CLIINL


CLIMATE REPORT
NATIONAL WEATHER SERVICE DULUTH MN
133 AM CDT THU MAY 19 2016


...................................

...THE INTERNATIONAL FALLS MN CLIMATE SUMMARY FOR MAY 18 2016...

CLIMATE NORMAL PERIOD 1981 TO 2010
CLIMATE RECORD PERIOD 1895 TO 2016


WEATHER ITEM   OBSERVED TIME   RECORD YEAR NORMAL DEPARTURE LAST
                VALUE   (LST)  VALUE       VALUE  FROM      YEAR
                                                  NORMAL
..................................................................
TEMPERATURE (F)
 YESTERDAY
  MAXIMUM         73    447 PM  91    1972  66      7       41
  MINIMUM         30    456 AM  24    2002  39     -9       33
  AVERAGE         52                        52      0       37

PRECIPITATION (IN)
  YESTERDAY        0.00          0.91 1942   0.10  -0.10     0.72
  MONTH TO DATE    0.38                      1.54  -1.16     4.08
  SINCE MAR 1      5.20                      4.02   1.18     5.44
  SINCE JAN 1      6.57                      5.21   1.36     7.46

SNOWFALL (IN)
  YESTERDAY        0.0           T    2015   0.0    0.0       T
                                      1998
  MONTH TO DATE    T                         0.2   -0.2       T
  SINCE MAR 1     14.2                      14.2    0.0      7.8
  SINCE JUL 1     47.7                      71.0  -23.3     64.5
  SNOW DEPTH       0

DEGREE DAYS
 HEATING
  YESTERDAY       13                        13      0       28
  MONTH TO DATE  296                       280     16      303
  SINCE MAR 1   2225                      2335   -110     2231
  SINCE JUL 1   8757                      9918  -1161     9985

 COOLING
  YESTERDAY        0                         0      0        0
  MONTH TO DATE    0                         0      0        0
  SINCE MAR 1      0                         1     -1        0
  SINCE JAN 1      0                         1     -1        0
..................................................................


WIND (MPH)
  HIGHEST WIND SPEED    15   HIGHEST WIND DIRECTION    SE (130)
  HIGHEST GUST SPEED    20   HIGHEST GUST DIRECTION    SE (140)
  AVERAGE WIND SPEED     3.4


SKY COVER
  AVERAGE SKY COVER 0.1


WEATHER CONDITIONS
 THE FOLLOWING WEATHER WAS RECORDED YESTERDAY.
  NO SIGNIFICANT WEATHER WAS OBSERVED.


RELATIVE HUMIDITY (PERCENT)
 HIGHEST   100           200 AM
 LOWEST     20           500 PM
 AVERAGE    60

..........................................................


THE INTERNATIONAL FALLS MN CLIMATE NORMALS FOR TODAY
                         NORMAL    RECORD    YEAR
 MAXIMUM TEMPERATURE (F)   66        89      1972
 MINIMUM TEMPERATURE (F)   40        20      1926
                                             1924


SUNRISE AND SUNSET
MAY 19 2016...........SUNRISE   527 AM CDT   SUNSET   854 PM CDT
MAY 20 2016...........SUNRISE   526 AM CDT   SUNSET   855 PM CDT


-  INDICATES NEGATIVE NUMBERS.
R  INDICATES RECORD WAS SET OR TIED.
MM INDICATES DATA IS MISSING.
T  INDICATES TRACE AMOUNT.




$$
