000
CDUS43 KDLH 050636
CLIINL


CLIMATE REPORT
NATIONAL WEATHER SERVICE DULUTH MN
134 AM CDT FRI AUG 5 2016


...................................

...THE INTERNATIONAL FALLS MN CLIMATE SUMMARY FOR AUGUST 4 2016...

CLIMATE NORMAL PERIOD 1981 TO 2010
CLIMATE RECORD PERIOD 1895 TO 2016


WEATHER ITEM   OBSERVED TIME   RECORD YEAR NORMAL DEPARTURE LAST
                VALUE   (LST)  VALUE       VALUE  FROM      YEAR
                                                  NORMAL
..................................................................
TEMPERATURE (F)
 YESTERDAY
  MAXIMUM         77   1111 AM  93    1914  78     -1       67
  MINIMUM         63   1159 PM  38    2013  52     11       41
                                      1907
  AVERAGE         70                        65      5       54

PRECIPITATION (IN)
  YESTERDAY        0.79          1.00 1907   0.09   0.70     0.00
  MONTH TO DATE    1.82                      0.35   1.47     0.26
  SINCE JUN 1     11.17                      7.97   3.20     4.93
  SINCE JAN 1     18.97                     14.50   4.47    13.10

SNOWFALL (IN)
  YESTERDAY        0.0           0.0  2002   0.0    0.0      0.0
                                      2001
  MONTH TO DATE    0.0                       0.0    0.0      0.0
  SINCE JUN 1      0.0                       0.0    0.0      0.0
  SINCE JUL 1      0.0                       0.0    0.0      0.0
  SNOW DEPTH       0

DEGREE DAYS
 HEATING
  YESTERDAY        0                         2     -2       11
  MONTH TO DATE    0                         8     -8       21
  SINCE JUN 1    210                       242    -32      217
  SINCE JUL 1     43                        78    -35       68

 COOLING
  YESTERDAY        5                         2      3        0
  MONTH TO DATE   19                         8     11        2
  SINCE JUN 1    119                       122     -3       97
  SINCE JAN 1    121                       131    -10       97
..................................................................


WIND (MPH)
  HIGHEST WIND SPEED    23   HIGHEST WIND DIRECTION     W (250)
  HIGHEST GUST SPEED    34   HIGHEST GUST DIRECTION    SW (240)
  AVERAGE WIND SPEED    11.4


SKY COVER
  AVERAGE SKY COVER 0.6


WEATHER CONDITIONS
 THE FOLLOWING WEATHER WAS RECORDED YESTERDAY.
  THUNDERSTORM
  HEAVY RAIN
  RAIN
  LIGHT RAIN
  FOG


RELATIVE HUMIDITY (PERCENT)
 HIGHEST    93           200 AM
 LOWEST     50           100 PM
 AVERAGE    72

..........................................................


THE INTERNATIONAL FALLS MN CLIMATE NORMALS FOR TODAY
                         NORMAL    RECORD    YEAR
 MAXIMUM TEMPERATURE (F)   78        92      2001
                                             1964
                                             1959
 MINIMUM TEMPERATURE (F)   52        33      1910


SUNRISE AND SUNSET
AUGUST  5 2016........SUNRISE   554 AM CDT   SUNSET   844 PM CDT
AUGUST  6 2016........SUNRISE   555 AM CDT   SUNSET   842 PM CDT


-  INDICATES NEGATIVE NUMBERS.
R  INDICATES RECORD WAS SET OR TIED.
MM INDICATES DATA IS MISSING.
T  INDICATES TRACE AMOUNT.




$$
