000
CDUS43 KDLH 170622
CLIINL


CLIMATE REPORT
NATIONAL WEATHER SERVICE DULUTH MN
1222 AM CST TUE FEB 17 2015


...................................

...THE INTERNATIONAL FALLS MN CLIMATE SUMMARY FOR FEBRUARY 16 2015...

CLIMATE NORMAL PERIOD 1981 TO 2010
CLIMATE RECORD PERIOD 1895 TO 2015


WEATHER ITEM   OBSERVED TIME   RECORD YEAR NORMAL DEPARTURE LAST
                VALUE   (LST)  VALUE       VALUE  FROM      YEAR
                                                  NORMAL
..................................................................
TEMPERATURE (F)
 YESTERDAY
  MAXIMUM         12    129 PM  48    2011  22    -10       17
                                      1981
  MINIMUM         -4   1159 PM -42    1973  -1     -3      -27
  AVERAGE          4                        11     -7       -5

PRECIPITATION (IN)
  YESTERDAY        0.01          0.25 1956   0.02  -0.01      T
                                      1920
  MONTH TO DATE    0.45                      0.29   0.16     0.25
  SINCE DEC 1      2.63                      1.72   0.91     2.51
  SINCE JAN 1      1.78                      0.91   0.87     1.07

SNOWFALL (IN)
  YESTERDAY        0.4           2.8  2009   0.4    0.0       T
  MONTH TO DATE    7.5                       6.1    1.4      6.6
  SINCE DEC 1     39.0                      36.1    2.9     49.9
  SINCE JUL 1     48.3                      52.1   -3.8     60.8
  SNOW DEPTH      14

DEGREE DAYS
 HEATING
  YESTERDAY       61                        54      7       70
  MONTH TO DATE 1024                       910    114     1119
  SINCE DEC 1   4298                      4502   -204     5376
  SINCE JUL 1   6909                      6963    -54     7734

 COOLING
  YESTERDAY        0                         0      0        0
  MONTH TO DATE    0                         0      0        0
  SINCE DEC 1      0                         0      0        0
  SINCE JAN 1      0                         0      0        0
..................................................................


WIND (MPH)
  HIGHEST WIND SPEED    21   HIGHEST WIND DIRECTION    NW (330)
  HIGHEST GUST SPEED    26   HIGHEST GUST DIRECTION     N (340)
  AVERAGE WIND SPEED     8.9


SKY COVER
  AVERAGE SKY COVER 0.9


WEATHER CONDITIONS
 THE FOLLOWING WEATHER WAS RECORDED YESTERDAY.
  LIGHT SNOW
  FOG
  HAZE


RELATIVE HUMIDITY (PERCENT)
 HIGHEST    87           800 AM
 LOWEST     52           300 PM
 AVERAGE    70

..........................................................


THE INTERNATIONAL FALLS MN CLIMATE NORMALS FOR TODAY
                         NORMAL    RECORD    YEAR
 MAXIMUM TEMPERATURE (F)   23        52      1907
 MINIMUM TEMPERATURE (F)   -1       -37      1967


SUNRISE AND SUNSET
FEBRUARY 17 2015......SUNRISE   718 AM CST   SUNSET   538 PM CST
FEBRUARY 18 2015......SUNRISE   716 AM CST   SUNSET   540 PM CST


-  INDICATES NEGATIVE NUMBERS.
R  INDICATES RECORD WAS SET OR TIED.
MM INDICATES DATA IS MISSING.
T  INDICATES TRACE AMOUNT.




$$
