000
CDUS43 KDLH 012230
CLIINL


CLIMATE REPORT
NATIONAL WEATHER SERVICE DULUTH MN
530 PM CDT FRI AUG 1 2014


...................................

...THE INTERNATIONAL FALLS MN CLIMATE SUMMARY FOR AUGUST 1 2014...
VALID TODAY AS OF 0500 PM LOCAL TIME.

CLIMATE NORMAL PERIOD 1981 TO 2010
CLIMATE RECORD PERIOD 1895 TO 2014


WEATHER ITEM   OBSERVED TIME   RECORD YEAR NORMAL DEPARTURE LAST
                VALUE   (LST)  VALUE       VALUE  FROM      YEAR
                                                  NORMAL
..................................................................
TEMPERATURE (F)
 TODAY
  MAXIMUM         79    300 PM  93    1989  78      1       74
                                      1926
  MINIMUM         45    450 AM  38    1959  52     -7       51
  AVERAGE         62                        65     -3       63

PRECIPITATION (IN)
  TODAY            0.00                      0.08  -0.08     0.13
  MONTH TO DATE    0.00                      0.08  -0.08     0.13
  SINCE JUN 1     14.82                      7.70   7.12     9.13
  SINCE JAN 1     23.64                     14.23   9.41    21.51

SNOWFALL (IN)
  TODAY            0.0                       0.0    0.0      0.0
  MONTH TO DATE    0.0                       0.0    0.0      0.0
  SINCE JUL 1      0.0                       0.0    0.0      0.0
  SNOW DEPTH       0

DEGREE DAYS
 HEATING
  TODAY            3                         2      1        2
  MONTH TO DATE    3                         2      1        2
  SINCE JUN 1    235                       236     -1      256
  SINCE JUL 1    106                        72     34       87

 COOLING
  TODAY            0                         2     -2        0
  MONTH TO DATE    0                         2     -2        0
  SINCE JUN 1     72                       116    -44      124
  SINCE JAN 1     95                       125    -30      127
..................................................................


WIND (MPH)
  HIGHEST WIND SPEED     8   HIGHEST WIND DIRECTION    NE (50)
  HIGHEST GUST SPEED    12   HIGHEST GUST DIRECTION    NE (50)


SKY COVER
  AVERAGE SKY COVER 0.0


WEATHER CONDITIONS
 THE FOLLOWING WEATHER WAS RECORDED TODAY.
  FOG


RELATIVE HUMIDITY (PERCENT)
 HIGHEST   100           100 AM
 LOWEST     35           300 PM
 AVERAGE    68

..........................................................


THE INTERNATIONAL FALLS MN CLIMATE NORMALS FOR TOMORROW
                         NORMAL    RECORD    YEAR
 MAXIMUM TEMPERATURE (F)   78        91      1989
                                             1964
 MINIMUM TEMPERATURE (F)   52        41      1918


SUNRISE AND SUNSET
AUGUST  1 2014........SUNRISE   548 AM CDT   SUNSET   851 PM CDT
AUGUST  2 2014........SUNRISE   549 AM CDT   SUNSET   849 PM CDT


-  INDICATES NEGATIVE NUMBERS.
R  INDICATES RECORD WAS SET OR TIED.
MM INDICATES DATA IS MISSING.
T  INDICATES TRACE AMOUNT.




$$
