000
CDUS43 KDLH 152226
CLIINL


CLIMATE REPORT
NATIONAL WEATHER SERVICE DULUTH MN
524 PM CDT SAT JUL 15 2017


...................................

...THE INTERNATIONAL FALLS MN CLIMATE SUMMARY FOR JULY 15 2017...
VALID TODAY AS OF 0500 PM LOCAL TIME.

CLIMATE NORMAL PERIOD 1981 TO 2010
CLIMATE RECORD PERIOD 1895 TO 2017


WEATHER ITEM   OBSERVED TIME   RECORD YEAR NORMAL DEPARTURE LAST
                VALUE   (LST)  VALUE       VALUE  FROM      YEAR
                                                  NORMAL
..................................................................
TEMPERATURE (F)
 TODAY
  MAXIMUM         78    337 PM  95    1910  78      0       73
  MINIMUM         60    306 AM  37    1912  53      7       46
  AVERAGE         69                        65      4       60

PRECIPITATION (IN)
  TODAY            0.00                      0.12  -0.12     0.00
  MONTH TO DATE    2.09                      2.03   0.06     1.75
  SINCE JUN 1      5.88                      5.95  -0.07     8.67
  SINCE JAN 1     12.50                     12.48   0.02    16.47

SNOWFALL (IN)
  TODAY            0.0                       0.0    0.0      0.0
  MONTH TO DATE    0.0                       0.0    0.0      0.0
  SINCE JUL 1      0.0                       0.0    0.0      0.0
  SNOW DEPTH       0

DEGREE DAYS
 HEATING
  TODAY            0                         2     -2        5
  MONTH TO DATE   55                        37     18       32
  SINCE JUN 1    179                       201    -22      199
  SINCE JUL 1     55                        37     18       32

 COOLING
  TODAY            4                         3      1        0
  MONTH TO DATE   19                        36    -17       25
  SINCE JUN 1     31                        74    -43       44
  SINCE JAN 1     31                        83    -52       46
..................................................................


WIND (MPH)
  HIGHEST WIND SPEED    17   HIGHEST WIND DIRECTION     N (350)
  HIGHEST GUST SPEED    22   HIGHEST GUST DIRECTION    NW (330)


SKY COVER
  AVERAGE SKY COVER 0.6


WEATHER CONDITIONS
 THE FOLLOWING WEATHER WAS RECORDED TODAY.
  NO SIGNIFICANT WEATHER WAS OBSERVED.


RELATIVE HUMIDITY (PERCENT)
 HIGHEST    90           200 AM
 LOWEST     54           400 PM
 AVERAGE    72

..........................................................


THE INTERNATIONAL FALLS MN CLIMATE NORMALS FOR TOMORROW
                         NORMAL    RECORD    YEAR
 MAXIMUM TEMPERATURE (F)   78        96      1964
 MINIMUM TEMPERATURE (F)   53        39      2014


SUNRISE AND SUNSET
JULY 15 2017..........SUNRISE   528 AM CDT   SUNSET   911 PM CDT
JULY 16 2017..........SUNRISE   529 AM CDT   SUNSET   910 PM CDT


-  INDICATES NEGATIVE NUMBERS.
R  INDICATES RECORD WAS SET OR TIED.
MM INDICATES DATA IS MISSING.
T  INDICATES TRACE AMOUNT.




$$
