000
CDUS43 KDLH 312224
CLIINL


CLIMATE REPORT
NATIONAL WEATHER SERVICE DULUTH MN
522 PM CDT MON MAR 31 2014


...................................

...THE INTERNATIONAL FALLS MN CLIMATE SUMMARY FOR MARCH 31 2014...
VALID TODAY AS OF 0500 PM LOCAL TIME.

CLIMATE NORMAL PERIOD 1981 TO 2010
CLIMATE RECORD PERIOD 1895 TO 2014


WEATHER ITEM   OBSERVED TIME   RECORD YEAR NORMAL DEPARTURE LAST
                VALUE   (LST)  VALUE       VALUE  FROM      YEAR
                                                  NORMAL
..................................................................
TEMPERATURE (F)
 TODAY
  MAXIMUM         37   1247 AM  73    1963  43     -6       34
  MINIMUM         22    359 PM -21    1975  20      2       16
  AVERAGE         30                        31     -1       25

PRECIPITATION (IN)
  TODAY            0.07                      0.04   0.03     0.01
  MONTH TO DATE    1.32                      0.95   0.37     1.15
  SINCE MAR 1      1.32                      0.95   0.37     1.15
  SINCE JAN 1      3.07                      2.14   0.93     4.81

SNOWFALL (IN)
  TODAY            0.4                       0.2    0.2      0.1
  MONTH TO DATE   15.9                       7.6    8.3     14.7
  SINCE JUL 1     92.3                      64.4   27.9     85.0
  SNOW DEPTH      24

DEGREE DAYS
 HEATING
  TODAY           35                        34      1       40
  MONTH TO DATE 1602                      1280    322     1512
  SINCE MAR 1   1602                      1283    319     1512
  SINCE JUL 1  10033                      8866   1167     9069

 COOLING
  TODAY            0                         0      0        0
  MONTH TO DATE    0                         0      0        0
  SINCE MAR 1      0                         0      0        0
  SINCE JAN 1      0                         0      0        0
..................................................................


WIND (MPH)
  HIGHEST WIND SPEED    24   HIGHEST WIND DIRECTION    NE (40)
  HIGHEST GUST SPEED    36   HIGHEST GUST DIRECTION    NE (40)


SKY COVER
  AVERAGE SKY COVER 1.0


WEATHER CONDITIONS
 THE FOLLOWING WEATHER WAS RECORDED TODAY.
  LIGHT SNOW
  FOG
  HAZE


RELATIVE HUMIDITY (PERCENT)
 HIGHEST    89           500 AM
 LOWEST     76          1200 AM
 AVERAGE    83

..........................................................


THE INTERNATIONAL FALLS MN CLIMATE NORMALS FOR TOMORROW
                         NORMAL    RECORD    YEAR
 MAXIMUM TEMPERATURE (F)   43        64      1925
 MINIMUM TEMPERATURE (F)   21        -8      1975


SUNRISE AND SUNSET
MARCH 31 2014.........SUNRISE   653 AM CDT   SUNSET   743 PM CDT
APRIL  1 2014.........SUNRISE   651 AM CDT   SUNSET   744 PM CDT


-  INDICATES NEGATIVE NUMBERS.
R  INDICATES RECORD WAS SET OR TIED.
MM INDICATES DATA IS MISSING.
T  INDICATES TRACE AMOUNT.




$$
