000
CDUS43 KDLH 210641
CLIINL


CLIMATE REPORT
NATIONAL WEATHER SERVICE DULUTH MN
137 AM CDT FRI AUG 21 2015


...................................

...THE INTERNATIONAL FALLS MN CLIMATE SUMMARY FOR AUGUST 20 2015...

CLIMATE NORMAL PERIOD 1981 TO 2010
CLIMATE RECORD PERIOD 1895 TO 2015


WEATHER ITEM   OBSERVED TIME   RECORD YEAR NORMAL DEPARTURE LAST
                VALUE   (LST)  VALUE       VALUE  FROM      YEAR
                                                  NORMAL
..................................................................
TEMPERATURE (F)
 YESTERDAY
  MAXIMUM         70    527 PM  91    1910  76     -6       76
  MINIMUM         47   1040 PM  32    1907  50     -3       49
  AVERAGE         59                        63     -4       63

PRECIPITATION (IN)
  YESTERDAY        0.00          1.33 1988   0.09  -0.09     0.00
  MONTH TO DATE    2.95                      1.81   1.14     0.30
  SINCE JUN 1      7.62                      9.43  -1.81    15.12
  SINCE JAN 1     15.79                     15.96  -0.17    23.94

SNOWFALL (IN)
  YESTERDAY        0.0           T    1952   0.0    0.0      0.0
  MONTH TO DATE    0.0                       0.0    0.0      0.0
  SINCE JUN 1      0.0                       0.0    0.0      0.0
  SINCE JUL 1      0.0                       0.0    0.0      0.0
  SNOW DEPTH       0

DEGREE DAYS
 HEATING
  YESTERDAY        6                         4      2        2
  MONTH TO DATE   71                        56     15       60
  SINCE JUN 1    267                       290    -23      292
  SINCE JUL 1    118                       126     -8      163

 COOLING
  YESTERDAY        0                         2     -2        0
  MONTH TO DATE   42                        40      2        7
  SINCE JUN 1    137                       154    -17       79
  SINCE JAN 1    137                       163    -26      102
..................................................................


WIND (MPH)
  HIGHEST WIND SPEED    18   HIGHEST WIND DIRECTION    NW (320)
  HIGHEST GUST SPEED    25   HIGHEST GUST DIRECTION     N (350)
  AVERAGE WIND SPEED     8.0


SKY COVER
  AVERAGE SKY COVER 0.6


WEATHER CONDITIONS
 THE FOLLOWING WEATHER WAS RECORDED YESTERDAY.
  NO SIGNIFICANT WEATHER WAS OBSERVED.


RELATIVE HUMIDITY (PERCENT)
 HIGHEST   100           900 PM
 LOWEST     49           300 PM
 AVERAGE    75

..........................................................


THE INTERNATIONAL FALLS MN CLIMATE NORMALS FOR TODAY
                         NORMAL    RECORD    YEAR
 MAXIMUM TEMPERATURE (F)   75        87      1971
 MINIMUM TEMPERATURE (F)   50        32      2004


SUNRISE AND SUNSET
AUGUST 21 2015........SUNRISE   615 AM CDT   SUNSET   817 PM CDT
AUGUST 22 2015........SUNRISE   616 AM CDT   SUNSET   815 PM CDT


-  INDICATES NEGATIVE NUMBERS.
R  INDICATES RECORD WAS SET OR TIED.
MM INDICATES DATA IS MISSING.
T  INDICATES TRACE AMOUNT.




$$
