000
CDUS43 KDLH 120406
CLIINL


CLIMATE REPORT
NATIONAL WEATHER SERVICE DULUTH MN
1005 PM CST SAT MAR 11 2017


...................................

...THE INTERNATIONAL FALLS MN CLIMATE SUMMARY FOR MARCH 8 2017...

CLIMATE NORMAL PERIOD 1981 TO 2010
CLIMATE RECORD PERIOD 1895 TO 2017


WEATHER ITEM   OBSERVED TIME   RECORD YEAR NORMAL DEPARTURE LAST
                VALUE   (LST)  VALUE       VALUE  FROM      YEAR
                                                  NORMAL
..................................................................
TEMPERATURE (F)
 YESTERDAY
  MAXIMUM         16    403 PM  58    1977  31    -15       39
  MINIMUM          5    916 AM -19    2014   8     -3       34
  AVERAGE         11                        20     -9       37

PRECIPITATION (IN)
  YESTERDAY        0.01          0.25 1954   0.02  -0.01     0.10
  MONTH TO DATE    0.07                      0.19  -0.12     0.20
  SINCE MAR 1      0.07                      0.19  -0.12     0.20
  SINCE JAN 1      2.82                      1.38   1.44     1.57

SNOWFALL (IN)
  YESTERDAY        T             3.4  1988   0.2   -0.2       T
  MONTH TO DATE    0.3                       2.4   -2.1      1.1
  SINCE MAR 1      0.3                       2.4   -2.1      1.1
  SINCE JUL 1     63.6                      59.2    4.4     34.6
  SNOW DEPTH       7

DEGREE DAYS
 HEATING
  YESTERDAY       54                        45      9       28
  MONTH TO DATE  356                       376    -20      366
  SINCE MAR 1    356                       376    -20      366
  SINCE JUL 1   6830                      7959  -1129     6898

 COOLING
  YESTERDAY        0                         0      0        0
  MONTH TO DATE    0                         0      0        0
  SINCE MAR 1      0                         0      0        0
  SINCE JAN 1      0                         0      0        0
..................................................................


WIND (MPH)
  HIGHEST WIND SPEED    31   HIGHEST WIND DIRECTION     W (280)
  HIGHEST GUST SPEED    43   HIGHEST GUST DIRECTION     W (280)
  AVERAGE WIND SPEED    19.2


SKY COVER
  AVERAGE SKY COVER 0.7


WEATHER CONDITIONS
 THE FOLLOWING WEATHER WAS RECORDED YESTERDAY.
  HEAVY SNOW
  LIGHT SNOW
  HAZE
  BLOWING SNOW


RELATIVE HUMIDITY (PERCENT)
 HIGHEST    76           700 AM
 LOWEST     53           200 PM
 AVERAGE    65

..........................................................


THE INTERNATIONAL FALLS MN CLIMATE NORMALS FOR TODAY
                         NORMAL    RECORD    YEAR
 MAXIMUM TEMPERATURE (F)   31        51      1977
 MINIMUM TEMPERATURE (F)    9       -24      1948


SUNRISE AND SUNSET
MARCH  9 2017.........SUNRISE   638 AM CST   SUNSET   610 PM CST
MARCH 10 2017.........SUNRISE   636 AM CST   SUNSET   612 PM CST


-  INDICATES NEGATIVE NUMBERS.
R  INDICATES RECORD WAS SET OR TIED.
MM INDICATES DATA IS MISSING.
T  INDICATES TRACE AMOUNT.




$$
