000
CDUS43 KDLH 160630
CLIINL


CLIMATE REPORT
NATIONAL WEATHER SERVICE DULUTH MN
130 AM CDT SAT APR 16 2016


...................................

...THE INTERNATIONAL FALLS MN CLIMATE SUMMARY FOR APRIL 15 2016...

CLIMATE NORMAL PERIOD 1981 TO 2010
CLIMATE RECORD PERIOD 1895 TO 2016


WEATHER ITEM   OBSERVED TIME   RECORD YEAR NORMAL DEPARTURE LAST
                VALUE   (LST)  VALUE       VALUE  FROM      YEAR
                                                  NORMAL
..................................................................
TEMPERATURE (F)
 YESTERDAY
  MAXIMUM         73    206 PM  78    1913  51     22       72
  MINIMUM         50   1204 AM   5    2014  27     23       37
  AVERAGE         62                        39     23       55

PRECIPITATION (IN)
  YESTERDAY        0.01          0.72 1915   0.05  -0.04     0.00
  MONTH TO DATE    0.52                      0.68  -0.16     0.26
  SINCE MAR 1      3.23                      1.63   1.60     0.90
  SINCE JAN 1      4.60                      2.82   1.78     2.92

SNOWFALL (IN)
  YESTERDAY        0.0           8.0  2001   0.3   -0.3      0.0
  MONTH TO DATE    4.9                       4.1    0.8      2.0
  SINCE MAR 1     14.2                      11.7    2.5      5.5
  SINCE JUL 1     47.7                      68.5  -20.8     62.2
  SNOW DEPTH       T

DEGREE DAYS
 HEATING
  YESTERDAY        3                        26    -23       10
  MONTH TO DATE  517                       441     76      391
  SINCE MAR 1   1620                      1724   -104     1560
  SINCE JUL 1   8152                      9307  -1155     9314

 COOLING
  YESTERDAY        0                         0      0        0
  MONTH TO DATE    0                         0      0        0
  SINCE MAR 1      0                         0      0        0
  SINCE JAN 1      0                         0      0        0
..................................................................


WIND (MPH)
  HIGHEST WIND SPEED    20   HIGHEST WIND DIRECTION     S (200)
  HIGHEST GUST SPEED    31   HIGHEST GUST DIRECTION     S (190)
  AVERAGE WIND SPEED     8.3


SKY COVER
  AVERAGE SKY COVER 0.2


WEATHER CONDITIONS
 THE FOLLOWING WEATHER WAS RECORDED YESTERDAY.
  LIGHT RAIN


RELATIVE HUMIDITY (PERCENT)
 HIGHEST    66           100 AM
 LOWEST     29           200 PM
 AVERAGE    48

..........................................................


THE INTERNATIONAL FALLS MN CLIMATE NORMALS FOR TODAY
                         NORMAL    RECORD    YEAR
 MAXIMUM TEMPERATURE (F)   52        85      1913
 MINIMUM TEMPERATURE (F)   28        13      1953


SUNRISE AND SUNSET
APRIL 16 2016.........SUNRISE   620 AM CDT   SUNSET   807 PM CDT
APRIL 17 2016.........SUNRISE   618 AM CDT   SUNSET   809 PM CDT


-  INDICATES NEGATIVE NUMBERS.
R  INDICATES RECORD WAS SET OR TIED.
MM INDICATES DATA IS MISSING.
T  INDICATES TRACE AMOUNT.




$$
