000
CDUS43 KDLH 082232
CLIINL


CLIMATE REPORT
NATIONAL WEATHER SERVICE DULUTH MN
532 PM CDT FRI JUL 8 2016


...................................

...THE INTERNATIONAL FALLS MN CLIMATE SUMMARY FOR JULY 8 2016...
VALID TODAY AS OF 0530 PM LOCAL TIME.

CLIMATE NORMAL PERIOD 1981 TO 2010
CLIMATE RECORD PERIOD 1895 TO 2016


WEATHER ITEM   OBSERVED TIME   RECORD YEAR NORMAL DEPARTURE LAST
                VALUE   (LST)  VALUE       VALUE  FROM      YEAR
                                                  NORMAL
..................................................................
TEMPERATURE (F)
 TODAY
  MAXIMUM         74    325 PM  95    1923  77     -3       70
  MINIMUM         60    408 AM  40    2015  53      7       40
                                      1958
  AVERAGE         67                        65      2       55

PRECIPITATION (IN)
  TODAY            0.61                      0.14   0.47     0.00
  MONTH TO DATE    0.93                      1.16  -0.23     0.10
  SINCE JUN 1      7.85                      5.08   2.77     3.30
  SINCE JAN 1     15.65                     11.61   4.04    11.47

SNOWFALL (IN)
  TODAY            0.0                       0.0    0.0      0.0
  MONTH TO DATE    0.0                       0.0    0.0      0.0
  SINCE JUL 1      0.0                       0.0    0.0      0.0
  SNOW DEPTH       0

DEGREE DAYS
 HEATING
  TODAY            0                         2     -2       10
  MONTH TO DATE   21                        23     -2       36
  SINCE JUN 1    188                       187      1      185
  SINCE JUL 1     21                        23     -2       36

 COOLING
  TODAY            2                         2      0        0
  MONTH TO DATE   10                        16     -6        5
  SINCE JUN 1     29                        54    -25        9
  SINCE JAN 1     31                        63    -32        9
..................................................................


WIND (MPH)
  HIGHEST WIND SPEED    15   HIGHEST WIND DIRECTION     N (360)
  HIGHEST GUST SPEED    21   HIGHEST GUST DIRECTION     N (350)


SKY COVER
  AVERAGE SKY COVER 0.9


WEATHER CONDITIONS
 THE FOLLOWING WEATHER WAS RECORDED TODAY.
  HEAVY RAIN
  RAIN
  LIGHT RAIN
  FOG


RELATIVE HUMIDITY (PERCENT)
 HIGHEST   100           500 AM
 LOWEST     61           400 PM
 AVERAGE    81

..........................................................


THE INTERNATIONAL FALLS MN CLIMATE NORMALS FOR TOMORROW
                         NORMAL    RECORD    YEAR
 MAXIMUM TEMPERATURE (F)   78        95      1921
                                             1914
 MINIMUM TEMPERATURE (F)   53        40      1922


SUNRISE AND SUNSET
JULY  8 2016..........SUNRISE   521 AM CDT   SUNSET   916 PM CDT
JULY  9 2016..........SUNRISE   522 AM CDT   SUNSET   915 PM CDT


-  INDICATES NEGATIVE NUMBERS.
R  INDICATES RECORD WAS SET OR TIED.
MM INDICATES DATA IS MISSING.
T  INDICATES TRACE AMOUNT.




$$
