000
CDUS43 KDLH 030626
CLIINL


CLIMATE REPORT
NATIONAL WEATHER SERVICE DULUTH MN
125 AM CDT THU JUL 3 2014


...................................

...THE INTERNATIONAL FALLS MN CLIMATE SUMMARY FOR JULY 2 2014...

CLIMATE NORMAL PERIOD 1981 TO 2010
CLIMATE RECORD PERIOD 1895 TO 2014


WEATHER ITEM   OBSERVED TIME   RECORD YEAR NORMAL DEPARTURE LAST
                VALUE   (LST)  VALUE       VALUE  FROM      YEAR
                                                  NORMAL
..................................................................
TEMPERATURE (F)
 YESTERDAY
  MAXIMUM         71    409 PM  96    1921  77     -6       84
  MINIMUM         44    444 AM  35    1972  52     -8       50
  AVERAGE         58                        64     -6       67

PRECIPITATION (IN)
  YESTERDAY        0.00          4.20 1966   0.15  -0.15     0.00
  MONTH TO DATE    0.02                      0.30  -0.28     0.00
  SINCE JUN 1     10.26                      4.22   6.04     1.60
  SINCE JAN 1     19.08                     10.75   8.33    13.98

SNOWFALL (IN)
  YESTERDAY        0.0           0.0  2002   0.0    0.0      0.0
                                      2001
  MONTH TO DATE    0.0                       0.0    0.0      0.0
  SINCE JUN 1      0.0                       0.0    0.0      0.0
  SINCE JUL 1      0.0                       0.0    0.0      0.0
  SNOW DEPTH       0

DEGREE DAYS
 HEATING
  YESTERDAY        7                         3      4        0
  MONTH TO DATE   16                         6     10        0
  SINCE JUN 1    145                       170    -25      169
  SINCE JUL 1     16                         6     10        0

 COOLING
  YESTERDAY        0                         2     -2        2
  MONTH TO DATE    0                         4     -4        2
  SINCE JUN 1     29                        42    -13       36
  SINCE JAN 1     52                        51      1       39
..................................................................


WIND (MPH)
  HIGHEST WIND SPEED    16   HIGHEST WIND DIRECTION    NW (320)
  HIGHEST GUST SPEED    22   HIGHEST GUST DIRECTION     N (360)
  AVERAGE WIND SPEED     6.0


SKY COVER
  AVERAGE SKY COVER 0.4


WEATHER CONDITIONS
 THE FOLLOWING WEATHER WAS RECORDED YESTERDAY.
  NO SIGNIFICANT WEATHER WAS OBSERVED.


RELATIVE HUMIDITY (PERCENT)
 HIGHEST   100           300 AM
 LOWEST     39           200 PM
 AVERAGE    70

..........................................................


THE INTERNATIONAL FALLS MN CLIMATE NORMALS FOR TODAY
                         NORMAL    RECORD    YEAR
 MAXIMUM TEMPERATURE (F)   77        90      1990
 MINIMUM TEMPERATURE (F)   52        37      1915


SUNRISE AND SUNSET
JULY  3 2014..........SUNRISE   517 AM CDT   SUNSET   919 PM CDT
JULY  4 2014..........SUNRISE   518 AM CDT   SUNSET   918 PM CDT


-  INDICATES NEGATIVE NUMBERS.
R  INDICATES RECORD WAS SET OR TIED.
MM INDICATES DATA IS MISSING.
T  INDICATES TRACE AMOUNT.




$$
