000
CDUS43 KDLH 290641
CLIINL


CLIMATE REPORT
NATIONAL WEATHER SERVICE DULUTH MN
1239 AM CST FRI DEC 29 2017


...................................

...THE INTERNATIONAL FALLS MN CLIMATE SUMMARY FOR DECEMBER 28 2017...

CLIMATE NORMAL PERIOD 1981 TO 2010
CLIMATE RECORD PERIOD 1895 TO 2017


WEATHER ITEM   OBSERVED TIME   RECORD YEAR NORMAL DEPARTURE LAST
                VALUE   (LST)  VALUE       VALUE  FROM      YEAR
                                                  NORMAL
..................................................................
TEMPERATURE (F)
 YESTERDAY
  MAXIMUM          3    439 PM  40    1912  16    -13       26
  MINIMUM        -23   1130 PM -40    1917  -4    -19        2
  AVERAGE        -10                         6    -16       14

PRECIPITATION (IN)
  YESTERDAY        0.01          0.29 1984   0.03  -0.02     0.10
  MONTH TO DATE    1.16                      0.74   0.42     1.99
  SINCE DEC 1      1.16                      0.74   0.42     1.99
  SINCE JAN 1     23.55                     24.15  -0.60    29.16

SNOWFALL (IN)
  YESTERDAY        0.3           4.8  1984   0.5   -0.2      1.4
  MONTH TO DATE   16.4                      13.5    2.9     21.5
  SINCE DEC 1     16.4                      13.5    2.9     21.5
  SINCE JUL 1     30.4                      29.5    0.9     29.9
  SNOW DEPTH       7

DEGREE DAYS
 HEATING
  YESTERDAY       75                        59     16       51
  MONTH TO DATE 1575                      1534     41     1497
  SINCE DEC 1   1575                      1534     41     1497
  SINCE JUL 1   3969                      3995    -26     3303

 COOLING
  YESTERDAY        0                         0      0        0
  MONTH TO DATE    0                         0      0        0
  SINCE DEC 1      0                         0      0        0
  SINCE JAN 1     86                       192   -106      155
..................................................................


WIND (MPH)
  HIGHEST WIND SPEED    10   HIGHEST WIND DIRECTION    SE (120)
  HIGHEST GUST SPEED    12   HIGHEST GUST DIRECTION    SE (120)
  AVERAGE WIND SPEED     4.1


SKY COVER
  AVERAGE SKY COVER 0.7


WEATHER CONDITIONS
 THE FOLLOWING WEATHER WAS RECORDED YESTERDAY.
  SNOW
  LIGHT SNOW
  FOG
  HAZE


RELATIVE HUMIDITY (PERCENT)
 HIGHEST    82           600 PM
 LOWEST     68           200 PM
 AVERAGE    75

..........................................................


THE INTERNATIONAL FALLS MN CLIMATE NORMALS FOR TODAY
                         NORMAL    RECORD    YEAR
 MAXIMUM TEMPERATURE (F)   16        36      1999
                                             1965
 MINIMUM TEMPERATURE (F)   -5       -36      1917


SUNRISE AND SUNSET
DECEMBER 29 2017......SUNRISE   806 AM CST   SUNSET   426 PM CST
DECEMBER 30 2017......SUNRISE   806 AM CST   SUNSET   427 PM CST


-  INDICATES NEGATIVE NUMBERS.
R  INDICATES RECORD WAS SET OR TIED.
MM INDICATES DATA IS MISSING.
T  INDICATES TRACE AMOUNT.




$$
