000
CDUS43 KDLH 250624
CLIINL


CLIMATE REPORT
NATIONAL WEATHER SERVICE DULUTH MN
124 AM CDT SAT JUL 25 2015


...................................

...THE INTERNATIONAL FALLS MN CLIMATE SUMMARY FOR JULY 24 2015...

CLIMATE NORMAL PERIOD 1981 TO 2010
CLIMATE RECORD PERIOD 1895 TO 2015


WEATHER ITEM   OBSERVED TIME   RECORD YEAR NORMAL DEPARTURE LAST
                VALUE   (LST)  VALUE       VALUE  FROM      YEAR
                                                  NORMAL
..................................................................
TEMPERATURE (F)
 YESTERDAY
  MAXIMUM         80    441 PM  97    1918  78      2       77
  MINIMUM         54   1159 PM  36    2004  53      1       46
  AVERAGE         67                        66      1       62

PRECIPITATION (IN)
  YESTERDAY        0.08          1.50 1960   0.10  -0.02     0.00
  MONTH TO DATE    1.38                      3.00  -1.62     4.29
  SINCE JUN 1      4.58                      6.92  -2.34    14.53
  SINCE JAN 1     12.75                     13.45  -0.70    23.35

SNOWFALL (IN)
  YESTERDAY        0.0           0.0  2002   0.0    0.0      0.0
                                      2001
  MONTH TO DATE    0.0                       0.0    0.0      0.0
  SINCE JUN 1      0.0                       0.0    0.0      0.0
  SINCE JUL 1      0.0                       0.0    0.0      0.0
  SNOW DEPTH       0

DEGREE DAYS
 HEATING
  YESTERDAY        0                         2     -2        3
  MONTH TO DATE   47                        55     -8       90
  SINCE JUN 1    196                       219    -23      219
  SINCE JUL 1     47                        55     -8       90

 COOLING
  YESTERDAY        2                         2      0        0
  MONTH TO DATE   60                        59      1       39
  SINCE JUN 1     64                        97    -33       68
  SINCE JAN 1     64                       106    -42       91
..................................................................


WIND (MPH)
  HIGHEST WIND SPEED    18   HIGHEST WIND DIRECTION    NW (300)
  HIGHEST GUST SPEED    30   HIGHEST GUST DIRECTION     W (260)
  AVERAGE WIND SPEED     8.1


SKY COVER
  AVERAGE SKY COVER 0.6


WEATHER CONDITIONS
 THE FOLLOWING WEATHER WAS RECORDED YESTERDAY.
  THUNDERSTORM
  LIGHT RAIN
  FOG


RELATIVE HUMIDITY (PERCENT)
 HIGHEST    97           900 PM
 LOWEST     54           400 PM
 AVERAGE    76

..........................................................


THE INTERNATIONAL FALLS MN CLIMATE NORMALS FOR TODAY
                         NORMAL    RECORD    YEAR
 MAXIMUM TEMPERATURE (F)   78        92      1949
 MINIMUM TEMPERATURE (F)   53        39      1911


SUNRISE AND SUNSET
JULY 25 2015..........SUNRISE   539 AM CDT   SUNSET   901 PM CDT
JULY 26 2015..........SUNRISE   540 AM CDT   SUNSET   859 PM CDT


-  INDICATES NEGATIVE NUMBERS.
R  INDICATES RECORD WAS SET OR TIED.
MM INDICATES DATA IS MISSING.
T  INDICATES TRACE AMOUNT.




$$
