000
CDUS43 KDLH 180619
CLIINL


CLIMATE REPORT
NATIONAL WEATHER SERVICE DULUTH MN
1218 AM CST THU DEC 18 2014


...................................

...THE INTERNATIONAL FALLS MN CLIMATE SUMMARY FOR DECEMBER 17 2014...

CLIMATE NORMAL PERIOD 1981 TO 2010
CLIMATE RECORD PERIOD 1895 TO 2014


WEATHER ITEM   OBSERVED TIME   RECORD YEAR NORMAL DEPARTURE LAST
                VALUE   (LST)  VALUE       VALUE  FROM      YEAR
                                                  NORMAL
..................................................................
TEMPERATURE (F)
 YESTERDAY
  MAXIMUM         19    359 PM  40    1923  18      1       19
  MINIMUM          1   1156 PM -35    1983  -1      2      -17
  AVERAGE         10                         9      1        1

PRECIPITATION (IN)
  YESTERDAY        T             0.29 1939   0.03  -0.03     0.01
  MONTH TO DATE    0.42                      0.46  -0.04     1.17
  SINCE DEC 1      0.42                      0.46  -0.04     1.17
  SINCE JAN 1     29.79                     23.87   5.92    31.57

SNOWFALL (IN)
  YESTERDAY        T             3.0  1996   0.5   -0.5      0.2
  MONTH TO DATE    4.3                       8.1   -3.8     20.9
  SINCE DEC 1      4.3                       8.1   -3.8     20.9
  SINCE JUL 1     13.6                      24.1  -10.5     31.8
  SNOW DEPTH       2

DEGREE DAYS
 HEATING
  YESTERDAY       55                        56     -1       64
  MONTH TO DATE  790                       895   -105     1151
  SINCE DEC 1    790                       895   -105     1151
  SINCE JUL 1   3401                      3356     45     3509

 COOLING
  YESTERDAY        0                         0      0        0
  MONTH TO DATE    0                         0      0        0
  SINCE DEC 1      0                         0      0        0
  SINCE JAN 1    121                       192    -71      224
..................................................................


WIND (MPH)
  HIGHEST WIND SPEED    12   HIGHEST WIND DIRECTION     N (350)
  HIGHEST GUST SPEED    14   HIGHEST GUST DIRECTION    NW (330)
  AVERAGE WIND SPEED     5.7


SKY COVER
  AVERAGE SKY COVER 0.3


WEATHER CONDITIONS
 THE FOLLOWING WEATHER WAS RECORDED YESTERDAY.
  NO SIGNIFICANT WEATHER WAS OBSERVED.


RELATIVE HUMIDITY (PERCENT)
 HIGHEST    87          1100 PM
 LOWEST     49           400 PM
 AVERAGE    68

..........................................................


THE INTERNATIONAL FALLS MN CLIMATE NORMALS FOR TODAY
                         NORMAL    RECORD    YEAR
 MAXIMUM TEMPERATURE (F)   18        42      1923
 MINIMUM TEMPERATURE (F)   -1       -36      1983


SUNRISE AND SUNSET
DECEMBER 18 2014......SUNRISE   801 AM CST   SUNSET   419 PM CST
DECEMBER 19 2014......SUNRISE   802 AM CST   SUNSET   420 PM CST


-  INDICATES NEGATIVE NUMBERS.
R  INDICATES RECORD WAS SET OR TIED.
MM INDICATES DATA IS MISSING.
T  INDICATES TRACE AMOUNT.




$$
