000
CDUS43 KDLH 190629
CLIINL


CLIMATE REPORT
NATIONAL WEATHER SERVICE DULUTH MN
127 AM CDT SAT JUL 19 2014


...................................

...THE INTERNATIONAL FALLS MN CLIMATE SUMMARY FOR JULY 18 2014...

CLIMATE NORMAL PERIOD 1981 TO 2010
CLIMATE RECORD PERIOD 1895 TO 2014


WEATHER ITEM   OBSERVED TIME   RECORD YEAR NORMAL DEPARTURE LAST
                VALUE   (LST)  VALUE       VALUE  FROM      YEAR
                                                  NORMAL
..................................................................
TEMPERATURE (F)
 YESTERDAY
  MAXIMUM         79    316 PM  98    1916  78      1       80
  MINIMUM         59    530 AM  38    1912  53      6       59
  AVERAGE         69                        66      3       70

PRECIPITATION (IN)
  YESTERDAY        0.00          2.15 2013   0.11  -0.11     2.15
  MONTH TO DATE    1.70                      2.37  -0.67     4.22
  SINCE JUN 1     11.94                      6.29   5.65     5.82
  SINCE JAN 1     20.76                     12.82   7.94    18.20

SNOWFALL (IN)
  YESTERDAY        0.0           0.0  2002   0.0    0.0      0.0
                                      2001
  MONTH TO DATE    0.0                       0.0    0.0      0.0
  SINCE JUN 1      0.0                       0.0    0.0      0.0
  SINCE JUL 1      0.0                       0.0    0.0      0.0
  SNOW DEPTH       0

DEGREE DAYS
 HEATING
  YESTERDAY        0                         2     -2        0
  MONTH TO DATE   81                        43     38        2
  SINCE JUN 1    210                       207      3      171
  SINCE JUL 1     81                        43     38        2

 COOLING
  YESTERDAY        4                         3      1        5
  MONTH TO DATE   22                        45    -23       90
  SINCE JUN 1     51                        83    -32      124
  SINCE JAN 1     74                        92    -18      127
..................................................................


WIND (MPH)
  HIGHEST WIND SPEED    16   HIGHEST WIND DIRECTION     S (190)
  HIGHEST GUST SPEED    28   HIGHEST GUST DIRECTION     S (190)
  AVERAGE WIND SPEED     7.7


SKY COVER
  AVERAGE SKY COVER 0.2


WEATHER CONDITIONS
 THE FOLLOWING WEATHER WAS RECORDED YESTERDAY.
  THUNDERSTORM


RELATIVE HUMIDITY (PERCENT)
 HIGHEST    87           500 AM
 LOWEST     42           300 PM
 AVERAGE    65

..........................................................


THE INTERNATIONAL FALLS MN CLIMATE NORMALS FOR TODAY
                         NORMAL    RECORD    YEAR
 MAXIMUM TEMPERATURE (F)   78       100      1923
 MINIMUM TEMPERATURE (F)   53        37      2009


SUNRISE AND SUNSET
JULY 19 2014..........SUNRISE   532 AM CDT   SUNSET   907 PM CDT
JULY 20 2014..........SUNRISE   533 AM CDT   SUNSET   906 PM CDT


-  INDICATES NEGATIVE NUMBERS.
R  INDICATES RECORD WAS SET OR TIED.
MM INDICATES DATA IS MISSING.
T  INDICATES TRACE AMOUNT.




$$
