000
CDUS43 KDLH 190623
CLIINL


CLIMATE REPORT
NATIONAL WEATHER SERVICE DULUTH MN
1223 AM CST THU FEB 19 2015


...................................

...THE INTERNATIONAL FALLS MN CLIMATE SUMMARY FOR FEBRUARY 18 2015...

CLIMATE NORMAL PERIOD 1981 TO 2010
CLIMATE RECORD PERIOD 1895 TO 2015


WEATHER ITEM   OBSERVED TIME   RECORD YEAR NORMAL DEPARTURE LAST
                VALUE   (LST)  VALUE       VALUE  FROM      YEAR
                                                  NORMAL
..................................................................
TEMPERATURE (F)
 YESTERDAY
  MAXIMUM         -6    415 PM  49    1954  23    -29       41
  MINIMUM        -24    751 AM -44    1966   0    -24       18
  AVERAGE        -15                        11    -26       30

PRECIPITATION (IN)
  YESTERDAY        T             0.41 1992   0.02  -0.02     0.00
  MONTH TO DATE    0.45                      0.33   0.12     0.41
  SINCE DEC 1      2.63                      1.76   0.87     2.67
  SINCE JAN 1      1.78                      0.95   0.83     1.23

SNOWFALL (IN)
  YESTERDAY        T             6.4  2013   0.4   -0.4      0.0
  MONTH TO DATE    7.6                       6.9    0.7     10.5
  SINCE DEC 1     39.1                      36.9    2.2     53.8
  SINCE JUL 1     48.4                      52.9   -4.5     64.7
  SNOW DEPTH      14

DEGREE DAYS
 HEATING
  YESTERDAY       80                        54     26       35
  MONTH TO DATE 1177                      1018    159     1202
  SINCE DEC 1   4451                      4610   -159     5459
  SINCE JUL 1   7062                      7071     -9     7817

 COOLING
  YESTERDAY        0                         0      0        0
  MONTH TO DATE    0                         0      0        0
  SINCE DEC 1      0                         0      0        0
  SINCE JAN 1      0                         0      0        0
..................................................................


WIND (MPH)
  HIGHEST WIND SPEED    18   HIGHEST WIND DIRECTION    NW (330)
  HIGHEST GUST SPEED    25   HIGHEST GUST DIRECTION    NW (320)
  AVERAGE WIND SPEED     8.7


SKY COVER
  AVERAGE SKY COVER 0.4


WEATHER CONDITIONS
 THE FOLLOWING WEATHER WAS RECORDED YESTERDAY.
  LIGHT SNOW
  HAZE


RELATIVE HUMIDITY (PERCENT)
 HIGHEST    80           700 AM
 LOWEST     47           300 PM
 AVERAGE    64

..........................................................


THE INTERNATIONAL FALLS MN CLIMATE NORMALS FOR TODAY
                         NORMAL    RECORD    YEAR
 MAXIMUM TEMPERATURE (F)   24        47      1994
 MINIMUM TEMPERATURE (F)    0       -43      1966


SUNRISE AND SUNSET
FEBRUARY 19 2015......SUNRISE   714 AM CST   SUNSET   541 PM CST
FEBRUARY 20 2015......SUNRISE   713 AM CST   SUNSET   543 PM CST


-  INDICATES NEGATIVE NUMBERS.
R  INDICATES RECORD WAS SET OR TIED.
MM INDICATES DATA IS MISSING.
T  INDICATES TRACE AMOUNT.




$$
