455
CDUS43 KDLH 300707
CLIINL


CLIMATE REPORT
NATIONAL WEATHER SERVICE DULUTH MN
107 AM CST SAT JAN 30 2016


...................................

...THE INTERNATIONAL FALLS MN CLIMATE SUMMARY FOR JANUARY 29 2016...

CLIMATE NORMAL PERIOD 1981 TO 2010
CLIMATE RECORD PERIOD 1895 TO 2016


WEATHER ITEM   OBSERVED TIME   RECORD YEAR NORMAL DEPARTURE LAST
                VALUE   (LST)  VALUE       VALUE  FROM      YEAR
                                                  NORMAL
..................................................................
TEMPERATURE (F)
 YESTERDAY
  MAXIMUM         34   1019 PM  41    1992  17     17       28
  MINIMUM         -2   1206 AM -41    1951  -6      4      -19
  AVERAGE         16                         5     11        5

PRECIPITATION (IN)
  YESTERDAY        0.03          0.29 1969   0.02   0.01      T
  MONTH TO DATE    0.59                      0.59   0.00     1.26
  SINCE DEC 1      1.66                      1.40   0.26     2.11
  SINCE JAN 1      0.59                      0.59   0.00     1.26

SNOWFALL (IN)
  YESTERDAY        0.2           5.9  1976   0.4   -0.2      0.2
  MONTH TO DATE    8.8                      14.2   -5.4     19.8
  SINCE DEC 1     18.3                      29.2  -10.9     30.5
  SINCE JUL 1     22.1                      45.2  -23.1     39.8
  SNOW DEPTH      10

DEGREE DAYS
 HEATING
  YESTERDAY       49                        60    -11       60
  MONTH TO DATE 1625                      1760   -135     1681
  SINCE DEC 1   2938                      3474   -536     3144
  SINCE JUL 1   4944                      5935   -991     5755

 COOLING
  YESTERDAY        0                         0      0        0
  MONTH TO DATE    0                         0      0        0
  SINCE DEC 1      0                         0      0        0
  SINCE JAN 1      0                         0      0        0
..................................................................


WIND (MPH)
  HIGHEST WIND SPEED    17   HIGHEST WIND DIRECTION    SW (210)
  HIGHEST GUST SPEED    27   HIGHEST GUST DIRECTION     S (160)
  AVERAGE WIND SPEED     9.6


SKY COVER
  AVERAGE SKY COVER 0.9


WEATHER CONDITIONS
 THE FOLLOWING WEATHER WAS RECORDED YESTERDAY.
  MIXED PRECIP
  LIGHT SNOW
  FOG
  HAZE


RELATIVE HUMIDITY (PERCENT)
 HIGHEST    89          1000 PM
 LOWEST     63           100 PM
 AVERAGE    76

..........................................................


THE INTERNATIONAL FALLS MN CLIMATE NORMALS FOR TODAY
                         NORMAL    RECORD    YEAR
 MAXIMUM TEMPERATURE (F)   17        43      1999
 MINIMUM TEMPERATURE (F)   -6       -40      1950
                                             1909


SUNRISE AND SUNSET
JANUARY 30 2016.......SUNRISE   746 AM CST   SUNSET   508 PM CST
JANUARY 31 2016.......SUNRISE   745 AM CST   SUNSET   510 PM CST


-  INDICATES NEGATIVE NUMBERS.
R  INDICATES RECORD WAS SET OR TIED.
MM INDICATES DATA IS MISSING.
T  INDICATES TRACE AMOUNT.




$$
