000
CDUS43 KDLH 220640
CLIINL


CLIMATE REPORT
NATIONAL WEATHER SERVICE DULUTH MN
140 AM CDT SAT AUG 22 2015


...................................

...THE INTERNATIONAL FALLS MN CLIMATE SUMMARY FOR AUGUST 21 2015...

CLIMATE NORMAL PERIOD 1981 TO 2010
CLIMATE RECORD PERIOD 1895 TO 2015


WEATHER ITEM   OBSERVED TIME   RECORD YEAR NORMAL DEPARTURE LAST
                VALUE   (LST)  VALUE       VALUE  FROM      YEAR
                                                  NORMAL
..................................................................
TEMPERATURE (F)
 YESTERDAY
  MAXIMUM         77    401 PM  87    1971  75      2       70
  MINIMUM         51    257 AM  32    2004  50      1       55
  AVERAGE         64                        63      1       63

PRECIPITATION (IN)
  YESTERDAY        0.12          1.81 1996   0.09   0.03     0.01
  MONTH TO DATE    3.07                      1.90   1.17     0.31
  SINCE JUN 1      7.74                      9.52  -1.78    15.13
  SINCE JAN 1     15.91                     16.05  -0.14    23.95

SNOWFALL (IN)
  YESTERDAY        0.0           T    1996   0.0    0.0      0.0
  MONTH TO DATE    0.0                       0.0    0.0      0.0
  SINCE JUN 1      0.0                       0.0    0.0      0.0
  SINCE JUL 1      0.0                       0.0    0.0      0.0
  SNOW DEPTH       0

DEGREE DAYS
 HEATING
  YESTERDAY        1                         4     -3        2
  MONTH TO DATE   72                        60     12       62
  SINCE JUN 1    268                       294    -26      294
  SINCE JUL 1    119                       130    -11      165

 COOLING
  YESTERDAY        0                         2     -2        0
  MONTH TO DATE   42                        42      0        7
  SINCE JUN 1    137                       156    -19       79
  SINCE JAN 1    137                       165    -28      102
..................................................................


WIND (MPH)
  HIGHEST WIND SPEED    13   HIGHEST WIND DIRECTION     W (280)
  HIGHEST GUST SPEED    19   HIGHEST GUST DIRECTION     S (160)
  AVERAGE WIND SPEED     5.3


SKY COVER
  AVERAGE SKY COVER 0.3


WEATHER CONDITIONS
 THE FOLLOWING WEATHER WAS RECORDED YESTERDAY.
  HEAVY RAIN
  LIGHT RAIN
  FOG


RELATIVE HUMIDITY (PERCENT)
 HIGHEST    89           100 AM
 LOWEST     56           200 PM
 AVERAGE    73

..........................................................


THE INTERNATIONAL FALLS MN CLIMATE NORMALS FOR TODAY
                         NORMAL    RECORD    YEAR
 MAXIMUM TEMPERATURE (F)   75        91      1947
                                             1922
 MINIMUM TEMPERATURE (F)   50        32      1958


SUNRISE AND SUNSET
AUGUST 22 2015........SUNRISE   616 AM CDT   SUNSET   815 PM CDT
AUGUST 23 2015........SUNRISE   618 AM CDT   SUNSET   814 PM CDT


-  INDICATES NEGATIVE NUMBERS.
R  INDICATES RECORD WAS SET OR TIED.
MM INDICATES DATA IS MISSING.
T  INDICATES TRACE AMOUNT.




$$
