000
CDUS43 KDLH 080621
CLIINL


CLIMATE REPORT
NATIONAL WEATHER SERVICE DULUTH MN
120 AM CDT FRI APR 8 2016


...................................

...THE INTERNATIONAL FALLS MN CLIMATE SUMMARY FOR APRIL 7 2016...

CLIMATE NORMAL PERIOD 1981 TO 2010
CLIMATE RECORD PERIOD 1895 TO 2016


WEATHER ITEM   OBSERVED TIME   RECORD YEAR NORMAL DEPARTURE LAST
                VALUE   (LST)  VALUE       VALUE  FROM      YEAR
                                                  NORMAL
..................................................................
TEMPERATURE (F)
 YESTERDAY
  MAXIMUM         38    306 PM  71    1987  47     -9       46
  MINIMUM         25   1159 PM  -9    1982  23      2       21
  AVERAGE         32                        35     -3       34

PRECIPITATION (IN)
  YESTERDAY        0.06          1.24 2001   0.04   0.02     0.24
  MONTH TO DATE    0.46                      0.29   0.17     0.26
  SINCE MAR 1      3.17                      1.24   1.93     0.90
  SINCE JAN 1      4.54                      2.43   2.11     2.92

SNOWFALL (IN)
  YESTERDAY        0.3           6.7  1948   0.2    0.1      2.0
  MONTH TO DATE    4.5                       1.9    2.6      2.0
  SINCE MAR 1     13.8                       9.5    4.3      5.5
  SINCE JUL 1     47.3                      66.3  -19.0     62.2
  SNOW DEPTH       T

DEGREE DAYS
 HEATING
  YESTERDAY       33                        30      3       31
  MONTH TO DATE  273                       221     52      234
  SINCE MAR 1   1376                      1504   -128     1403
  SINCE JUL 1   7908                      9087  -1179     9157

 COOLING
  YESTERDAY        0                         0      0        0
  MONTH TO DATE    0                         0      0        0
  SINCE MAR 1      0                         0      0        0
  SINCE JAN 1      0                         0      0        0
..................................................................


WIND (MPH)
  HIGHEST WIND SPEED    25   HIGHEST WIND DIRECTION    NW (320)
  HIGHEST GUST SPEED    31   HIGHEST GUST DIRECTION    NW (330)
  AVERAGE WIND SPEED     9.3


SKY COVER
  AVERAGE SKY COVER 1.0


WEATHER CONDITIONS
 THE FOLLOWING WEATHER WAS RECORDED YESTERDAY.
  LIGHT RAIN
  LIGHT SNOW
  FOG
  HAZE


RELATIVE HUMIDITY (PERCENT)
 HIGHEST    89           500 PM
 LOWEST     68          1100 PM
 AVERAGE    79

..........................................................


THE INTERNATIONAL FALLS MN CLIMATE NORMALS FOR TODAY
                         NORMAL    RECORD    YEAR
 MAXIMUM TEMPERATURE (F)   47        75      1987
 MINIMUM TEMPERATURE (F)   24         2      1989
                                             1950


SUNRISE AND SUNSET
APRIL  8 2016.........SUNRISE   636 AM CDT   SUNSET   756 PM CDT
APRIL  9 2016.........SUNRISE   634 AM CDT   SUNSET   757 PM CDT


-  INDICATES NEGATIVE NUMBERS.
R  INDICATES RECORD WAS SET OR TIED.
MM INDICATES DATA IS MISSING.
T  INDICATES TRACE AMOUNT.




$$
