000
CDUS43 KDLH 122219
CLIINL


CLIMATE REPORT
NATIONAL WEATHER SERVICE DULUTH MN
518 PM CDT WED JUL 12 2017


...................................

...THE INTERNATIONAL FALLS MN CLIMATE SUMMARY FOR JULY 12 2017...
VALID TODAY AS OF 0500 PM LOCAL TIME.

CLIMATE NORMAL PERIOD 1981 TO 2010
CLIMATE RECORD PERIOD 1895 TO 2017


WEATHER ITEM   OBSERVED TIME   RECORD YEAR NORMAL DEPARTURE LAST
                VALUE   (LST)  VALUE       VALUE  FROM      YEAR
                                                  NORMAL
..................................................................
TEMPERATURE (F)
 TODAY
  MAXIMUM         61   1246 AM  96    1921  78    -17       76
  MINIMUM         56    109 PM  35    2009  53      3       61
  AVERAGE         59                        65     -6       69

PRECIPITATION (IN)
  TODAY            0.20                      0.12   0.08     0.30
  MONTH TO DATE    1.90                      1.67   0.23     1.44
  SINCE JUN 1      5.69                      5.59   0.10     8.36
  SINCE JAN 1     12.31                     12.12   0.19    16.16

SNOWFALL (IN)
  TODAY            0.0                       0.0    0.0      0.0
  MONTH TO DATE    0.0                       0.0    0.0      0.0
  SINCE JUL 1      0.0                       0.0    0.0      0.0
  SNOW DEPTH       0

DEGREE DAYS
 HEATING
  TODAY            6                         2      4        0
  MONTH TO DATE   38                        31      7       23
  SINCE JUN 1    162                       195    -33      190
  SINCE JUL 1     38                        31      7       23

 COOLING
  TODAY            0                         3     -3        4
  MONTH TO DATE   15                        27    -12       23
  SINCE JUN 1     27                        65    -38       42
  SINCE JAN 1     27                        74    -47       44
..................................................................


WIND (MPH)
  HIGHEST WIND SPEED    21   HIGHEST WIND DIRECTION     E (100)
  HIGHEST GUST SPEED    28   HIGHEST GUST DIRECTION    SE (120)


SKY COVER
  AVERAGE SKY COVER 1.0


WEATHER CONDITIONS
 THE FOLLOWING WEATHER WAS RECORDED TODAY.
  LIGHT RAIN
  FOG


RELATIVE HUMIDITY (PERCENT)
 HIGHEST   100           700 AM
 LOWEST     78          1200 AM
 AVERAGE    89

..........................................................


THE INTERNATIONAL FALLS MN CLIMATE NORMALS FOR TOMORROW
                         NORMAL    RECORD    YEAR
 MAXIMUM TEMPERATURE (F)   78        93      1983
 MINIMUM TEMPERATURE (F)   53        35      2009


SUNRISE AND SUNSET
JULY 12 2017..........SUNRISE   525 AM CDT   SUNSET   913 PM CDT
JULY 13 2017..........SUNRISE   526 AM CDT   SUNSET   913 PM CDT


-  INDICATES NEGATIVE NUMBERS.
R  INDICATES RECORD WAS SET OR TIED.
MM INDICATES DATA IS MISSING.
T  INDICATES TRACE AMOUNT.




$$
