000
CDUS43 KDLH 180623
CLIINL


CLIMATE REPORT
NATIONAL WEATHER SERVICE DULUTH MN
122 AM CDT TUE AUG 18 2015


...................................

...THE INTERNATIONAL FALLS MN CLIMATE SUMMARY FOR AUGUST 17 2015...

CLIMATE NORMAL PERIOD 1981 TO 2010
CLIMATE RECORD PERIOD 1895 TO 2015


WEATHER ITEM   OBSERVED TIME   RECORD YEAR NORMAL DEPARTURE LAST
                VALUE   (LST)  VALUE       VALUE  FROM      YEAR
                                                  NORMAL
..................................................................
TEMPERATURE (F)
 YESTERDAY
  MAXIMUM         71    212 PM  90    1906  76     -5       69
  MINIMUM         42   1139 PM  35    1954  51     -9       55
  AVERAGE         57                        64     -7       62

PRECIPITATION (IN)
  YESTERDAY        0.00          2.51 2005   0.08  -0.08     0.00
  MONTH TO DATE    2.06                      1.55   0.51     0.27
  SINCE JUN 1      6.73                      9.17  -2.44    15.09
  SINCE JAN 1     14.90                     15.70  -0.80    23.91

SNOWFALL (IN)
  YESTERDAY        0.0           0.0  2002   0.0    0.0      0.0
                                      2001
  MONTH TO DATE    0.0                       0.0    0.0      0.0
  SINCE JUN 1      0.0                       0.0    0.0      0.0
  SINCE JUL 1      0.0                       0.0    0.0      0.0
  SNOW DEPTH       0

DEGREE DAYS
 HEATING
  YESTERDAY        8                         3      5        3
  MONTH TO DATE   45                        45      0       51
  SINCE JUN 1    241                       279    -38      283
  SINCE JUL 1     92                       115    -23      154

 COOLING
  YESTERDAY        0                         2     -2        0
  MONTH TO DATE   42                        34      8        7
  SINCE JUN 1    137                       148    -11       79
  SINCE JAN 1    137                       157    -20      102
..................................................................


WIND (MPH)
  HIGHEST WIND SPEED    15   HIGHEST WIND DIRECTION    NW (330)
  HIGHEST GUST SPEED    20   HIGHEST GUST DIRECTION    NW (330)
  AVERAGE WIND SPEED     5.0


SKY COVER
  AVERAGE SKY COVER 0.2


WEATHER CONDITIONS
 THE FOLLOWING WEATHER WAS RECORDED YESTERDAY.
  NO SIGNIFICANT WEATHER WAS OBSERVED.


RELATIVE HUMIDITY (PERCENT)
 HIGHEST   100           400 AM
 LOWEST     47           300 PM
 AVERAGE    74

..........................................................


THE INTERNATIONAL FALLS MN CLIMATE NORMALS FOR TODAY
                         NORMAL    RECORD    YEAR
 MAXIMUM TEMPERATURE (F)   76        95      2003
                                             1955
 MINIMUM TEMPERATURE (F)   51        36      1910


SUNRISE AND SUNSET
AUGUST 18 2015........SUNRISE   611 AM CDT   SUNSET   823 PM CDT
AUGUST 19 2015........SUNRISE   612 AM CDT   SUNSET   821 PM CDT


-  INDICATES NEGATIVE NUMBERS.
R  INDICATES RECORD WAS SET OR TIED.
MM INDICATES DATA IS MISSING.
T  INDICATES TRACE AMOUNT.




$$
