560
CDUS43 KDLH 081309
CLIINL


CLIMATE REPORT
NATIONAL WEATHER SERVICE DULUTH MN
709 AM CST WED NOV 8 2017


...................................

...THE INTERNATIONAL FALLS MN CLIMATE SUMMARY FOR NOVEMBER 7 2017...

CLIMATE NORMAL PERIOD 1981 TO 2010
CLIMATE RECORD PERIOD 1895 TO 2017


WEATHER ITEM   OBSERVED TIME   RECORD YEAR NORMAL DEPARTURE LAST
                VALUE   (LST)  VALUE       VALUE  FROM      YEAR
                                                  NORMAL
..................................................................
TEMPERATURE (F)
 YESTERDAY
  MAXIMUM         25    224 PM  64    2016  39    -14       64
  MINIMUM          1    756 AM  -9    2003  23    -22       42
  AVERAGE         13                        31    -18       53

PRECIPITATION (IN)
  YESTERDAY        0.00          0.88 1947   0.05  -0.05     0.00
  MONTH TO DATE    0.88                      0.37   0.51     0.17
  SINCE SEP 1      5.46                      5.44   0.02     4.98
  SINCE JAN 1     22.20                     22.40  -0.20    25.54

SNOWFALL (IN)
  YESTERDAY        0.0           4.2  1957   0.4   -0.4      0.0
  MONTH TO DATE    8.6                       2.1    6.5      0.0
  SINCE SEP 1     10.7                       4.4    6.3       T
  SINCE JUL 1     10.7                       4.4    6.3       T
  SNOW DEPTH       0

DEGREE DAYS
 HEATING
  YESTERDAY       52                        34     18       12
  MONTH TO DATE  286                       228     58      130
  SINCE SEP 1   1204                      1324   -120      994
  SINCE JUL 1   1415                      1505    -90     1111

 COOLING
  YESTERDAY        0                         0      0        0
  MONTH TO DATE    0                         0      0        0
  SINCE SEP 1      7                        11     -4        7
  SINCE JAN 1     86                       192   -106      155
..................................................................


WIND (MPH)
  HIGHEST WIND SPEED    20   HIGHEST WIND DIRECTION    SW (230)
  HIGHEST GUST SPEED    27   HIGHEST GUST DIRECTION     W (250)
  AVERAGE WIND SPEED     8.0


SKY COVER
  AVERAGE SKY COVER 0.0


WEATHER CONDITIONS
 THE FOLLOWING WEATHER WAS RECORDED YESTERDAY.
  FOG
  HAZE


RELATIVE HUMIDITY (PERCENT)
 HIGHEST    88           500 AM
 LOWEST     55           100 PM
 AVERAGE    72

..........................................................


THE INTERNATIONAL FALLS MN CLIMATE NORMALS FOR TODAY
                         NORMAL    RECORD    YEAR
 MAXIMUM TEMPERATURE (F)   38        72      1999
 MINIMUM TEMPERATURE (F)   22       -13      2003


SUNRISE AND SUNSET
NOVEMBER  8 2017......SUNRISE   711 AM CST   SUNSET   443 PM CST
NOVEMBER  9 2017......SUNRISE   713 AM CST   SUNSET   441 PM CST


-  INDICATES NEGATIVE NUMBERS.
R  INDICATES RECORD WAS SET OR TIED.
MM INDICATES DATA IS MISSING.
T  INDICATES TRACE AMOUNT.




$$
