000
CDUS43 KDLH 191245
CLIINL


CLIMATE REPORT
NATIONAL WEATHER SERVICE DULUTH MN
745 AM CDT FRI JUN 19 2015


...................................

...THE INTERNATIONAL FALLS MN CLIMATE SUMMARY FOR JUNE 18 2015...

CLIMATE NORMAL PERIOD 1981 TO 2010
CLIMATE RECORD PERIOD 1895 TO 2015


WEATHER ITEM   OBSERVED TIME   RECORD YEAR NORMAL DEPARTURE LAST
                VALUE   (LST)  VALUE       VALUE  FROM      YEAR
                                                  NORMAL
..................................................................
TEMPERATURE (F)
 YESTERDAY
  MAXIMUM         67    441 PM  99    1995  74     -7       74
  MINIMUM         42   1159 PM  33    1912  49     -7       55
  AVERAGE         55                        62     -7       65

PRECIPITATION (IN)
  YESTERDAY        0.02          1.35 1919   0.14  -0.12     0.00
  MONTH TO DATE    1.77                      2.20  -0.43     7.70
  SINCE JUN 1      1.77                      2.20  -0.43     7.70
  SINCE JAN 1      9.94                      8.73   1.21    16.52

SNOWFALL (IN)
  YESTERDAY       MM             0.0  2002   0.0   MM        0.0
                                      2001
  MONTH TO DATE    0.0                       0.0    0.0      0.0
  SINCE JUN 1      0.0                       0.0    0.0      0.0
  SINCE JUL 1     64.5                      71.0   -6.5    101.2
  SNOW DEPTH       0

DEGREE DAYS
 HEATING
  YESTERDAY       10                         5      5        0
  MONTH TO DATE  110                       119     -9      113
  SINCE JUN 1    110                       119     -9      113
  SINCE JUL 1  10244                     10176     68    11495

 COOLING
  YESTERDAY        0                         1     -1        0
  MONTH TO DATE    1                        18    -17        1
  SINCE JUN 1      1                        18    -17        1
  SINCE JAN 1      1                        27    -26       24
..................................................................


WIND (MPH)
  HIGHEST WIND SPEED    17   HIGHEST WIND DIRECTION     N (360)
  HIGHEST GUST SPEED    23   HIGHEST GUST DIRECTION     N (10)
  AVERAGE WIND SPEED     6.7


SKY COVER
  AVERAGE SKY COVER 0.5


WEATHER CONDITIONS
 THE FOLLOWING WEATHER WAS RECORDED YESTERDAY.
  LIGHT RAIN
  FOG


RELATIVE HUMIDITY (PERCENT)
 HIGHEST    92          1000 PM
 LOWEST     37           500 PM
 AVERAGE    65

..........................................................


THE INTERNATIONAL FALLS MN CLIMATE NORMALS FOR TODAY
                         NORMAL    RECORD    YEAR
 MAXIMUM TEMPERATURE (F)   74        94      1995
 MINIMUM TEMPERATURE (F)   50        34      2004


SUNRISE AND SUNSET
JUNE 19 2015..........SUNRISE   511 AM CDT   SUNSET   919 PM CDT
JUNE 20 2015..........SUNRISE   511 AM CDT   SUNSET   919 PM CDT


-  INDICATES NEGATIVE NUMBERS.
R  INDICATES RECORD WAS SET OR TIED.
MM INDICATES DATA IS MISSING.
T  INDICATES TRACE AMOUNT.




$$
