000
CDUS43 KDLH 012221
CLIINL


CLIMATE REPORT
NATIONAL WEATHER SERVICE DULUTH MN
420 PM CST SUN JAN 1 2017


...................................

...THE INTERNATIONAL FALLS MN CLIMATE SUMMARY FOR JANUARY 1 2017...
VALID TODAY AS OF 0400 PM LOCAL TIME.

CLIMATE NORMAL PERIOD 1981 TO 2010
CLIMATE RECORD PERIOD 1895 TO 2016


WEATHER ITEM   OBSERVED TIME   RECORD YEAR NORMAL DEPARTURE LAST
                VALUE   (LST)  VALUE       VALUE  FROM      YEAR
                                                  NORMAL
..................................................................
TEMPERATURE (F)
 TODAY
  MAXIMUM         19    444 AM  39    1964  15      4       24
  MINIMUM          8    837 AM -39    2014  -5     13       15
  AVERAGE         14                         5      9       20

PRECIPITATION (IN)
  TODAY            0.02                      0.02   0.00     0.00
  MONTH TO DATE    0.02                      0.02   0.00     0.00
  SINCE DEC 1      2.21                      0.83   1.38     1.07
  SINCE JAN 1      0.02                      0.02   0.00     0.00

SNOWFALL (IN)
  TODAY            0.7                       0.5    0.2      0.0
  MONTH TO DATE    0.7                       0.5    0.2      0.0
  SINCE JUL 1     34.6                      31.5    3.1     13.3
  SNOW DEPTH      14

DEGREE DAYS
 HEATING
  TODAY           51                        60     -9       45
  MONTH TO DATE   51                        60     -9       45
  SINCE DEC 1   1717                      1774    -57     1358
  SINCE JUL 1   3523                      4235   -712     3364

 COOLING
  TODAY            0                         0      0        0
  MONTH TO DATE    0                         0      0        0
  SINCE DEC 1      0                         0      0        0
  SINCE JAN 1      0                         0      0        0
..................................................................


WIND (MPH)
  HIGHEST WIND SPEED    24   HIGHEST WIND DIRECTION    NW (320)
  HIGHEST GUST SPEED    34   HIGHEST GUST DIRECTION    NW (320)


SKY COVER
  AVERAGE SKY COVER 0.5


WEATHER CONDITIONS
 THE FOLLOWING WEATHER WAS RECORDED TODAY.
  LIGHT SNOW
  FOG


RELATIVE HUMIDITY (PERCENT)
 HIGHEST    92          1200 AM
 LOWEST     58           200 PM
 AVERAGE    75

..........................................................


THE INTERNATIONAL FALLS MN CLIMATE NORMALS FOR TOMORROW
                         NORMAL    RECORD    YEAR
 MAXIMUM TEMPERATURE (F)   15        37      1997
 MINIMUM TEMPERATURE (F)   -6       -43      2014


SUNRISE AND SUNSET
JANUARY  1 2017.......SUNRISE   806 AM CST   SUNSET   429 PM CST
JANUARY  2 2017.......SUNRISE   806 AM CST   SUNSET   430 PM CST


-  INDICATES NEGATIVE NUMBERS.
R  INDICATES RECORD WAS SET OR TIED.
MM INDICATES DATA IS MISSING.
T  INDICATES TRACE AMOUNT.




$$
