000
CDUS43 KDLH 032225
CLIINL


CLIMATE REPORT
NATIONAL WEATHER SERVICE DULUTH MN
523 PM CDT MON JUL 3 2017


...................................

...THE INTERNATIONAL FALLS MN CLIMATE SUMMARY FOR JULY 3 2017...
VALID TODAY AS OF 0500 PM LOCAL TIME.

CLIMATE NORMAL PERIOD 1981 TO 2010
CLIMATE RECORD PERIOD 1895 TO 2017


WEATHER ITEM   OBSERVED TIME   RECORD YEAR NORMAL DEPARTURE LAST
                VALUE   (LST)  VALUE       VALUE  FROM      YEAR
                                                  NORMAL
..................................................................
TEMPERATURE (F)
 TODAY
  MAXIMUM         77    303 PM  90    1990  77      0       78
  MINIMUM         42    508 AM  37    1915  52    -10       44
  AVERAGE         60                        64     -4       61

PRECIPITATION (IN)
  TODAY            0.00                      0.15  -0.15     0.01
  MONTH TO DATE    0.26                      0.45  -0.19     0.01
  SINCE JUN 1      4.05                      4.37  -0.32     6.93
  SINCE JAN 1     10.67                     10.90  -0.23    14.73

SNOWFALL (IN)
  TODAY            0.0                       0.0    0.0      0.0
  MONTH TO DATE    0.0                       0.0    0.0      0.0
  SINCE JUL 1      0.0                       0.0    0.0      0.0
  SNOW DEPTH       0

DEGREE DAYS
 HEATING
  TODAY            5                         3      2        4
  MONTH TO DATE   20                         9     11       16
  SINCE JUN 1    144                       173    -29      183
  SINCE JUL 1     20                         9     11       16

 COOLING
  TODAY            0                         2     -2        0
  MONTH TO DATE    0                         6     -6        0
  SINCE JUN 1     12                        44    -32       19
  SINCE JAN 1     12                        53    -41       21
..................................................................


WIND (MPH)
  HIGHEST WIND SPEED    10   HIGHEST WIND DIRECTION    SE (150)
  HIGHEST GUST SPEED    17   HIGHEST GUST DIRECTION    SE (120)


SKY COVER
  AVERAGE SKY COVER 0.3


WEATHER CONDITIONS
 THE FOLLOWING WEATHER WAS RECORDED TODAY.
  FOG


RELATIVE HUMIDITY (PERCENT)
 HIGHEST    96           400 AM
 LOWEST     46           300 PM
 AVERAGE    71

..........................................................


THE INTERNATIONAL FALLS MN CLIMATE NORMALS FOR TOMORROW
                         NORMAL    RECORD    YEAR
 MAXIMUM TEMPERATURE (F)   77        90      1948
 MINIMUM TEMPERATURE (F)   52        36      1967


SUNRISE AND SUNSET
JULY  3 2017..........SUNRISE   517 AM CDT   SUNSET   919 PM CDT
JULY  4 2017..........SUNRISE   518 AM CDT   SUNSET   918 PM CDT


-  INDICATES NEGATIVE NUMBERS.
R  INDICATES RECORD WAS SET OR TIED.
MM INDICATES DATA IS MISSING.
T  INDICATES TRACE AMOUNT.




$$
