000
CDUS43 KDLH 162223
CLIINL


CLIMATE REPORT
NATIONAL WEATHER SERVICE DULUTH MN
522 PM CDT SUN AUG 16 2015


...................................

...THE INTERNATIONAL FALLS MN CLIMATE SUMMARY FOR AUGUST 16 2015...
VALID TODAY AS OF 0500 PM LOCAL TIME.

CLIMATE NORMAL PERIOD 1981 TO 2010
CLIMATE RECORD PERIOD 1895 TO 2015


WEATHER ITEM   OBSERVED TIME   RECORD YEAR NORMAL DEPARTURE LAST
                VALUE   (LST)  VALUE       VALUE  FROM      YEAR
                                                  NORMAL
..................................................................
TEMPERATURE (F)
 TODAY
  MAXIMUM         75    421 AM  93    1971  76     -1       75
  MINIMUM         66    904 AM  41    2012  51     15       54
                                      1958
  AVERAGE         71                        64      7       65

PRECIPITATION (IN)
  TODAY            0.09                      0.09   0.00      T
  MONTH TO DATE    2.06                      1.47   0.59     0.27
  SINCE JUN 1      6.73                      9.09  -2.36    15.09
  SINCE JAN 1     14.90                     15.62  -0.72    23.91

SNOWFALL (IN)
  TODAY            0.0                       0.0    0.0      0.0
  MONTH TO DATE    0.0                       0.0    0.0      0.0
  SINCE JUL 1      0.0                       0.0    0.0      0.0
  SNOW DEPTH       0

DEGREE DAYS
 HEATING
  TODAY            0                         3     -3        0
  MONTH TO DATE   37                        42     -5       48
  SINCE JUN 1    233                       276    -43      280
  SINCE JUL 1     84                       112    -28      151

 COOLING
  TODAY            6                         2      4        0
  MONTH TO DATE   47                        32     15        7
  SINCE JUN 1    142                       146     -4       79
  SINCE JAN 1    142                       155    -13      102
..................................................................


WIND (MPH)
  HIGHEST WIND SPEED    20   HIGHEST WIND DIRECTION     W (290)
  HIGHEST GUST SPEED    26   HIGHEST GUST DIRECTION     W (270)


SKY COVER
  AVERAGE SKY COVER 0.4


WEATHER CONDITIONS
 THE FOLLOWING WEATHER WAS RECORDED TODAY.
  THUNDERSTORM
  HEAVY RAIN
  RAIN
  LIGHT RAIN
  FOG


RELATIVE HUMIDITY (PERCENT)
 HIGHEST    87           500 AM
 LOWEST     61           200 PM
 AVERAGE    74

..........................................................


THE INTERNATIONAL FALLS MN CLIMATE NORMALS FOR TOMORROW
                         NORMAL    RECORD    YEAR
 MAXIMUM TEMPERATURE (F)   76        90      1906
 MINIMUM TEMPERATURE (F)   51        35      1954


SUNRISE AND SUNSET
AUGUST 16 2015........SUNRISE   608 AM CDT   SUNSET   827 PM CDT
AUGUST 17 2015........SUNRISE   610 AM CDT   SUNSET   825 PM CDT


-  INDICATES NEGATIVE NUMBERS.
R  INDICATES RECORD WAS SET OR TIED.
MM INDICATES DATA IS MISSING.
T  INDICATES TRACE AMOUNT.




$$
