000
CDUS43 KDLH 020631
CLIINL


CLIMATE REPORT
NATIONAL WEATHER SERVICE DULUTH MN
129 AM CDT FRI JUN 2 2017


...................................

...THE INTERNATIONAL FALLS MN CLIMATE SUMMARY FOR JUNE 1 2017...

CLIMATE NORMAL PERIOD 1981 TO 2010
CLIMATE RECORD PERIOD 1895 TO 2017


WEATHER ITEM   OBSERVED TIME   RECORD YEAR NORMAL DEPARTURE LAST
                VALUE   (LST)  VALUE       VALUE  FROM      YEAR
                                                  NORMAL
..................................................................
TEMPERATURE (F)
 YESTERDAY
  MAXIMUM         81    326 PM  91    1988  70     11       65
  MINIMUM         34    422 AM  23    1964  44    -10       52
  AVERAGE         58                        57      1       59

PRECIPITATION (IN)
  YESTERDAY        0.00          0.93 1981   0.11  -0.11     0.10
  MONTH TO DATE    0.00                      0.11  -0.11     0.10
  SINCE JUN 1      0.00                      0.11  -0.11     0.10
  SINCE JAN 1      6.62                      6.64  -0.02     7.90

SNOWFALL (IN)
  YESTERDAY        0.0           T    1969   0.0    0.0      0.0
  MONTH TO DATE    0.0                       0.0    0.0      0.0
  SINCE JUN 1      0.0                       0.0    0.0      0.0
  SINCE JUL 1     70.4                      71.0   -0.6     47.7
  SNOW DEPTH       0

DEGREE DAYS
 HEATING
  YESTERDAY        7                         9     -2        6
  MONTH TO DATE    7                         9     -2        6
  SINCE JUN 1      7                         9     -2        6
  SINCE JUL 1   8971                     10066  -1095     8834

 COOLING
  YESTERDAY        0                         1     -1        0
  MONTH TO DATE    0                         1     -1        0
  SINCE JUN 1      0                         1     -1        0
  SINCE JAN 1      0                        10    -10        2
..................................................................


WIND (MPH)
  HIGHEST WIND SPEED    15   HIGHEST WIND DIRECTION    NW (300)
  HIGHEST GUST SPEED    23   HIGHEST GUST DIRECTION    NW (330)
  AVERAGE WIND SPEED     4.2


SKY COVER
  AVERAGE SKY COVER 0.1


WEATHER CONDITIONS
 THE FOLLOWING WEATHER WAS RECORDED YESTERDAY.
  NO SIGNIFICANT WEATHER WAS OBSERVED.


RELATIVE HUMIDITY (PERCENT)
 HIGHEST    96           400 AM
 LOWEST     23           100 PM
 AVERAGE    60

..........................................................


THE INTERNATIONAL FALLS MN CLIMATE NORMALS FOR TODAY
                         NORMAL    RECORD    YEAR
 MAXIMUM TEMPERATURE (F)   70        92      1948
 MINIMUM TEMPERATURE (F)   44        30      2013


SUNRISE AND SUNSET
JUNE  2 2017..........SUNRISE   515 AM CDT   SUNSET   909 PM CDT
JUNE  3 2017..........SUNRISE   514 AM CDT   SUNSET   910 PM CDT


-  INDICATES NEGATIVE NUMBERS.
R  INDICATES RECORD WAS SET OR TIED.
MM INDICATES DATA IS MISSING.
T  INDICATES TRACE AMOUNT.




$$
