000
CDUS43 KDLH 282227
CLIINL


CLIMATE REPORT
NATIONAL WEATHER SERVICE DULUTH MN
526 PM CDT SAT JUN 28 2014


...................................

...THE INTERNATIONAL FALLS MN CLIMATE SUMMARY FOR JUNE 28 2014...
VALID TODAY AS OF 0500 PM LOCAL TIME.

CLIMATE NORMAL PERIOD 1981 TO 2010
CLIMATE RECORD PERIOD 1895 TO 2014


WEATHER ITEM   OBSERVED TIME   RECORD YEAR NORMAL DEPARTURE LAST
                VALUE   (LST)  VALUE       VALUE  FROM      YEAR
                                                  NORMAL
..................................................................
TEMPERATURE (F)
 TODAY
  MAXIMUM         83    246 PM  98    1921  76      7       74
  MINIMUM         67    151 AM  38    1993  52     15       62
                                      1925
                                      1911
  AVERAGE         75                        64     11       68

PRECIPITATION (IN)
  TODAY            0.03                      0.13  -0.10     0.13
  MONTH TO DATE    9.96                      3.64   6.32     1.60
  SINCE JUN 1      9.96                      3.64   6.32     1.60
  SINCE JAN 1     18.78                     10.17   8.61    13.98

SNOWFALL (IN)
  TODAY            0.0                       0.0    0.0      0.0
  MONTH TO DATE    0.0                       0.0    0.0      0.0
  SINCE JUL 1    101.2                      71.0   30.2     98.6
  SNOW DEPTH       0

DEGREE DAYS
 HEATING
  TODAY            0                         3     -3        0
  MONTH TO DATE  129                       158    -29      167
  SINCE JUN 1    129                       158    -29      167
  SINCE JUL 1  11511                     10215   1296    10711

 COOLING
  TODAY           10                         2      8        3
  MONTH TO DATE   22                        38    -16       34
  SINCE JUN 1     22                        38    -16       34
  SINCE JAN 1     45                        47     -2       37
..................................................................


WIND (MPH)
  HIGHEST WIND SPEED    18   HIGHEST WIND DIRECTION    SE (150)
  HIGHEST GUST SPEED    29   HIGHEST GUST DIRECTION     S (170)


SKY COVER
  AVERAGE SKY COVER 0.9


WEATHER CONDITIONS
 THE FOLLOWING WEATHER WAS RECORDED TODAY.
  LIGHT RAIN


RELATIVE HUMIDITY (PERCENT)
 HIGHEST    97           600 AM
 LOWEST     62           400 PM
 AVERAGE    80

..........................................................


THE INTERNATIONAL FALLS MN CLIMATE NORMALS FOR TOMORROW
                         NORMAL    RECORD    YEAR
 MAXIMUM TEMPERATURE (F)   76        98      1913
 MINIMUM TEMPERATURE (F)   52        35      1992


SUNRISE AND SUNSET
JUNE 28 2014..........SUNRISE   514 AM CDT   SUNSET   920 PM CDT
JUNE 29 2014..........SUNRISE   514 AM CDT   SUNSET   919 PM CDT


-  INDICATES NEGATIVE NUMBERS.
R  INDICATES RECORD WAS SET OR TIED.
MM INDICATES DATA IS MISSING.
T  INDICATES TRACE AMOUNT.




$$
