000
CDUS43 KDLH 292225
CLIINL


CLIMATE REPORT
NATIONAL WEATHER SERVICE DULUTH MN
522 PM CDT TUE AUG 29 2017


...................................

...THE INTERNATIONAL FALLS MN CLIMATE SUMMARY FOR AUGUST 29 2017...
VALID TODAY AS OF 0500 PM LOCAL TIME.

CLIMATE NORMAL PERIOD 1981 TO 2010
CLIMATE RECORD PERIOD 1895 TO 2017


WEATHER ITEM   OBSERVED TIME   RECORD YEAR NORMAL DEPARTURE LAST
                VALUE   (LST)  VALUE       VALUE  FROM      YEAR
                                                  NORMAL
..................................................................
TEMPERATURE (F)
 TODAY
  MAXIMUM         84    327 PM  90    1961  73     11       80
  MINIMUM         50    502 AM  33    1917  48      2       53
                                      1911
  AVERAGE         67                        60      7       67

PRECIPITATION (IN)
  TODAY            0.00                      0.10  -0.10     0.12
  MONTH TO DATE    4.04                      2.63   1.41     3.41
  SINCE JUN 1     10.08                     10.25  -0.17    12.76
  SINCE JAN 1     16.70                     16.78  -0.08    20.56

SNOWFALL (IN)
  TODAY            0.0                       0.0    0.0      0.0
  MONTH TO DATE    0.0                       0.0    0.0      0.0
  SINCE JUL 1      0.0                       0.0    0.0      0.0
  SNOW DEPTH       0

DEGREE DAYS
 HEATING
  TODAY            0                         6     -6        0
  MONTH TO DATE  134                        98     36       58
  SINCE JUN 1    325                       332     -7      268
  SINCE JUL 1    201                       168     33      101

 COOLING
  TODAY            2                         1      1        2
  MONTH TO DATE   13                        51    -38       46
  SINCE JUN 1     79                       165    -86      146
  SINCE JAN 1     79                       174    -95      148
..................................................................


WIND (MPH)
  HIGHEST WIND SPEED    12   HIGHEST WIND DIRECTION    SW (220)
  HIGHEST GUST SPEED    19   HIGHEST GUST DIRECTION    SW (230)


SKY COVER
  AVERAGE SKY COVER 0.0


WEATHER CONDITIONS
 THE FOLLOWING WEATHER WAS RECORDED TODAY.
  FOG
  FOG W/VISIBILITY <= 1/4 MILE


RELATIVE HUMIDITY (PERCENT)
 HIGHEST   100           300 AM
 LOWEST     43           300 PM
 AVERAGE    72

..........................................................


THE INTERNATIONAL FALLS MN CLIMATE NORMALS FOR TOMORROW
                         NORMAL    RECORD    YEAR
 MAXIMUM TEMPERATURE (F)   72        88      2010
                                             1921
 MINIMUM TEMPERATURE (F)   48        32      2009


SUNRISE AND SUNSET
AUGUST 29 2017........SUNRISE   627 AM CDT   SUNSET   801 PM CDT
AUGUST 30 2017........SUNRISE   628 AM CDT   SUNSET   759 PM CDT


-  INDICATES NEGATIVE NUMBERS.
R  INDICATES RECORD WAS SET OR TIED.
MM INDICATES DATA IS MISSING.
T  INDICATES TRACE AMOUNT.




$$
