000
CDUS43 KDLH 070624
CLIINL


CLIMATE REPORT
NATIONAL WEATHER SERVICE DULUTH MN
123 AM CDT WED SEP 7 2016


...................................

...THE INTERNATIONAL FALLS MN CLIMATE SUMMARY FOR SEPTEMBER 6 2016...

CLIMATE NORMAL PERIOD 1981 TO 2010
CLIMATE RECORD PERIOD 1895 TO 2016


WEATHER ITEM   OBSERVED TIME   RECORD YEAR NORMAL DEPARTURE LAST
                VALUE   (LST)  VALUE       VALUE  FROM      YEAR
                                                  NORMAL
..................................................................
TEMPERATURE (F)
 YESTERDAY
  MAXIMUM         73    253 PM  93    1976  70      3       82
                                      1913
  MINIMUM         47   1153 PM  33    1956  46      1       64
                                      1917
  AVERAGE         60                        58      2       73

PRECIPITATION (IN)
  YESTERDAY        0.00          1.69 1940   0.10  -0.10     0.16
  MONTH TO DATE    1.01                      0.61   0.40     0.99
  SINCE SEP 1      1.01                      0.61   0.40     0.99
  SINCE JAN 1     21.57                     17.57   4.00    17.45

SNOWFALL (IN)
  YESTERDAY        0.0           0.0  2002   0.0    0.0      0.0
                                      2001
  MONTH TO DATE    0.0                       0.0    0.0      0.0
  SINCE SEP 1      0.0                       0.0    0.0      0.0
  SINCE JUL 1      0.0                       0.0    0.0      0.0
  SNOW DEPTH       0

DEGREE DAYS
 HEATING
  YESTERDAY        5                         8     -3        0
  MONTH TO DATE   14                        44    -30        0
  SINCE SEP 1     14                        44    -30        0
  SINCE JUL 1    131                       225    -94      176

 COOLING
  YESTERDAY        0                         1     -1        8
  MONTH TO DATE    7                         6      1       30
  SINCE SEP 1      7                         6      1       30
  SINCE JAN 1    155                       187    -32      193
..................................................................


WIND (MPH)
  HIGHEST WIND SPEED    14   HIGHEST WIND DIRECTION    NW (330)
  HIGHEST GUST SPEED    16   HIGHEST GUST DIRECTION    NW (330)
  AVERAGE WIND SPEED     4.5


SKY COVER
  AVERAGE SKY COVER 0.7


WEATHER CONDITIONS
 THE FOLLOWING WEATHER WAS RECORDED YESTERDAY.
  FOG


RELATIVE HUMIDITY (PERCENT)
 HIGHEST   100           300 AM
 LOWEST     61           100 PM
 AVERAGE    81

..........................................................


THE INTERNATIONAL FALLS MN CLIMATE NORMALS FOR TODAY
                         NORMAL    RECORD    YEAR
 MAXIMUM TEMPERATURE (F)   69        96      1906
 MINIMUM TEMPERATURE (F)   45        30      1956


SUNRISE AND SUNSET
SEPTEMBER  7 2016.....SUNRISE   640 AM CDT   SUNSET   742 PM CDT
SEPTEMBER  8 2016.....SUNRISE   641 AM CDT   SUNSET   740 PM CDT


-  INDICATES NEGATIVE NUMBERS.
R  INDICATES RECORD WAS SET OR TIED.
MM INDICATES DATA IS MISSING.
T  INDICATES TRACE AMOUNT.




$$
