000
CDUS43 KDLH 120624
CLIINL


CLIMATE REPORT
NATIONAL WEATHER SERVICE DULUTH MN
124 AM CDT TUE MAY 12 2015


...................................

...THE INTERNATIONAL FALLS MN CLIMATE SUMMARY FOR MAY 11 2015...

CLIMATE NORMAL PERIOD 1981 TO 2010
CLIMATE RECORD PERIOD 1895 TO 2015


WEATHER ITEM   OBSERVED TIME   RECORD YEAR NORMAL DEPARTURE LAST
                VALUE   (LST)  VALUE       VALUE  FROM      YEAR
                                                  NORMAL
..................................................................
TEMPERATURE (F)
 YESTERDAY
  MAXIMUM         40    214 PM  83    1993  63    -23       69
                                      1991
  MINIMUM         34   1030 PM  24    1996  37     -3       39
                                      1953
  AVERAGE         37                        50    -13       54

PRECIPITATION (IN)
  YESTERDAY        0.55          1.04 1985   0.09   0.46     0.00
  MONTH TO DATE    1.34                      0.89   0.45     1.05
  SINCE MAR 1      2.70                      3.37  -0.67     4.04
  SINCE JAN 1      4.72                      4.56   0.16     5.79

SNOWFALL (IN)
  YESTERDAY        T             0.1  1953   0.0    0.0      0.0
  MONTH TO DATE    T                         0.2   -0.2       T
  SINCE MAR 1      7.8                      14.2   -6.4     24.8
  SINCE JUL 1     64.5                      71.0   -6.5    101.2
  SNOW DEPTH       0

DEGREE DAYS
 HEATING
  YESTERDAY       28                        15     13       11
  MONTH TO DATE  176                       184     -8      247
  SINCE MAR 1   2104                      2239   -135     2760
  SINCE JUL 1   9858                      9822     36    11191

 COOLING
  YESTERDAY        0                         0      0        0
  MONTH TO DATE    0                         0      0        0
  SINCE MAR 1      0                         1     -1        0
  SINCE JAN 1      0                         1     -1        0
..................................................................


WIND (MPH)
  HIGHEST WIND SPEED    21   HIGHEST WIND DIRECTION    NE (60)
  HIGHEST GUST SPEED    30   HIGHEST GUST DIRECTION    NE (60)
  AVERAGE WIND SPEED    13.1


SKY COVER
  AVERAGE SKY COVER 1.0


WEATHER CONDITIONS
 THE FOLLOWING WEATHER WAS RECORDED YESTERDAY.
  RAIN
  LIGHT RAIN
  LIGHT SNOW
  FOG


RELATIVE HUMIDITY (PERCENT)
 HIGHEST    92           100 AM
 LOWEST     85          1200 AM
 AVERAGE    89

..........................................................


THE INTERNATIONAL FALLS MN CLIMATE NORMALS FOR TODAY
                         NORMAL    RECORD    YEAR
 MAXIMUM TEMPERATURE (F)   64        86      1991
 MINIMUM TEMPERATURE (F)   37        22      2013
                                             1996


SUNRISE AND SUNSET
MAY 12 2015...........SUNRISE   537 AM CDT   SUNSET   843 PM CDT
MAY 13 2015...........SUNRISE   536 AM CDT   SUNSET   845 PM CDT


-  INDICATES NEGATIVE NUMBERS.
R  INDICATES RECORD WAS SET OR TIED.
MM INDICATES DATA IS MISSING.
T  INDICATES TRACE AMOUNT.




$$
