000
CDUS43 KDLH 110642
CLIINL


CLIMATE REPORT
NATIONAL WEATHER SERVICE DULUTH MN
1239 AM CST SUN FEB 11 2018


...................................

...THE INTERNATIONAL FALLS MN CLIMATE SUMMARY FOR FEBRUARY 10 2018...

CLIMATE NORMAL PERIOD 1981 TO 2010
CLIMATE RECORD PERIOD 1895 TO 2018


WEATHER ITEM   OBSERVED TIME   RECORD YEAR NORMAL DEPARTURE LAST
                VALUE   (LST)  VALUE       VALUE  FROM      YEAR
                                                  NORMAL
..................................................................
TEMPERATURE (F)
 YESTERDAY
  MAXIMUM         14    411 PM  42    1984  20     -6       34
  MINIMUM        -20    719 AM -37    1914  -3    -17       11
  AVERAGE         -3                         8    -11       23

PRECIPITATION (IN)
  YESTERDAY        0.00          0.54 2013   0.02  -0.02     0.20
  MONTH TO DATE    0.07                      0.17  -0.10     0.77
  SINCE DEC 1      1.94                      1.60   0.34     4.23
  SINCE JAN 1      0.78                      0.79  -0.01     2.04

SNOWFALL (IN)
  YESTERDAY        0.0           4.4  2013   0.4   -0.4      1.5
  MONTH TO DATE    0.8                       3.8   -3.0     11.4
  SINCE DEC 1     26.5                      33.8   -7.3     53.8
  SINCE JUL 1     40.5                      49.8   -9.3     62.2
  SNOW DEPTH      10

DEGREE DAYS
 HEATING
  YESTERDAY       68                        57     11       42
  MONTH TO DATE  737                       579    158      616
  SINCE DEC 1   4404                      4171    233     3954
  SINCE JUL 1   6798                      6632    166     5760

 COOLING
  YESTERDAY        0                         0      0        0
  MONTH TO DATE    0                         0      0        0
  SINCE DEC 1      0                         0      0        0
  SINCE JAN 1      0                         0      0        0
..................................................................


WIND (MPH)
  HIGHEST WIND SPEED    13   HIGHEST WIND DIRECTION    SW (210)
  HIGHEST GUST SPEED    20   HIGHEST GUST DIRECTION    SW (210)
  AVERAGE WIND SPEED     6.1


SKY COVER
  AVERAGE SKY COVER 0.1


WEATHER CONDITIONS
 THE FOLLOWING WEATHER WAS RECORDED YESTERDAY.
  FOG
  HAZE


RELATIVE HUMIDITY (PERCENT)
 HIGHEST    83           400 AM
 LOWEST     46           300 PM
 AVERAGE    65

..........................................................


THE INTERNATIONAL FALLS MN CLIMATE NORMALS FOR TODAY
                         NORMAL    RECORD    YEAR
 MAXIMUM TEMPERATURE (F)   21        44      2002
 MINIMUM TEMPERATURE (F)   -3       -40      2008


SUNRISE AND SUNSET
FEBRUARY 11 2018......SUNRISE   728 AM CST   SUNSET   529 PM CST
FEBRUARY 12 2018......SUNRISE   726 AM CST   SUNSET   530 PM CST


-  INDICATES NEGATIVE NUMBERS.
R  INDICATES RECORD WAS SET OR TIED.
MM INDICATES DATA IS MISSING.
T  INDICATES TRACE AMOUNT.




$$
