000
CDUS43 KDLH 210641
CLIINL


CLIMATE REPORT
NATIONAL WEATHER SERVICE DULUTH MN
140 AM CDT SUN JUN 21 2015


...................................

...THE INTERNATIONAL FALLS MN CLIMATE SUMMARY FOR JUNE 20 2015...

CLIMATE NORMAL PERIOD 1981 TO 2010
CLIMATE RECORD PERIOD 1895 TO 2015


WEATHER ITEM   OBSERVED TIME   RECORD YEAR NORMAL DEPARTURE LAST
                VALUE   (LST)  VALUE       VALUE  FROM      YEAR
                                                  NORMAL
..................................................................
TEMPERATURE (F)
 YESTERDAY
  MAXIMUM         67    543 PM  97    1910  74     -7       76
  MINIMUM         50   1154 PM  33    1969  50      0       57
  AVERAGE         59                        62     -3       67

PRECIPITATION (IN)
  YESTERDAY        0.01          1.72 1986   0.15  -0.14     0.99
  MONTH TO DATE    1.83                      2.49  -0.66     8.86
  SINCE JUN 1      1.83                      2.49  -0.66     8.86
  SINCE JAN 1     10.00                      9.02   0.98    17.68

SNOWFALL (IN)
  YESTERDAY        0.0           0.0  2002   0.0    0.0      0.0
                                      2001
  MONTH TO DATE    0.0                       0.0    0.0      0.0
  SINCE JUN 1      0.0                       0.0    0.0      0.0
  SINCE JUL 1     64.5                      71.0   -6.5    101.2
  SNOW DEPTH       0

DEGREE DAYS
 HEATING
  YESTERDAY        6                         4      2        0
  MONTH TO DATE  129                       128      1      113
  SINCE JUN 1    129                       128      1      113
  SINCE JUL 1  10263                     10185     78    11495

 COOLING
  YESTERDAY        0                         2     -2        2
  MONTH TO DATE    1                        22    -21        3
  SINCE JUN 1      1                        22    -21        3
  SINCE JAN 1      1                        31    -30       26
..................................................................


WIND (MPH)
  HIGHEST WIND SPEED    10   HIGHEST WIND DIRECTION     N (10)
  HIGHEST GUST SPEED    15   HIGHEST GUST DIRECTION    NE (40)
  AVERAGE WIND SPEED     4.6


SKY COVER
  AVERAGE SKY COVER 0.9


WEATHER CONDITIONS
 THE FOLLOWING WEATHER WAS RECORDED YESTERDAY.
  LIGHT RAIN
  FOG


RELATIVE HUMIDITY (PERCENT)
 HIGHEST   100           400 AM
 LOWEST     78           300 PM
 AVERAGE    89

..........................................................


THE INTERNATIONAL FALLS MN CLIMATE NORMALS FOR TODAY
                         NORMAL    RECORD    YEAR
 MAXIMUM TEMPERATURE (F)   75        99      1910
 MINIMUM TEMPERATURE (F)   50        33      1992


SUNRISE AND SUNSET
JUNE 21 2015..........SUNRISE   511 AM CDT   SUNSET   919 PM CDT
JUNE 22 2015..........SUNRISE   511 AM CDT   SUNSET   920 PM CDT


-  INDICATES NEGATIVE NUMBERS.
R  INDICATES RECORD WAS SET OR TIED.
MM INDICATES DATA IS MISSING.
T  INDICATES TRACE AMOUNT.




$$
