000
CDUS43 KDLH 022236
CLIINL


CLIMATE REPORT
NATIONAL WEATHER SERVICE DULUTH MN
436 PM CST THU MAR 2 2017


...................................

...THE INTERNATIONAL FALLS MN CLIMATE SUMMARY FOR MARCH 2 2017...
VALID TODAY AS OF 0400 PM LOCAL TIME.

CLIMATE NORMAL PERIOD 1981 TO 2010
CLIMATE RECORD PERIOD 1895 TO 2017


WEATHER ITEM   OBSERVED TIME   RECORD YEAR NORMAL DEPARTURE LAST
                VALUE   (LST)  VALUE       VALUE  FROM      YEAR
                                                  NORMAL
..................................................................
TEMPERATURE (F)
 TODAY
  MAXIMUM         12    312 PM  51    1993  28    -16       22
  MINIMUM          0    719 AM -30    1913   5     -5      -13
  AVERAGE          6                        17    -11        5

PRECIPITATION (IN)
  TODAY            0.00                      0.02  -0.02     0.00
  MONTH TO DATE    T                         0.05  -0.05     0.00
  SINCE MAR 1      T                         0.05  -0.05     0.00
  SINCE JAN 1      2.75                      1.24   1.51     1.37

SNOWFALL (IN)
  TODAY            0.0                       0.4   -0.4      0.0
  MONTH TO DATE    T                         0.7   -0.7      0.0
  SINCE JUL 1     63.3                      57.5    5.8     33.5
  SNOW DEPTH      10

DEGREE DAYS
 HEATING
  TODAY           59                        48     11       60
  MONTH TO DATE  109                        97     12      124
  SINCE MAR 1    109                        97     12      124
  SINCE JUL 1   6583                      7680  -1097     6656

 COOLING
  TODAY            0                         0      0        0
  MONTH TO DATE    0                         0      0        0
  SINCE MAR 1      0                         0      0        0
  SINCE JAN 1      0                         0      0        0
..................................................................


WIND (MPH)
  HIGHEST WIND SPEED    18   HIGHEST WIND DIRECTION     W (290)
  HIGHEST GUST SPEED    23   HIGHEST GUST DIRECTION     W (290)


SKY COVER
  AVERAGE SKY COVER 0.0


WEATHER CONDITIONS
 THE FOLLOWING WEATHER WAS RECORDED TODAY.
  NO SIGNIFICANT WEATHER WAS OBSERVED.


RELATIVE HUMIDITY (PERCENT)
 HIGHEST    80           100 AM
 LOWEST     34           200 PM
 AVERAGE    57

..........................................................


THE INTERNATIONAL FALLS MN CLIMATE NORMALS FOR TOMORROW
                         NORMAL    RECORD    YEAR
 MAXIMUM TEMPERATURE (F)   28        60      2000
 MINIMUM TEMPERATURE (F)    6       -33      2014


SUNRISE AND SUNSET
MARCH  2 2017.........SUNRISE   653 AM CST   SUNSET   600 PM CST
MARCH  3 2017.........SUNRISE   651 AM CST   SUNSET   601 PM CST


-  INDICATES NEGATIVE NUMBERS.
R  INDICATES RECORD WAS SET OR TIED.
MM INDICATES DATA IS MISSING.
T  INDICATES TRACE AMOUNT.




$$
