000
CDUS43 KDLH 110620
CLIINL


CLIMATE REPORT
NATIONAL WEATHER SERVICE DULUTH MN
1219 AM CST THU DEC 11 2014


...................................

...THE INTERNATIONAL FALLS MN CLIMATE SUMMARY FOR DECEMBER 10 2014...

CLIMATE NORMAL PERIOD 1981 TO 2010
CLIMATE RECORD PERIOD 1895 TO 2014


WEATHER ITEM   OBSERVED TIME   RECORD YEAR NORMAL DEPARTURE LAST
                VALUE   (LST)  VALUE       VALUE  FROM      YEAR
                                                  NORMAL
..................................................................
TEMPERATURE (F)
 YESTERDAY
  MAXIMUM         26   1159 PM  41    2002  21      5       -2
  MINIMUM         20    201 AM -37    1977   3     17      -33
  AVERAGE         23                        12     11      -17

PRECIPITATION (IN)
  YESTERDAY        T             0.22 1956   0.03  -0.03      T
  MONTH TO DATE    0.20                      0.29  -0.09     1.00
  SINCE DEC 1      0.20                      0.29  -0.09     1.00
  SINCE JAN 1     29.57                     23.70   5.87    31.40

SNOWFALL (IN)
  YESTERDAY        T             3.5  1956   0.4   -0.4      0.1
  MONTH TO DATE    2.5                       4.9   -2.4     18.0
  SINCE DEC 1      2.5                       4.9   -2.4     18.0
  SINCE JUL 1     11.8                      20.9   -9.1     28.9
  SNOW DEPTH       5

DEGREE DAYS
 HEATING
  YESTERDAY       42                        53    -11       82
  MONTH TO DATE  518                       510      8      634
  SINCE DEC 1    518                       510      8      634
  SINCE JUL 1   3129                      2971    158     2992

 COOLING
  YESTERDAY        0                         0      0        0
  MONTH TO DATE    0                         0      0        0
  SINCE DEC 1      0                         0      0        0
  SINCE JAN 1    121                       192    -71      224
..................................................................


WIND (MPH)
  HIGHEST WIND SPEED    13   HIGHEST WIND DIRECTION     S (180)
  HIGHEST GUST SPEED    19   HIGHEST GUST DIRECTION     S (160)
  AVERAGE WIND SPEED     6.9


SKY COVER
  AVERAGE SKY COVER 1.0


WEATHER CONDITIONS
 THE FOLLOWING WEATHER WAS RECORDED YESTERDAY.
  LIGHT SNOW
  FOG


RELATIVE HUMIDITY (PERCENT)
 HIGHEST    92           400 AM
 LOWEST     81           300 PM
 AVERAGE    87

..........................................................


THE INTERNATIONAL FALLS MN CLIMATE NORMALS FOR TODAY
                         NORMAL    RECORD    YEAR
 MAXIMUM TEMPERATURE (F)   20        51      1913
 MINIMUM TEMPERATURE (F)    2       -30      1977


SUNRISE AND SUNSET
DECEMBER 11 2014......SUNRISE   756 AM CST   SUNSET   418 PM CST
DECEMBER 12 2014......SUNRISE   757 AM CST   SUNSET   418 PM CST


-  INDICATES NEGATIVE NUMBERS.
R  INDICATES RECORD WAS SET OR TIED.
MM INDICATES DATA IS MISSING.
T  INDICATES TRACE AMOUNT.




$$
