000
CDUS43 KDLH 070631
CLIINL


CLIMATE REPORT
NATIONAL WEATHER SERVICE DULUTH MN
1231 AM CST FRI NOV 7 2014


...................................

...THE INTERNATIONAL FALLS MN CLIMATE SUMMARY FOR NOVEMBER 6 2014...

CLIMATE NORMAL PERIOD 1981 TO 2010
CLIMATE RECORD PERIOD 1895 TO 2014


WEATHER ITEM   OBSERVED TIME   RECORD YEAR NORMAL DEPARTURE LAST
                VALUE   (LST)  VALUE       VALUE  FROM      YEAR
                                                  NORMAL
..................................................................
TEMPERATURE (F)
 YESTERDAY
  MAXIMUM         39   1248 PM  65    1975  40     -1       30
  MINIMUM         28    409 AM  -5    1991  23      5       24
  AVERAGE         34                        31      3       27

PRECIPITATION (IN)
  YESTERDAY        T             0.71 1996   0.06  -0.06      T
  MONTH TO DATE    0.07                      0.32  -0.25     0.15
  SINCE SEP 1      4.33                      5.39  -1.06     4.23
  SINCE JAN 1     28.87                     22.35   6.52    29.34

SNOWFALL (IN)
  YESTERDAY        T             3.8  1955   0.3   -0.3       T
  MONTH TO DATE    0.1                       1.7   -1.6       T
  SINCE SEP 1      0.2                       4.0   -3.8      1.6
  SINCE JUL 1      0.2                       4.0   -3.8      1.6
  SNOW DEPTH       0

DEGREE DAYS
 HEATING
  YESTERDAY       31                        34     -3       38
  MONTH TO DATE  171                       194    -23      184
  SINCE SEP 1   1189                      1290   -101     1132
  SINCE JUL 1   1403                      1471    -68     1352

 COOLING
  YESTERDAY        0                         0      0        0
  MONTH TO DATE    0                         0      0        0
  SINCE SEP 1     10                        11     -1       11
  SINCE JAN 1    121                       192    -71      224
..................................................................


WIND (MPH)
  HIGHEST WIND SPEED    10   HIGHEST WIND DIRECTION     W (280)
  HIGHEST GUST SPEED    14   HIGHEST GUST DIRECTION     W (260)
  AVERAGE WIND SPEED     4.3


SKY COVER
  AVERAGE SKY COVER 1.0


WEATHER CONDITIONS
 THE FOLLOWING WEATHER WAS RECORDED YESTERDAY.
  LIGHT RAIN
  FOG


RELATIVE HUMIDITY (PERCENT)
 HIGHEST    92          1100 PM
 LOWEST     64          1200 AM
 AVERAGE    78

..........................................................


THE INTERNATIONAL FALLS MN CLIMATE NORMALS FOR TODAY
                         NORMAL    RECORD    YEAR
 MAXIMUM TEMPERATURE (F)   39        63      1981
                                             1969
 MINIMUM TEMPERATURE (F)   23        -9      2003


SUNRISE AND SUNSET
NOVEMBER  7 2014......SUNRISE   709 AM CST   SUNSET   445 PM CST
NOVEMBER  8 2014......SUNRISE   711 AM CST   SUNSET   443 PM CST


-  INDICATES NEGATIVE NUMBERS.
R  INDICATES RECORD WAS SET OR TIED.
MM INDICATES DATA IS MISSING.
T  INDICATES TRACE AMOUNT.




$$
