253
CDUS43 KDLH 150634
CLIINL


CLIMATE REPORT
NATIONAL WEATHER SERVICE DULUTH MN
133 AM CDT MON MAY 15 2017


...................................

...THE INTERNATIONAL FALLS MN CLIMATE SUMMARY FOR MAY 14 2017...

CLIMATE NORMAL PERIOD 1981 TO 2010
CLIMATE RECORD PERIOD 1895 TO 2017


WEATHER ITEM   OBSERVED TIME   RECORD YEAR NORMAL DEPARTURE LAST
                VALUE   (LST)  VALUE       VALUE  FROM      YEAR
                                                  NORMAL
..................................................................
TEMPERATURE (F)
 YESTERDAY
  MAXIMUM         66    233 PM  89    1991  64      2       42
  MINIMUM         45    510 AM  24    2004  38      7       27
                                      1921
  AVERAGE         56                        51      5       35

PRECIPITATION (IN)
  YESTERDAY        0.00          0.78 1974   0.09  -0.09      T
  MONTH TO DATE    0.19                      1.16  -0.97     0.28
  SINCE MAR 1      2.45                      3.64  -1.19     5.10
  SINCE JAN 1      5.20                      4.83   0.37     6.47

SNOWFALL (IN)
  YESTERDAY        0.0           1.5  1974   0.0    0.0       T
  MONTH TO DATE    0.0                       0.2   -0.2       T
  SINCE MAR 1      7.1                      14.2   -7.1     14.2
  SINCE JUL 1     70.4                      71.0   -0.6     47.7
  SNOW DEPTH       0

DEGREE DAYS
 HEATING
  YESTERDAY        9                        14     -5       30
  MONTH TO DATE  246                       227     19      214
  SINCE MAR 1   2252                      2282    -30     2143
  SINCE JUL 1   8726                      9865  -1139     8675

 COOLING
  YESTERDAY        0                         0      0        0
  MONTH TO DATE    0                         0      0        0
  SINCE MAR 1      0                         1     -1        0
  SINCE JAN 1      0                         1     -1        0
..................................................................


WIND (MPH)
  HIGHEST WIND SPEED    20   HIGHEST WIND DIRECTION     E (110)
  HIGHEST GUST SPEED    24   HIGHEST GUST DIRECTION     E (100)
  AVERAGE WIND SPEED    10.6


SKY COVER
  AVERAGE SKY COVER 0.3


WEATHER CONDITIONS
 THE FOLLOWING WEATHER WAS RECORDED YESTERDAY.
  NO SIGNIFICANT WEATHER WAS OBSERVED.


RELATIVE HUMIDITY (PERCENT)
 HIGHEST    65           500 AM
 LOWEST     32           200 PM
 AVERAGE    49

..........................................................


THE INTERNATIONAL FALLS MN CLIMATE NORMALS FOR TODAY
                         NORMAL    RECORD    YEAR
 MAXIMUM TEMPERATURE (F)   65        85      1991
                                             1977
 MINIMUM TEMPERATURE (F)   38        24      2004


SUNRISE AND SUNSET
MAY 15 2017...........SUNRISE   532 AM CDT   SUNSET   848 PM CDT
MAY 16 2017...........SUNRISE   531 AM CDT   SUNSET   849 PM CDT


-  INDICATES NEGATIVE NUMBERS.
R  INDICATES RECORD WAS SET OR TIED.
MM INDICATES DATA IS MISSING.
T  INDICATES TRACE AMOUNT.




$$
