000
CDUS43 KDLH 150633
CLIINL


CLIMATE REPORT
NATIONAL WEATHER SERVICE DULUTH MN
127 AM CDT TUE JUL 15 2014


...................................

...THE INTERNATIONAL FALLS MN CLIMATE SUMMARY FOR JULY 14 2014...

CLIMATE NORMAL PERIOD 1981 TO 2010
CLIMATE RECORD PERIOD 1895 TO 2014


WEATHER ITEM   OBSERVED TIME   RECORD YEAR NORMAL DEPARTURE LAST
                VALUE   (LST)  VALUE       VALUE  FROM      YEAR
                                                  NORMAL
..................................................................
TEMPERATURE (F)
 YESTERDAY
  MAXIMUM         60    609 PM  96    1983  78    -18       76
  MINIMUM         49    343 AM  38    1960  53     -4       67
  AVERAGE         55                        65    -10       72

PRECIPITATION (IN)
  YESTERDAY        0.46          1.55 2003   0.12   0.34     0.03
  MONTH TO DATE    1.70                      1.91  -0.21     1.70
  SINCE JUN 1     11.94                      5.83   6.11     3.30
  SINCE JAN 1     20.76                     12.36   8.40    15.68

SNOWFALL (IN)
  YESTERDAY       MM             0.0  2002   0.0   MM        0.0
                                      2001
  MONTH TO DATE    0.0                       0.0    0.0      0.0
  SINCE JUN 1      0.0                       0.0    0.0      0.0
  SINCE JUL 1      0.0                       0.0    0.0      0.0
  SNOW DEPTH       0

DEGREE DAYS
 HEATING
  YESTERDAY       10                         2      8        0
  MONTH TO DATE   63                        35     28        2
  SINCE JUN 1    192                       199     -7      171
  SINCE JUL 1     63                        35     28        2

 COOLING
  YESTERDAY        0                         3     -3        7
  MONTH TO DATE   18                        33    -15       60
  SINCE JUN 1     47                        71    -24       94
  SINCE JAN 1     70                        80    -10       97
..................................................................


WIND (MPH)
  HIGHEST WIND SPEED    23   HIGHEST WIND DIRECTION     N (360)
  HIGHEST GUST SPEED    31   HIGHEST GUST DIRECTION     N (360)
  AVERAGE WIND SPEED    11.9


SKY COVER
  AVERAGE SKY COVER 1.0


WEATHER CONDITIONS
 THE FOLLOWING WEATHER WAS RECORDED YESTERDAY.
  HEAVY RAIN
  RAIN
  LIGHT RAIN
  FOG
  HAZE


RELATIVE HUMIDITY (PERCENT)
 HIGHEST   100           300 AM
 LOWEST     64           500 PM
 AVERAGE    82

..........................................................


THE INTERNATIONAL FALLS MN CLIMATE NORMALS FOR TODAY
                         NORMAL    RECORD    YEAR
 MAXIMUM TEMPERATURE (F)   78        95      1910
 MINIMUM TEMPERATURE (F)   53        37      1912


SUNRISE AND SUNSET
JULY 15 2014..........SUNRISE   527 AM CDT   SUNSET   911 PM CDT
JULY 16 2014..........SUNRISE   528 AM CDT   SUNSET   910 PM CDT


-  INDICATES NEGATIVE NUMBERS.
R  INDICATES RECORD WAS SET OR TIED.
MM INDICATES DATA IS MISSING.
T  INDICATES TRACE AMOUNT.




$$
