446
CDUS43 KDLH 091352
CLIINL


CLIMATE REPORT
NATIONAL WEATHER SERVICE DULUTH MN
750 AM CST THU NOV 9 2017


...................................

...THE INTERNATIONAL FALLS MN CLIMATE SUMMARY FOR NOVEMBER 8 2017...

CLIMATE NORMAL PERIOD 1981 TO 2010
CLIMATE RECORD PERIOD 1895 TO 2017


WEATHER ITEM   OBSERVED TIME   RECORD YEAR NORMAL DEPARTURE LAST
                VALUE   (LST)  VALUE       VALUE  FROM      YEAR
                                                  NORMAL
..................................................................
TEMPERATURE (F)
 YESTERDAY
  MAXIMUM         21    330 PM  72    1999  38    -17       55
  MINIMUM          6    928 PM -13    2003  22    -16       27
  AVERAGE         14                        30    -16       41

PRECIPITATION (IN)
  YESTERDAY        0.11          0.97 1918   0.05   0.06     0.00
  MONTH TO DATE    0.99                      0.42   0.57     0.17
  SINCE SEP 1      5.57                      5.49   0.08     4.98
  SINCE JAN 1     22.31                     22.45  -0.14    25.54

SNOWFALL (IN)
  YESTERDAY        2.7           7.7  1950   0.3    2.4      0.0
  MONTH TO DATE   11.3                       2.4    8.9      0.0
  SINCE SEP 1     13.4                       4.7    8.7       T
  SINCE JUL 1     13.4                       4.7    8.7       T
  SNOW DEPTH       4

DEGREE DAYS
 HEATING
  YESTERDAY       51                        35     16       24
  MONTH TO DATE  337                       263     74      154
  SINCE SEP 1   1255                      1359   -104     1018
  SINCE JUL 1   1466                      1540    -74     1135

 COOLING
  YESTERDAY        0                         0      0        0
  MONTH TO DATE    0                         0      0        0
  SINCE SEP 1      7                        11     -4        7
  SINCE JAN 1     86                       192   -106      155
..................................................................


WIND (MPH)
  HIGHEST WIND SPEED    13   HIGHEST WIND DIRECTION     W (270)
  HIGHEST GUST SPEED    17   HIGHEST GUST DIRECTION     W (280)
  AVERAGE WIND SPEED     7.1


SKY COVER
  AVERAGE SKY COVER 0.7


WEATHER CONDITIONS
 THE FOLLOWING WEATHER WAS RECORDED YESTERDAY.
  HEAVY SNOW
  SNOW
  LIGHT SNOW
  FOG
  FOG W/VISIBILITY <= 1/4 MILE
  HAZE


RELATIVE HUMIDITY (PERCENT)
 HIGHEST    88           700 AM
 LOWEST     71          1100 AM
 AVERAGE    80

..........................................................


THE INTERNATIONAL FALLS MN CLIMATE NORMALS FOR TODAY
                         NORMAL    RECORD    YEAR
 MAXIMUM TEMPERATURE (F)   38        65      2016
 MINIMUM TEMPERATURE (F)   22         0      1979
                                             1957


SUNRISE AND SUNSET
NOVEMBER  9 2017......SUNRISE   713 AM CST   SUNSET   441 PM CST
NOVEMBER 10 2017......SUNRISE   714 AM CST   SUNSET   440 PM CST


-  INDICATES NEGATIVE NUMBERS.
R  INDICATES RECORD WAS SET OR TIED.
MM INDICATES DATA IS MISSING.
T  INDICATES TRACE AMOUNT.




$$
