000
CDUS43 KDLH 012222
CLIINL


CLIMATE REPORT
NATIONAL WEATHER SERVICE DULUTH MN
520 PM CDT SAT APR 1 2017


...................................

...THE INTERNATIONAL FALLS MN CLIMATE SUMMARY FOR APRIL 1 2017...
VALID TODAY AS OF 0500 PM LOCAL TIME.

CLIMATE NORMAL PERIOD 1981 TO 2010
CLIMATE RECORD PERIOD 1895 TO 2017


WEATHER ITEM   OBSERVED TIME   RECORD YEAR NORMAL DEPARTURE LAST
                VALUE   (LST)  VALUE       VALUE  FROM      YEAR
                                                  NORMAL
..................................................................
TEMPERATURE (F)
 TODAY
  MAXIMUM         49    353 PM  65    2015  43      6       32
  MINIMUM         34    313 AM  -8    1975  21     13       19
  AVERAGE         42                        32     10       26

PRECIPITATION (IN)
  TODAY            T                         0.04  -0.04     0.05
  MONTH TO DATE    T                         0.04  -0.04     0.05
  SINCE MAR 1      0.68                      0.99  -0.31     2.76
  SINCE JAN 1      3.43                      2.18   1.25     4.13

SNOWFALL (IN)
  TODAY            0.0                       0.3   -0.3      0.7
  MONTH TO DATE    0.0                       0.3   -0.3      0.7
  SINCE JUL 1     67.8                      64.7    3.1     43.5
  SNOW DEPTH       T

DEGREE DAYS
 HEATING
  TODAY           23                        33    -10       39
  MONTH TO DATE   23                        33    -10       39
  SINCE MAR 1   1280                      1316    -36     1142
  SINCE JUL 1   7754                      8899  -1145     7674

 COOLING
  TODAY            0                         0      0        0
  MONTH TO DATE    0                         0      0        0
  SINCE MAR 1      0                         0      0        0
  SINCE JAN 1      0                         0      0        0
..................................................................


WIND (MPH)
  HIGHEST WIND SPEED    10   HIGHEST WIND DIRECTION    NW (320)
  HIGHEST GUST SPEED    14   HIGHEST GUST DIRECTION    NW (320)


SKY COVER
  AVERAGE SKY COVER 1.0


WEATHER CONDITIONS
 THE FOLLOWING WEATHER WAS RECORDED TODAY.
  LIGHT RAIN


RELATIVE HUMIDITY (PERCENT)
 HIGHEST    92           200 AM
 LOWEST     56           400 PM
 AVERAGE    74

..........................................................


THE INTERNATIONAL FALLS MN CLIMATE NORMALS FOR TOMORROW
                         NORMAL    RECORD    YEAR
 MAXIMUM TEMPERATURE (F)   44        72      2010
 MINIMUM TEMPERATURE (F)   21       -12      1954


SUNRISE AND SUNSET
APRIL  1 2017.........SUNRISE   651 AM CDT   SUNSET   745 PM CDT
APRIL  2 2017.........SUNRISE   649 AM CDT   SUNSET   746 PM CDT


-  INDICATES NEGATIVE NUMBERS.
R  INDICATES RECORD WAS SET OR TIED.
MM INDICATES DATA IS MISSING.
T  INDICATES TRACE AMOUNT.




$$
