000
CDUS43 KDLH 250620
CLIINL


CLIMATE REPORT
NATIONAL WEATHER SERVICE DULUTH MN
118 AM CDT TUE MAR 25 2014


...................................

...THE INTERNATIONAL FALLS MN CLIMATE SUMMARY FOR MARCH 24 2014...

CLIMATE NORMAL PERIOD 1981 TO 2010
CLIMATE RECORD PERIOD 1895 TO 2014


WEATHER ITEM   OBSERVED TIME   RECORD YEAR NORMAL DEPARTURE LAST
                VALUE   (LST)  VALUE       VALUE  FROM      YEAR
                                                  NORMAL
..................................................................
TEMPERATURE (F)
 YESTERDAY
  MAXIMUM         23    202 PM  63    1921  39    -16       30
  MINIMUM        -25    449 AM -29    1974  17    -42       11
  AVERAGE         -1                        28    -29       21

PRECIPITATION (IN)
  YESTERDAY        T             0.63 2009   0.03  -0.03      T
  MONTH TO DATE    1.18                      0.68   0.50     1.14
  SINCE MAR 1      1.18                      0.68   0.50     1.14
  SINCE JAN 1      2.93                      1.87   1.06     4.80

SNOWFALL (IN)
  YESTERDAY        T             5.9  1975   0.2   -0.2       T
  MONTH TO DATE   15.0                       6.1    8.9     14.6
  SINCE MAR 1     15.0                       6.1    8.9     14.6
  SINCE JUL 1     91.4                      62.9   28.5     84.9
  SNOW DEPTH      27

DEGREE DAYS
 HEATING
  YESTERDAY       66                        37     29       44
  MONTH TO DATE 1278                      1033    245     1252
  SINCE MAR 1   1278                      1033    245     1252
  SINCE JUL 1   9709                      8616   1093     8809

 COOLING
  YESTERDAY        0                         0      0        0
  MONTH TO DATE    0                         0      0        0
  SINCE MAR 1      0                         0      0        0
  SINCE JAN 1      0                         0      0        0
..................................................................


WIND (MPH)
  HIGHEST WIND SPEED    25   HIGHEST WIND DIRECTION    NW (300)
  HIGHEST GUST SPEED    31   HIGHEST GUST DIRECTION    NW (300)
  AVERAGE WIND SPEED    11.3


SKY COVER
  AVERAGE SKY COVER 0.3


WEATHER CONDITIONS
 THE FOLLOWING WEATHER WAS RECORDED YESTERDAY.
  LIGHT SNOW
  HAZE


RELATIVE HUMIDITY (PERCENT)
 HIGHEST    79           700 AM
 LOWEST     44           200 PM
 AVERAGE    62

..........................................................


THE INTERNATIONAL FALLS MN CLIMATE NORMALS FOR TODAY
                         NORMAL    RECORD    YEAR
 MAXIMUM TEMPERATURE (F)   39        60      1921
                                             1918
                                             1911
 MINIMUM TEMPERATURE (F)   17       -20      1965


SUNRISE AND SUNSET
MARCH 25 2014.........SUNRISE   706 AM CDT   SUNSET   734 PM CDT
MARCH 26 2014.........SUNRISE   704 AM CDT   SUNSET   735 PM CDT


-  INDICATES NEGATIVE NUMBERS.
R  INDICATES RECORD WAS SET OR TIED.
MM INDICATES DATA IS MISSING.
T  INDICATES TRACE AMOUNT.




$$
