000
CDUS43 KDLH 060625
CLIINL


CLIMATE REPORT
NATIONAL WEATHER SERVICE DULUTH MN
122 AM CDT WED APR 6 2016


...................................

...THE INTERNATIONAL FALLS MN CLIMATE SUMMARY FOR APRIL 5 2016...

CLIMATE NORMAL PERIOD 1981 TO 2010
CLIMATE RECORD PERIOD 1895 TO 2016


WEATHER ITEM   OBSERVED TIME   RECORD YEAR NORMAL DEPARTURE LAST
                VALUE   (LST)  VALUE       VALUE  FROM      YEAR
                                                  NORMAL
..................................................................
TEMPERATURE (F)
 YESTERDAY
  MAXIMUM         42   1206 PM  75    1991  46     -4       38
  MINIMUM         15    414 AM  -5    1982  22     -7        7
  AVERAGE         29                        34     -5       23

PRECIPITATION (IN)
  YESTERDAY        0.26          0.54 1997   0.04   0.22     0.00
  MONTH TO DATE    0.33                      0.20   0.13     0.02
  SINCE MAR 1      3.04                      1.15   1.89     0.66
  SINCE JAN 1      4.41                      2.34   2.07     2.68

SNOWFALL (IN)
  YESTERDAY        2.4           2.9  1995   0.3    2.1      0.0
  MONTH TO DATE    3.5                       1.4    2.1       T
  SINCE MAR 1     12.8                       9.0    3.8      3.5
  SINCE JUL 1     46.3                      65.8  -19.5     60.2
  SNOW DEPTH       T

DEGREE DAYS
 HEATING
  YESTERDAY       36                        31      5       42
  MONTH TO DATE  209                       161     48      167
  SINCE MAR 1   1312                      1444   -132     1336
  SINCE JUL 1   7844                      9027  -1183     9090

 COOLING
  YESTERDAY        0                         0      0        0
  MONTH TO DATE    0                         0      0        0
  SINCE MAR 1      0                         0      0        0
  SINCE JAN 1      0                         0      0        0
..................................................................


WIND (MPH)
  HIGHEST WIND SPEED    15   HIGHEST WIND DIRECTION    SE (150)
  HIGHEST GUST SPEED    25   HIGHEST GUST DIRECTION    SE (150)
  AVERAGE WIND SPEED     7.9


SKY COVER
  AVERAGE SKY COVER 0.7


WEATHER CONDITIONS
 THE FOLLOWING WEATHER WAS RECORDED YESTERDAY.
  HEAVY SNOW
  SNOW
  LIGHT SNOW
  FOG
  FOG W/VISIBILITY <= 1/4 MILE
  HAZE


RELATIVE HUMIDITY (PERCENT)
 HIGHEST   100           700 PM
 LOWEST     43          1200 PM
 AVERAGE    72

..........................................................


THE INTERNATIONAL FALLS MN CLIMATE NORMALS FOR TODAY
                         NORMAL    RECORD    YEAR
 MAXIMUM TEMPERATURE (F)   46        81      1991
 MINIMUM TEMPERATURE (F)   23       -11      1982


SUNRISE AND SUNSET
APRIL  6 2016.........SUNRISE   640 AM CDT   SUNSET   753 PM CDT
APRIL  7 2016.........SUNRISE   638 AM CDT   SUNSET   754 PM CDT


-  INDICATES NEGATIVE NUMBERS.
R  INDICATES RECORD WAS SET OR TIED.
MM INDICATES DATA IS MISSING.
T  INDICATES TRACE AMOUNT.




$$
