000
CDUS43 KDLH 020631
CLIINL


CLIMATE REPORT
NATIONAL WEATHER SERVICE DULUTH MN
1228 AM CST THU FEB 2 2017


...................................

...THE INTERNATIONAL FALLS MN CLIMATE SUMMARY FOR FEBRUARY 1 2017...

CLIMATE NORMAL PERIOD 1981 TO 2010
CLIMATE RECORD PERIOD 1895 TO 2017


WEATHER ITEM   OBSERVED TIME   RECORD YEAR NORMAL DEPARTURE LAST
                VALUE   (LST)  VALUE       VALUE  FROM      YEAR
                                                  NORMAL
..................................................................
TEMPERATURE (F)
 YESTERDAY
  MAXIMUM         10   1230 AM  42    1993  18     -8       26
  MINIMUM         -9    801 AM -43    1996  -6     -3        0
  AVERAGE          1                         6     -5       13

PRECIPITATION (IN)
  YESTERDAY        0.00          1.20 1911   0.02  -0.02      T
  MONTH TO DATE    0.00                      0.02  -0.02      T
  SINCE DEC 1      3.46                      1.45   2.01     1.66
  SINCE JAN 1      1.27                      0.64   0.63     0.59

SNOWFALL (IN)
  YESTERDAY        0.0           3.1  2009   0.4   -0.4       T
  MONTH TO DATE    0.0                       0.4   -0.4       T
  SINCE DEC 1     42.4                      30.4   12.0     18.3
  SINCE JUL 1     50.8                      46.4    4.4     22.1
  SNOW DEPTH      13

DEGREE DAYS
 HEATING
  YESTERDAY       64                        59      5       52
  MONTH TO DATE   64                        59      5       52
  SINCE DEC 1   3402                      3651   -249     3061
  SINCE JUL 1   5208                      6112   -904     5067

 COOLING
  YESTERDAY        0                         0      0        0
  MONTH TO DATE    0                         0      0        0
  SINCE DEC 1      0                         0      0        0
  SINCE JAN 1      0                         0      0        0
..................................................................


WIND (MPH)
  HIGHEST WIND SPEED    18   HIGHEST WIND DIRECTION     W (280)
  HIGHEST GUST SPEED    25   HIGHEST GUST DIRECTION     W (270)
  AVERAGE WIND SPEED     9.7


SKY COVER
  AVERAGE SKY COVER 0.4


WEATHER CONDITIONS
 THE FOLLOWING WEATHER WAS RECORDED YESTERDAY.
  NO SIGNIFICANT WEATHER WAS OBSERVED.


RELATIVE HUMIDITY (PERCENT)
 HIGHEST    87           600 AM
 LOWEST     50           200 PM
 AVERAGE    69

..........................................................


THE INTERNATIONAL FALLS MN CLIMATE NORMALS FOR TODAY
                         NORMAL    RECORD    YEAR
 MAXIMUM TEMPERATURE (F)   18        55      1991
 MINIMUM TEMPERATURE (F)   -6       -45      1996


SUNRISE AND SUNSET
FEBRUARY  2 2017......SUNRISE   741 AM CST   SUNSET   514 PM CST
FEBRUARY  3 2017......SUNRISE   740 AM CST   SUNSET   516 PM CST


-  INDICATES NEGATIVE NUMBERS.
R  INDICATES RECORD WAS SET OR TIED.
MM INDICATES DATA IS MISSING.
T  INDICATES TRACE AMOUNT.




$$
