000
CDUS43 KDLH 272245
CLIINL


CLIMATE REPORT
NATIONAL WEATHER SERVICE DULUTH MN
443 PM CST WED DEC 27 2017


...................................

...THE INTERNATIONAL FALLS MN CLIMATE SUMMARY FOR DECEMBER 27 2017...
VALID TODAY AS OF 0400 PM LOCAL TIME.

CLIMATE NORMAL PERIOD 1981 TO 2010
CLIMATE RECORD PERIOD 1895 TO 2017


WEATHER ITEM   OBSERVED TIME   RECORD YEAR NORMAL DEPARTURE LAST
                VALUE   (LST)  VALUE       VALUE  FROM      YEAR
                                                  NORMAL
..................................................................
TEMPERATURE (F)
 TODAY
  MAXIMUM         -7    355 PM  40    1922  16    -23       11
  MINIMUM        -37R   730 AM -32    1924  -4    -33       -6
  AVERAGE        -22                         6    -28        3

PRECIPITATION (IN)
  TODAY            0.00                      0.02  -0.02      T
  MONTH TO DATE    1.15                      0.71   0.44     1.89
  SINCE DEC 1      1.15                      0.71   0.44     1.89
  SINCE JAN 1     23.54                     24.12  -0.58    29.06

SNOWFALL (IN)
  TODAY            0.0                       0.5   -0.5       T
  MONTH TO DATE   16.1                      13.0    3.1     20.1
  SINCE JUL 1     30.1                      29.0    1.1     28.5
  SNOW DEPTH       7

DEGREE DAYS
 HEATING
  TODAY           87                        59     28       62
  MONTH TO DATE 1500                      1475     25     1446
  SINCE DEC 1   1500                      1475     25     1446
  SINCE JUL 1   3894                      3936    -42     3252

 COOLING
  TODAY            0                         0      0        0
  MONTH TO DATE    0                         0      0        0
  SINCE DEC 1      0                         0      0        0
  SINCE JAN 1     86                       192   -106      155
..................................................................


WIND (MPH)
  HIGHEST WIND SPEED     8   HIGHEST WIND DIRECTION    SW (220)
  HIGHEST GUST SPEED    11   HIGHEST GUST DIRECTION    SW (220)


SKY COVER
  AVERAGE SKY COVER 0.0


WEATHER CONDITIONS
 THE FOLLOWING WEATHER WAS RECORDED TODAY.
  FOG
  HAZE


RELATIVE HUMIDITY (PERCENT)
 HIGHEST    78          1100 AM
 LOWEST     57           200 PM
 AVERAGE    68

..........................................................


THE INTERNATIONAL FALLS MN CLIMATE NORMALS FOR TOMORROW
                         NORMAL    RECORD    YEAR
 MAXIMUM TEMPERATURE (F)   16        40      1912
 MINIMUM TEMPERATURE (F)   -4       -40      1917


SUNRISE AND SUNSET
DECEMBER 27 2017......SUNRISE   805 AM CST   SUNSET   424 PM CST
DECEMBER 28 2017......SUNRISE   805 AM CST   SUNSET   425 PM CST


-  INDICATES NEGATIVE NUMBERS.
R  INDICATES RECORD WAS SET OR TIED.
MM INDICATES DATA IS MISSING.
T  INDICATES TRACE AMOUNT.




$$
