000
CDUS43 KDLH 050645
CLIINL


CLIMATE REPORT
NATIONAL WEATHER SERVICE DULUTH MN
1243 AM CST SUN MAR 5 2017


...................................

...THE INTERNATIONAL FALLS MN CLIMATE SUMMARY FOR MARCH 4 2017...

CLIMATE NORMAL PERIOD 1981 TO 2010
CLIMATE RECORD PERIOD 1895 TO 2017


WEATHER ITEM   OBSERVED TIME   RECORD YEAR NORMAL DEPARTURE LAST
                VALUE   (LST)  VALUE       VALUE  FROM      YEAR
                                                  NORMAL
..................................................................
TEMPERATURE (F)
 YESTERDAY
  MAXIMUM         42    355 PM  56    2000  29     13       25
  MINIMUM          7    433 AM -25    2003   6      1      -10
  AVERAGE         25                        18      7        8

PRECIPITATION (IN)
  YESTERDAY        0.00          1.29 1966   0.02  -0.02     0.10
  MONTH TO DATE    T                         0.10  -0.10     0.10
  SINCE MAR 1      T                         0.10  -0.10     0.10
  SINCE JAN 1      2.75                      1.29   1.46     1.47

SNOWFALL (IN)
  YESTERDAY        0.0          13.0  1966   0.3   -0.3      1.1
  MONTH TO DATE    T                         1.3   -1.3      1.1
  SINCE MAR 1      T                         1.3   -1.3      1.1
  SINCE JUL 1     63.3                      58.1    5.2     34.6
  SNOW DEPTH      10

DEGREE DAYS
 HEATING
  YESTERDAY       40                        47     -7       57
  MONTH TO DATE  211                       192     19      237
  SINCE MAR 1    211                       192     19      237
  SINCE JUL 1   6685                      7775  -1090     6769

 COOLING
  YESTERDAY        0                         0      0        0
  MONTH TO DATE    0                         0      0        0
  SINCE MAR 1      0                         0      0        0
  SINCE JAN 1      0                         0      0        0
..................................................................


WIND (MPH)
  HIGHEST WIND SPEED    22   HIGHEST WIND DIRECTION    SE (140)
  HIGHEST GUST SPEED    30   HIGHEST GUST DIRECTION    SE (130)
  AVERAGE WIND SPEED    11.6


SKY COVER
  AVERAGE SKY COVER 0.0


WEATHER CONDITIONS
 THE FOLLOWING WEATHER WAS RECORDED YESTERDAY.
  NO SIGNIFICANT WEATHER WAS OBSERVED.


RELATIVE HUMIDITY (PERCENT)
 HIGHEST    80           700 AM
 LOWEST     39           400 PM
 AVERAGE    60

..........................................................


THE INTERNATIONAL FALLS MN CLIMATE NORMALS FOR TODAY
                         NORMAL    RECORD    YEAR
 MAXIMUM TEMPERATURE (F)   29        67      2000
 MINIMUM TEMPERATURE (F)    7       -30      2003


SUNRISE AND SUNSET
MARCH  5 2017.........SUNRISE   647 AM CST   SUNSET   604 PM CST
MARCH  6 2017.........SUNRISE   645 AM CST   SUNSET   606 PM CST


-  INDICATES NEGATIVE NUMBERS.
R  INDICATES RECORD WAS SET OR TIED.
MM INDICATES DATA IS MISSING.
T  INDICATES TRACE AMOUNT.




$$
