000
CDUS43 KDLH 230618
CLIINL


CLIMATE REPORT
NATIONAL WEATHER SERVICE DULUTH MN
118 AM CDT THU JUL 23 2015


...................................

...THE INTERNATIONAL FALLS MN CLIMATE SUMMARY FOR JULY 22 2015...

CLIMATE NORMAL PERIOD 1981 TO 2010
CLIMATE RECORD PERIOD 1895 TO 2015


WEATHER ITEM   OBSERVED TIME   RECORD YEAR NORMAL DEPARTURE LAST
                VALUE   (LST)  VALUE       VALUE  FROM      YEAR
                                                  NORMAL
..................................................................
TEMPERATURE (F)
 YESTERDAY
  MAXIMUM         80    451 PM 103    1923  78      2       76
  MINIMUM         41    452 AM  40    1985  53    -12       57
  AVERAGE         61                        66     -5       67

PRECIPITATION (IN)
  YESTERDAY        0.00          1.57 1987   0.10  -0.10     0.56
  MONTH TO DATE    1.30                      2.79  -1.49     4.29
  SINCE JUN 1      4.50                      6.71  -2.21    14.53
  SINCE JAN 1     12.67                     13.24  -0.57    23.35

SNOWFALL (IN)
  YESTERDAY        0.0                       0.0    0.0      0.0
  MONTH TO DATE    0.0                       0.0    0.0      0.0
  SINCE JUN 1      0.0                       0.0    0.0      0.0
  SINCE JUL 1      0.0                       0.0    0.0      0.0
  SNOW DEPTH       0

DEGREE DAYS
 HEATING
  YESTERDAY        4                         2      2        0
  MONTH TO DATE   47                        51     -4       83
  SINCE JUN 1    196                       215    -19      212
  SINCE JUL 1     47                        51     -4       83

 COOLING
  YESTERDAY        0                         2     -2        2
  MONTH TO DATE   49                        55     -6       39
  SINCE JUN 1     53                        93    -40       68
  SINCE JAN 1     53                       102    -49       91
..................................................................


WIND (MPH)
  HIGHEST WIND SPEED    12   HIGHEST WIND DIRECTION     E (80)
  HIGHEST GUST SPEED    14   HIGHEST GUST DIRECTION     E (80)
  AVERAGE WIND SPEED     2.7


SKY COVER
  AVERAGE SKY COVER 0.0


WEATHER CONDITIONS
 THE FOLLOWING WEATHER WAS RECORDED YESTERDAY.
  NO SIGNIFICANT WEATHER WAS OBSERVED.


RELATIVE HUMIDITY (PERCENT)
 HIGHEST    96           400 AM
 LOWEST     45           100 PM
 AVERAGE    71

..........................................................


THE INTERNATIONAL FALLS MN CLIMATE NORMALS FOR TODAY
                         NORMAL    RECORD    YEAR
 MAXIMUM TEMPERATURE (F)   78        92      1958
                                             1923
 MINIMUM TEMPERATURE (F)   53        36      1913


SUNRISE AND SUNSET
JULY 23 2015..........SUNRISE   536 AM CDT   SUNSET   903 PM CDT
JULY 24 2015..........SUNRISE   537 AM CDT   SUNSET   902 PM CDT


-  INDICATES NEGATIVE NUMBERS.
R  INDICATES RECORD WAS SET OR TIED.
MM INDICATES DATA IS MISSING.
T  INDICATES TRACE AMOUNT.




$$
