000
CDUS43 KDLH 152230
CLIINL


CLIMATE REPORT
NATIONAL WEATHER SERVICE DULUTH MN
530 PM CDT TUE AUG 15 2017


...................................

...THE INTERNATIONAL FALLS MN CLIMATE SUMMARY FOR AUGUST 15 2017...
VALID TODAY AS OF 530 PM LOCAL TIME.

CLIMATE NORMAL PERIOD 1981 TO 2010
CLIMATE RECORD PERIOD 1895 TO 2017


WEATHER ITEM   OBSERVED TIME   RECORD YEAR NORMAL DEPARTURE LAST
                VALUE   (LST)  VALUE       VALUE  FROM      YEAR
                                                  NORMAL
..................................................................
TEMPERATURE (F)
 TODAY
  MAXIMUM         80    113 PM  89    2015  77      3       80
                                      1988
                                      1967
  MINIMUM         46    456 AM  33    1979  51     -5       48
  AVERAGE         63                        64     -1       64

PRECIPITATION (IN)
  TODAY            0.00                      0.08  -0.08     0.00
  MONTH TO DATE    1.64                      1.38   0.26     2.17
  SINCE JUN 1      7.68                      9.00  -1.32    11.52
  SINCE JAN 1     14.30                     15.53  -1.23    19.32

SNOWFALL (IN)
  TODAY            0.0                       0.0    0.0      0.0
  MONTH TO DATE    0.0                       0.0    0.0      0.0
  SINCE JUL 1      0.0                       0.0    0.0      0.0
  SNOW DEPTH       0

DEGREE DAYS
 HEATING
  TODAY            2                         3     -1        1
  MONTH TO DATE   51                        39     12       16
  SINCE JUN 1    242                       273    -31      226
  SINCE JUL 1    118                       109      9       59

 COOLING
  TODAY            0                         2     -2        0
  MONTH TO DATE    9                        30    -21       25
  SINCE JUN 1     75                       144    -69      125
  SINCE JAN 1     75                       153    -78      127
..................................................................


WIND (MPH)
  HIGHEST WIND SPEED    10   HIGHEST WIND DIRECTION     E (110)
  HIGHEST GUST SPEED    13   HIGHEST GUST DIRECTION    SE (130)


SKY COVER
  AVERAGE SKY COVER 0.1


WEATHER CONDITIONS
 THE FOLLOWING WEATHER WAS RECORDED TODAY.
  FOG


RELATIVE HUMIDITY (PERCENT)
 HIGHEST   100          1200 AM
 LOWEST     45           300 PM
 AVERAGE    73

..........................................................


THE INTERNATIONAL FALLS MN CLIMATE NORMALS FOR TOMORROW
                         NORMAL    RECORD    YEAR
 MAXIMUM TEMPERATURE (F)   76        93      1971
 MINIMUM TEMPERATURE (F)   51        41      2012
                                             1958


SUNRISE AND SUNSET
AUGUST 15 2017........SUNRISE   607 AM CDT   SUNSET   828 PM CDT
AUGUST 16 2017........SUNRISE   609 AM CDT   SUNSET   826 PM CDT


-  INDICATES NEGATIVE NUMBERS.
R  INDICATES RECORD WAS SET OR TIED.
MM INDICATES DATA IS MISSING.
T  INDICATES TRACE AMOUNT.




$$
