000
CDUS43 KDLH 280630
CLIINL


CLIMATE REPORT
NATIONAL WEATHER SERVICE DULUTH MN
129 AM CDT TUE OCT 28 2014


...................................

...THE INTERNATIONAL FALLS MN CLIMATE SUMMARY FOR OCTOBER 27 2014...

CLIMATE NORMAL PERIOD 1981 TO 2010
CLIMATE RECORD PERIOD 1895 TO 2014


WEATHER ITEM   OBSERVED TIME   RECORD YEAR NORMAL DEPARTURE LAST
                VALUE   (LST)  VALUE       VALUE  FROM      YEAR
                                                  NORMAL
..................................................................
TEMPERATURE (F)
 YESTERDAY
  MAXIMUM         56    237 PM  70    1921  46     10       41
  MINIMUM         35    729 AM   7    1976  28      7       27
  AVERAGE         46                        36     10       34

PRECIPITATION (IN)
  YESTERDAY        0.34          1.41 1971   0.06   0.28      T
  MONTH TO DATE    0.96                      1.86  -0.90     2.06
  SINCE SEP 1      4.06                      4.85  -0.79     4.07
  SINCE JAN 1     28.60                     21.81   6.79    29.18

SNOWFALL (IN)
  YESTERDAY       MM             4.8  1988   0.1   MM        0.0
  MONTH TO DATE    T                         1.6   -1.6      1.6
  SINCE SEP 1      T                         1.7   -1.7      1.6
  SINCE JUL 1      T                         1.7   -1.7      1.6
  SNOW DEPTH       0

DEGREE DAYS
 HEATING
  YESTERDAY       19                        29    -10       31
  MONTH TO DATE  570                       624    -54      587
  SINCE SEP 1    892                       977    -85      809
  SINCE JUL 1   1106                      1158    -52     1029

 COOLING
  YESTERDAY        0                         0      0        0
  MONTH TO DATE    0                         0      0        0
  SINCE SEP 1     10                        11     -1       11
  SINCE JAN 1    121                       192    -71      224
..................................................................


WIND (MPH)
  HIGHEST WIND SPEED    14   HIGHEST WIND DIRECTION     E (110)
  HIGHEST GUST SPEED    18   HIGHEST GUST DIRECTION    SE (120)
  AVERAGE WIND SPEED     5.2


SKY COVER
  AVERAGE SKY COVER 0.3


WEATHER CONDITIONS
 THE FOLLOWING WEATHER WAS RECORDED YESTERDAY.
  RAIN
  LIGHT RAIN
  FOG


RELATIVE HUMIDITY (PERCENT)
 HIGHEST   100           900 PM
 LOWEST     47           200 PM
 AVERAGE    74

..........................................................


THE INTERNATIONAL FALLS MN CLIMATE NORMALS FOR TODAY
                         NORMAL    RECORD    YEAR
 MAXIMUM TEMPERATURE (F)   45        64      1974
 MINIMUM TEMPERATURE (F)   27        13      1925


SUNRISE AND SUNSET
OCTOBER 28 2014.......SUNRISE   754 AM CDT   SUNSET   600 PM CDT
OCTOBER 29 2014.......SUNRISE   755 AM CDT   SUNSET   559 PM CDT


-  INDICATES NEGATIVE NUMBERS.
R  INDICATES RECORD WAS SET OR TIED.
MM INDICATES DATA IS MISSING.
T  INDICATES TRACE AMOUNT.




$$
