641
CDUS43 KDLH 200647
CLIINL


CLIMATE REPORT
NATIONAL WEATHER SERVICE DULUTH MN
1244 AM CST SAT JAN 20 2018


...................................

...THE INTERNATIONAL FALLS MN CLIMATE SUMMARY FOR JANUARY 19 2018...

CLIMATE NORMAL PERIOD 1981 TO 2010
CLIMATE RECORD PERIOD 1895 TO 2018


WEATHER ITEM   OBSERVED TIME   RECORD YEAR NORMAL DEPARTURE LAST
                VALUE   (LST)  VALUE       VALUE  FROM      YEAR
                                                  NORMAL
..................................................................
TEMPERATURE (F)
 YESTERDAY
  MAXIMUM         43R   355 PM  40    2017  15     28       40
                                      1908
  MINIMUM         20    212 AM -40    1963  -7     27       20
  AVERAGE         32                         4     28       30

PRECIPITATION (IN)
  YESTERDAY        T             4.00 1907   0.02  -0.02     0.00
  MONTH TO DATE    0.51                      0.42   0.09     0.89
  SINCE DEC 1      1.67                      1.23   0.44     3.08
  SINCE JAN 1      0.51                      0.42   0.09     0.89

SNOWFALL (IN)
  YESTERDAY        0.0           7.9  1987   0.5   -0.5      0.0
  MONTH TO DATE    6.7                       9.9   -3.2     14.5
  SINCE DEC 1     23.1                      24.9   -1.8     40.0
  SINCE JUL 1     37.1                      40.9   -3.8     48.4
  SNOW DEPTH      10

DEGREE DAYS
 HEATING
  YESTERDAY       33                        61    -28       35
  MONTH TO DATE 1211                      1155     56     1184
  SINCE DEC 1   3038                      2869    169     2850
  SINCE JUL 1   5432                      5330    102     4656

 COOLING
  YESTERDAY        0                         0      0        0
  MONTH TO DATE    0                         0      0        0
  SINCE DEC 1      0                         0      0        0
  SINCE JAN 1      0                         0      0        0
..................................................................


WIND (MPH)
  HIGHEST WIND SPEED    22   HIGHEST WIND DIRECTION    NW (310)
  HIGHEST GUST SPEED    31   HIGHEST GUST DIRECTION    NW (330)
  AVERAGE WIND SPEED     9.3


SKY COVER
  AVERAGE SKY COVER 0.4


WEATHER CONDITIONS
 THE FOLLOWING WEATHER WAS RECORDED YESTERDAY.
  NO SIGNIFICANT WEATHER WAS OBSERVED.


RELATIVE HUMIDITY (PERCENT)
 HIGHEST    96          1200 AM
 LOWEST     62           200 PM
 AVERAGE    79

..........................................................


THE INTERNATIONAL FALLS MN CLIMATE NORMALS FOR TODAY
                         NORMAL    RECORD    YEAR
 MAXIMUM TEMPERATURE (F)   15        49      1921
 MINIMUM TEMPERATURE (F)   -7       -42      1996


SUNRISE AND SUNSET
JANUARY 20 2018.......SUNRISE   756 AM CST   SUNSET   453 PM CST
JANUARY 21 2018.......SUNRISE   755 AM CST   SUNSET   455 PM CST


-  INDICATES NEGATIVE NUMBERS.
R  INDICATES RECORD WAS SET OR TIED.
MM INDICATES DATA IS MISSING.
T  INDICATES TRACE AMOUNT.




$$
