924
CDUS43 KDLH 240625
CLIINL


CLIMATE REPORT
NATIONAL WEATHER SERVICE DULUTH MN
123 AM CDT SAT JUN 24 2017


...................................

...THE INTERNATIONAL FALLS MN CLIMATE SUMMARY FOR JUNE 23 2017...

CLIMATE NORMAL PERIOD 1981 TO 2010
CLIMATE RECORD PERIOD 1895 TO 2017


WEATHER ITEM   OBSERVED TIME   RECORD YEAR NORMAL DEPARTURE LAST
                VALUE   (LST)  VALUE       VALUE  FROM      YEAR
                                                  NORMAL
..................................................................
TEMPERATURE (F)
 YESTERDAY
  MAXIMUM         69    142 PM  96    1912  75     -6       81
  MINIMUM         52    519 AM  29    2004  51      1       44
  AVERAGE         61                        63     -2       63

PRECIPITATION (IN)
  YESTERDAY        0.02          1.15 1919   0.15  -0.13     0.00
  MONTH TO DATE    2.69                      2.94  -0.25     3.98
  SINCE JUN 1      2.69                      2.94  -0.25     3.98
  SINCE JAN 1      9.31                      9.47  -0.16    11.78

SNOWFALL (IN)
  YESTERDAY        0.0           0.0  2002   0.0    0.0      0.0
                                      2001
  MONTH TO DATE    0.0                       0.0    0.0      0.0
  SINCE JUN 1      0.0                       0.0    0.0      0.0
  SINCE JUL 1     70.4                      71.0   -0.6     47.7
  SNOW DEPTH       0

DEGREE DAYS
 HEATING
  YESTERDAY        4                         4      0        2
  MONTH TO DATE   75                       140    -65      135
  SINCE JUN 1     75                       140    -65      135
  SINCE JUL 1   9039                     10197  -1158     8963

 COOLING
  YESTERDAY        0                         2     -2        0
  MONTH TO DATE   12                        28    -16       13
  SINCE JUN 1     12                        28    -16       13
  SINCE JAN 1     12                        37    -25       15
..................................................................


WIND (MPH)
  HIGHEST WIND SPEED    22   HIGHEST WIND DIRECTION    NW (310)
  HIGHEST GUST SPEED    28   HIGHEST GUST DIRECTION    NW (300)
  AVERAGE WIND SPEED    11.5


SKY COVER
  AVERAGE SKY COVER 0.8


WEATHER CONDITIONS
 THE FOLLOWING WEATHER WAS RECORDED YESTERDAY.
  LIGHT RAIN
  FOG
  HAZE


RELATIVE HUMIDITY (PERCENT)
 HIGHEST    89          1000 PM
 LOWEST     52          1200 PM
 AVERAGE    71

..........................................................


THE INTERNATIONAL FALLS MN CLIMATE NORMALS FOR TODAY
                         NORMAL    RECORD    YEAR
 MAXIMUM TEMPERATURE (F)   75        95      1910
 MINIMUM TEMPERATURE (F)   51        37      1986


SUNRISE AND SUNSET
JUNE 24 2017..........SUNRISE   512 AM CDT   SUNSET   920 PM CDT
JUNE 25 2017..........SUNRISE   513 AM CDT   SUNSET   920 PM CDT


-  INDICATES NEGATIVE NUMBERS.
R  INDICATES RECORD WAS SET OR TIED.
MM INDICATES DATA IS MISSING.
T  INDICATES TRACE AMOUNT.




$$
