000
CDUS43 KDLH 040720
CLIINL


CLIMATE REPORT
NATIONAL WEATHER SERVICE DULUTH MN
220 AM CDT WED MAY 4 2016


...................................

...THE INTERNATIONAL FALLS MN CLIMATE SUMMARY FOR MAY 3 2016...

CLIMATE NORMAL PERIOD 1981 TO 2010
CLIMATE RECORD PERIOD 1895 TO 2016


WEATHER ITEM   OBSERVED TIME   RECORD YEAR NORMAL DEPARTURE LAST
                VALUE   (LST)  VALUE       VALUE  FROM      YEAR
                                                  NORMAL
..................................................................
TEMPERATURE (F)
 YESTERDAY
  MAXIMUM         64   1227 PM  87    1980  60      4       67
  MINIMUM         32   1106 PM  11    1967  34     -2       36
  AVERAGE         48                        47      1       52

PRECIPITATION (IN)
  YESTERDAY        0.00          0.71 1913   0.08  -0.08      T
  MONTH TO DATE    0.00                      0.23  -0.23     0.13
  SINCE MAR 1      4.82                      2.71   2.11     1.49
  SINCE JAN 1      6.19                      3.90   2.29     3.51

SNOWFALL (IN)
  YESTERDAY        0.0           2.5  1954   0.1   -0.1      0.0
  MONTH TO DATE    0.0                       0.1   -0.1      0.0
  SINCE MAR 1     14.2                      14.1    0.1      7.8
  SINCE JUL 1     47.7                      70.9  -23.2     64.5
  SNOW DEPTH       0

DEGREE DAYS
 HEATING
  YESTERDAY       17                        18     -1       13
  MONTH TO DATE   55                        55      0       31
  SINCE MAR 1   1984                      2110   -126     1959
  SINCE JUL 1   8516                      9693  -1177     9713

 COOLING
  YESTERDAY        0                         0      0        0
  MONTH TO DATE    0                         0      0        0
  SINCE MAR 1      0                         1     -1        0
  SINCE JAN 1      0                         1     -1        0
..................................................................


WIND (MPH)
  HIGHEST WIND SPEED    24   HIGHEST WIND DIRECTION     N (350)
  HIGHEST GUST SPEED    32   HIGHEST GUST DIRECTION     N (340)
  AVERAGE WIND SPEED    11.5


SKY COVER
  AVERAGE SKY COVER 0.4


WEATHER CONDITIONS
 THE FOLLOWING WEATHER WAS RECORDED YESTERDAY.
  NO SIGNIFICANT WEATHER WAS OBSERVED.


RELATIVE HUMIDITY (PERCENT)
 HIGHEST    89          1100 PM
 LOWEST     27          1200 PM
 AVERAGE    58

..........................................................


THE INTERNATIONAL FALLS MN CLIMATE NORMALS FOR TODAY
                         NORMAL    RECORD    YEAR
 MAXIMUM TEMPERATURE (F)   61        90      1952
 MINIMUM TEMPERATURE (F)   35        19      1967


SUNRISE AND SUNSET
MAY  4 2016...........SUNRISE   548 AM CDT   SUNSET   834 PM CDT
MAY  5 2016...........SUNRISE   547 AM CDT   SUNSET   835 PM CDT


-  INDICATES NEGATIVE NUMBERS.
R  INDICATES RECORD WAS SET OR TIED.
MM INDICATES DATA IS MISSING.
T  INDICATES TRACE AMOUNT.




$$
