000
CDUS43 KDLH 150642
CLIINL


CLIMATE REPORT
NATIONAL WEATHER SERVICE DULUTH MN
138 AM CDT TUE APR 15 2014


...................................

...THE INTERNATIONAL FALLS MN CLIMATE SUMMARY FOR APRIL 14 2014...

CLIMATE NORMAL PERIOD 1981 TO 2010
CLIMATE RECORD PERIOD 1895 TO 2014


WEATHER ITEM   OBSERVED TIME   RECORD YEAR NORMAL DEPARTURE LAST
                VALUE   (LST)  VALUE       VALUE  FROM      YEAR
                                                  NORMAL
..................................................................
TEMPERATURE (F)
 YESTERDAY
  MAXIMUM         28    148 PM  77    1958  51    -23       42
  MINIMUM         12   1159 PM   0    1926  27    -15        5
  AVERAGE         20                        39    -19       24

PRECIPITATION (IN)
  YESTERDAY        T             1.11 1991   0.05  -0.05     0.08
  MONTH TO DATE    0.36                      0.63  -0.27     0.80
  SINCE MAR 1      1.82                      1.58   0.24     1.95
  SINCE JAN 1      3.57                      2.77   0.80     5.61

SNOWFALL (IN)
  YESTERDAY        T             3.6  1991   0.2   -0.2      1.0
  MONTH TO DATE    2.6                       3.8   -1.2      8.5
  SINCE MAR 1     20.2                      11.4    8.8     23.2
  SINCE JUL 1     96.6                      68.2   28.4     93.5
  SNOW DEPTH       5

DEGREE DAYS
 HEATING
  YESTERDAY       45                        26     19       41
  MONTH TO DATE  456                       415     41      548
  SINCE MAR 1   2062                      1698    364     2060
  SINCE JUL 1  10493                      9281   1212     9617

 COOLING
  YESTERDAY        0                         0      0        0
  MONTH TO DATE    0                         0      0        0
  SINCE MAR 1      0                         0      0        0
  SINCE JAN 1      0                         0      0        0
..................................................................


WIND (MPH)
  HIGHEST WIND SPEED    22   HIGHEST WIND DIRECTION    NW (330)
  HIGHEST GUST SPEED    26   HIGHEST GUST DIRECTION    NW (330)
  AVERAGE WIND SPEED    11.2


SKY COVER
  AVERAGE SKY COVER 0.6


WEATHER CONDITIONS
 THE FOLLOWING WEATHER WAS RECORDED YESTERDAY.
  LIGHT SNOW
  HAZE


RELATIVE HUMIDITY (PERCENT)
 HIGHEST    88           500 AM
 LOWEST     46           100 PM
 AVERAGE    67

..........................................................


THE INTERNATIONAL FALLS MN CLIMATE NORMALS FOR TODAY
                         NORMAL    RECORD    YEAR
 MAXIMUM TEMPERATURE (F)   51        78      1913
 MINIMUM TEMPERATURE (F)   27        12      1962


SUNRISE AND SUNSET
APRIL 15 2014.........SUNRISE   623 AM CDT   SUNSET   805 PM CDT
APRIL 16 2014.........SUNRISE   621 AM CDT   SUNSET   806 PM CDT


-  INDICATES NEGATIVE NUMBERS.
R  INDICATES RECORD WAS SET OR TIED.
MM INDICATES DATA IS MISSING.
T  INDICATES TRACE AMOUNT.




$$
