000
CDUS43 KDLH 282223
CLIINL


CLIMATE REPORT
NATIONAL WEATHER SERVICE DULUTH MN
521 PM CDT TUE OCT 28 2014


...................................

...THE INTERNATIONAL FALLS MN CLIMATE SUMMARY FOR OCTOBER 28 2014...
VALID TODAY AS OF 0500 PM LOCAL TIME.

CLIMATE NORMAL PERIOD 1981 TO 2010
CLIMATE RECORD PERIOD 1895 TO 2014


WEATHER ITEM   OBSERVED TIME   RECORD YEAR NORMAL DEPARTURE LAST
                VALUE   (LST)  VALUE       VALUE  FROM      YEAR
                                                  NORMAL
..................................................................
TEMPERATURE (F)
 TODAY
  MAXIMUM         42    113 AM  64    1974  45     -3       35
  MINIMUM         35    140 PM  13    1925  27      8       17
  AVERAGE         39                        36      3       26

PRECIPITATION (IN)
  TODAY            0.12                      0.05   0.07     0.00
  MONTH TO DATE    1.08                      1.91  -0.83     2.06
  SINCE SEP 1      4.18                      4.90  -0.72     4.07
  SINCE JAN 1     28.72                     21.86   6.86    29.18

SNOWFALL (IN)
  TODAY            0                         0.2   MM        0.0
  MONTH TO DATE    T                         1.8   -1.8      1.6
  SINCE JUL 1      T                         1.9   -1.9      1.6
  SNOW DEPTH       0

DEGREE DAYS
 HEATING
  TODAY           26                        29     -3       39
  MONTH TO DATE  596                       653    -57      626
  SINCE SEP 1    918                      1006    -88      848
  SINCE JUL 1   1132                      1187    -55     1068

 COOLING
  TODAY            0                         0      0        0
  MONTH TO DATE    0                         0      0        0
  SINCE SEP 1     10                        11     -1       11
  SINCE JAN 1    121                       192    -71      224
..................................................................


WIND (MPH)
  HIGHEST WIND SPEED    17   HIGHEST WIND DIRECTION     W (270)
  HIGHEST GUST SPEED    23   HIGHEST GUST DIRECTION     W (270)


SKY COVER
  AVERAGE SKY COVER 1.0


WEATHER CONDITIONS
 THE FOLLOWING WEATHER WAS RECORDED TODAY.
  LIGHT RAIN
  FOG


RELATIVE HUMIDITY (PERCENT)
 HIGHEST    96          1200 AM
 LOWEST     92           300 AM
 AVERAGE    94

..........................................................


THE INTERNATIONAL FALLS MN CLIMATE NORMALS FOR TOMORROW
                         NORMAL    RECORD    YEAR
 MAXIMUM TEMPERATURE (F)   44        72      1950
 MINIMUM TEMPERATURE (F)   27         6      1988


SUNRISE AND SUNSET
OCTOBER 28 2014.......SUNRISE   754 AM CDT   SUNSET   600 PM CDT
OCTOBER 29 2014.......SUNRISE   755 AM CDT   SUNSET   559 PM CDT


-  INDICATES NEGATIVE NUMBERS.
R  INDICATES RECORD WAS SET OR TIED.
MM INDICATES DATA IS MISSING.
T  INDICATES TRACE AMOUNT.




$$
