000
CDUS43 KDLH 010710
CLIINL


CLIMATE REPORT
NATIONAL WEATHER SERVICE DULUTH MN
107 AM CST SUN MAR 1 2015


...................................

...THE INTERNATIONAL FALLS MN CLIMATE SUMMARY FOR FEBRUARY 28 2015...

CLIMATE NORMAL PERIOD 1981 TO 2010
CLIMATE RECORD PERIOD 1895 TO 2015


WEATHER ITEM   OBSERVED TIME   RECORD YEAR NORMAL DEPARTURE LAST
                VALUE   (LST)  VALUE       VALUE  FROM      YEAR
                                                  NORMAL
..................................................................
TEMPERATURE (F)
 YESTERDAY
  MAXIMUM         26    322 PM  47    1914  27     -1        4
  MINIMUM        -14    150 AM -37    1962   4    -18      -16
  AVERAGE          6                        16    -10       -6

PRECIPITATION (IN)
  YESTERDAY        0.01          0.23 1955   0.03  -0.02     0.03
  MONTH TO DATE    0.69                      0.57   0.12     0.93
  SINCE DEC 1      2.87                      2.00   0.87     3.19
  SINCE JAN 1      2.02                      1.19   0.83     1.75

SNOWFALL (IN)
  YESTERDAY       MM             4.3  1955   0.4   MM        0.8
  MONTH TO DATE   15.9                      10.8    5.1     22.2
  SINCE DEC 1     47.4                      40.8    6.6     65.5
  SINCE JUL 1     56.7                      56.8   -0.1     76.4
  SNOW DEPTH      MM

DEGREE DAYS
 HEATING
  YESTERDAY       59                        49     10       71
  MONTH TO DATE 1869                      1530    339     1816
  SINCE DEC 1   5143                      5122     21     6073
  SINCE JUL 1   7754                      7583    171     8431

 COOLING
  YESTERDAY        0                         0      0        0
  MONTH TO DATE    0                         0      0        0
  SINCE DEC 1      0                         0      0        0
  SINCE JAN 1      0                         0      0        0
..................................................................


WIND (MPH)
  HIGHEST WIND SPEED    21   HIGHEST WIND DIRECTION    SW (210)
  HIGHEST GUST SPEED    28   HIGHEST GUST DIRECTION    SW (210)
  AVERAGE WIND SPEED     7.7


SKY COVER
  AVERAGE SKY COVER 0.3


WEATHER CONDITIONS
 THE FOLLOWING WEATHER WAS RECORDED YESTERDAY.
  LIGHT SNOW
  HAZE


RELATIVE HUMIDITY (PERCENT)
 HIGHEST    79           700 AM
 LOWEST     32           300 PM
 AVERAGE    56

..........................................................


THE INTERNATIONAL FALLS MN CLIMATE NORMALS FOR TODAY
                         NORMAL    RECORD    YEAR
 MAXIMUM TEMPERATURE (F)   28        50      1993
 MINIMUM TEMPERATURE (F)    5       -38      1962


SUNRISE AND SUNSET
MARCH  1 2015.........SUNRISE   655 AM CST   SUNSET   557 PM CST
MARCH  2 2015.........SUNRISE   654 AM CST   SUNSET   559 PM CST


-  INDICATES NEGATIVE NUMBERS.
R  INDICATES RECORD WAS SET OR TIED.
MM INDICATES DATA IS MISSING.
T  INDICATES TRACE AMOUNT.




$$
