000
CDUS43 KDLH 100635
CLIINL


CLIMATE REPORT
NATIONAL WEATHER SERVICE DULUTH MN
1235 AM CST WED FEB 10 2016


...................................

...THE INTERNATIONAL FALLS MN CLIMATE SUMMARY FOR FEBRUARY 9 2016...

CLIMATE NORMAL PERIOD 1981 TO 2010
CLIMATE RECORD PERIOD 1895 TO 2016


WEATHER ITEM   OBSERVED TIME   RECORD YEAR NORMAL DEPARTURE LAST
                VALUE   (LST)  VALUE       VALUE  FROM      YEAR
                                                  NORMAL
..................................................................
TEMPERATURE (F)
 YESTERDAY
  MAXIMUM          7    349 PM  48    1976  20    -13       20
  MINIMUM         -8    954 PM -36    1909  -4     -4       11
  AVERAGE          0                         8     -8       16

PRECIPITATION (IN)
  YESTERDAY        0.00          0.34 1966   0.02  -0.02      T
  MONTH TO DATE    0.18                      0.15   0.03     0.14
  SINCE DEC 1      1.84                      1.58   0.26     2.32
  SINCE JAN 1      0.77                      0.77   0.00     1.47

SNOWFALL (IN)
  YESTERDAY        0.0           6.6  1985   0.3   -0.3       T
  MONTH TO DATE    1.7                       3.4   -1.7      2.0
  SINCE DEC 1     20.0                      33.4  -13.4     33.5
  SINCE JUL 1     23.8                      49.4  -25.6     42.8
  SNOW DEPTH      11

DEGREE DAYS
 HEATING
  YESTERDAY       65                        57      8       49
  MONTH TO DATE  473                       522    -49      577
  SINCE DEC 1   3482                      4114   -632     3851
  SINCE JUL 1   5488                      6575  -1087     6462

 COOLING
  YESTERDAY        0                         0      0        0
  MONTH TO DATE    0                         0      0        0
  SINCE DEC 1      0                         0      0        0
  SINCE JAN 1      0                         0      0        0
..................................................................


WIND (MPH)
  HIGHEST WIND SPEED    20   HIGHEST WIND DIRECTION     N (340)
  HIGHEST GUST SPEED    25   HIGHEST GUST DIRECTION    NW (330)
  AVERAGE WIND SPEED    11.0


SKY COVER
  AVERAGE SKY COVER 0.3


WEATHER CONDITIONS
 THE FOLLOWING WEATHER WAS RECORDED YESTERDAY.
  FOG
  HAZE


RELATIVE HUMIDITY (PERCENT)
 HIGHEST    87           500 AM
 LOWEST     60           300 PM
 AVERAGE    74

..........................................................


THE INTERNATIONAL FALLS MN CLIMATE NORMALS FOR TODAY
                         NORMAL    RECORD    YEAR
 MAXIMUM TEMPERATURE (F)   20        42      1984
 MINIMUM TEMPERATURE (F)   -3       -37      1914


SUNRISE AND SUNSET
FEBRUARY 10 2016......SUNRISE   730 AM CST   SUNSET   526 PM CST
FEBRUARY 11 2016......SUNRISE   728 AM CST   SUNSET   528 PM CST


-  INDICATES NEGATIVE NUMBERS.
R  INDICATES RECORD WAS SET OR TIED.
MM INDICATES DATA IS MISSING.
T  INDICATES TRACE AMOUNT.




$$
