000
CDUS43 KDLH 210630
CLIINL


CLIMATE REPORT
NATIONAL WEATHER SERVICE DULUTH MN
129 AM CDT MON JUL 21 2014


...................................

...THE INTERNATIONAL FALLS MN CLIMATE SUMMARY FOR JULY 20 2014...

CLIMATE NORMAL PERIOD 1981 TO 2010
CLIMATE RECORD PERIOD 1895 TO 2014


WEATHER ITEM   OBSERVED TIME   RECORD YEAR NORMAL DEPARTURE LAST
                VALUE   (LST)  VALUE       VALUE  FROM      YEAR
                                                  NORMAL
..................................................................
TEMPERATURE (F)
 YESTERDAY
  MAXIMUM         86    317 PM  97    1923  78      8       66
  MINIMUM         52    126 AM  36    1912  53     -1       44
  AVERAGE         69                        66      3       55

PRECIPITATION (IN)
  YESTERDAY        0.00          1.06 1952   0.10  -0.10     0.00
  MONTH TO DATE    2.63                      2.58   0.05     4.22
  SINCE JUN 1     12.87                      6.50   6.37     5.82
  SINCE JAN 1     21.69                     13.03   8.66    18.20

SNOWFALL (IN)
  YESTERDAY        0.0           0.0  2002   0.0    0.0      0.0
                                      2001
  MONTH TO DATE    0.0                       0.0    0.0      0.0
  SINCE JUN 1      0.0                       0.0    0.0      0.0
  SINCE JUL 1      0.0                       0.0    0.0      0.0
  SNOW DEPTH       0

DEGREE DAYS
 HEATING
  YESTERDAY        0                         2     -2       10
  MONTH TO DATE   83                        47     36       15
  SINCE JUN 1    212                       211      1      184
  SINCE JUL 1     83                        47     36       15

 COOLING
  YESTERDAY        4                         3      1        0
  MONTH TO DATE   26                        51    -25       90
  SINCE JUN 1     55                        89    -34      124
  SINCE JAN 1     78                        98    -20      127
..................................................................


WIND (MPH)
  HIGHEST WIND SPEED    18   HIGHEST WIND DIRECTION    SW (240)
  HIGHEST GUST SPEED    28   HIGHEST GUST DIRECTION     W (250)
  AVERAGE WIND SPEED     7.8


SKY COVER
  AVERAGE SKY COVER 0.3


WEATHER CONDITIONS
 THE FOLLOWING WEATHER WAS RECORDED YESTERDAY.
  THUNDERSTORM
  FOG
  FOG W/VISIBILITY <= 1/4 MILE


RELATIVE HUMIDITY (PERCENT)
 HIGHEST   100           300 AM
 LOWEST     59           200 PM
 AVERAGE    80

..........................................................


THE INTERNATIONAL FALLS MN CLIMATE NORMALS FOR TODAY
                         NORMAL    RECORD    YEAR
 MAXIMUM TEMPERATURE (F)   78        96      1923
                                             1906
 MINIMUM TEMPERATURE (F)   53        41      2013
                                             1947


SUNRISE AND SUNSET
JULY 21 2014..........SUNRISE   534 AM CDT   SUNSET   905 PM CDT
JULY 22 2014..........SUNRISE   535 AM CDT   SUNSET   904 PM CDT


-  INDICATES NEGATIVE NUMBERS.
R  INDICATES RECORD WAS SET OR TIED.
MM INDICATES DATA IS MISSING.
T  INDICATES TRACE AMOUNT.




$$
