000
CDUS43 KDLH 200626
CLIINL


CLIMATE REPORT
NATIONAL WEATHER SERVICE DULUTH MN
125 AM CDT SAT MAY 20 2017


...................................

...THE INTERNATIONAL FALLS MN CLIMATE SUMMARY FOR MAY 19 2017...

CLIMATE NORMAL PERIOD 1981 TO 2010
CLIMATE RECORD PERIOD 1895 TO 2017


WEATHER ITEM   OBSERVED TIME   RECORD YEAR NORMAL DEPARTURE LAST
                VALUE   (LST)  VALUE       VALUE  FROM      YEAR
                                                  NORMAL
..................................................................
TEMPERATURE (F)
 YESTERDAY
  MAXIMUM         62    333 PM  89    1972  66     -4       75
  MINIMUM         25    352 AM  20    1926  40    -15       34
                                      1924
  AVERAGE         44                        53     -9       55

PRECIPITATION (IN)
  YESTERDAY        0.00          2.19 2013   0.09  -0.09     0.00
  MONTH TO DATE    0.37                      1.63  -1.26     0.38
  SINCE MAR 1      2.63                      4.11  -1.48     5.20
  SINCE JAN 1      5.38                      5.30   0.08     6.57

SNOWFALL (IN)
  YESTERDAY        0.0           0.1  1949   0.0    0.0      0.0
  MONTH TO DATE    0.0                       0.2   -0.2       T
  SINCE MAR 1      7.1                      14.2   -7.1     14.2
  SINCE JUL 1     70.4                      71.0   -0.6     47.7
  SNOW DEPTH       0

DEGREE DAYS
 HEATING
  YESTERDAY       21                        12      9       10
  MONTH TO DATE  318                       292     26      306
  SINCE MAR 1   2324                      2347    -23     2235
  SINCE JUL 1   8798                      9930  -1132     8767

 COOLING
  YESTERDAY        0                         0      0        0
  MONTH TO DATE    0                         0      0        0
  SINCE MAR 1      0                         1     -1        0
  SINCE JAN 1      0                         1     -1        0
..................................................................


WIND (MPH)
  HIGHEST WIND SPEED    14   HIGHEST WIND DIRECTION    SE (120)
  HIGHEST GUST SPEED    20   HIGHEST GUST DIRECTION     E (110)
  AVERAGE WIND SPEED     3.6


SKY COVER
  AVERAGE SKY COVER 0.0


WEATHER CONDITIONS
 THE FOLLOWING WEATHER WAS RECORDED YESTERDAY.
  NO SIGNIFICANT WEATHER WAS OBSERVED.


RELATIVE HUMIDITY (PERCENT)
 HIGHEST    85           100 AM
 LOWEST     23          1200 PM
 AVERAGE    54

..........................................................


THE INTERNATIONAL FALLS MN CLIMATE NORMALS FOR TODAY
                         NORMAL    RECORD    YEAR
 MAXIMUM TEMPERATURE (F)   66        89      1994
                                             1975
 MINIMUM TEMPERATURE (F)   40        22      1967


SUNRISE AND SUNSET
MAY 20 2017...........SUNRISE   526 AM CDT   SUNSET   855 PM CDT
MAY 21 2017...........SUNRISE   525 AM CDT   SUNSET   856 PM CDT


-  INDICATES NEGATIVE NUMBERS.
R  INDICATES RECORD WAS SET OR TIED.
MM INDICATES DATA IS MISSING.
T  INDICATES TRACE AMOUNT.




$$
