642
CDUS43 KDLH 230620
CLIINL


CLIMATE REPORT
NATIONAL WEATHER SERVICE DULUTH MN
120 AM CDT TUE AUG 23 2016


...................................

...THE INTERNATIONAL FALLS MN CLIMATE SUMMARY FOR AUGUST 22 2016...

CLIMATE NORMAL PERIOD 1981 TO 2010
CLIMATE RECORD PERIOD 1895 TO 2016


WEATHER ITEM   OBSERVED TIME   RECORD YEAR NORMAL DEPARTURE LAST
                VALUE   (LST)  VALUE       VALUE  FROM      YEAR
                                                  NORMAL
..................................................................
TEMPERATURE (F)
 YESTERDAY
  MAXIMUM         82    402 PM  91    1947  75      7       76
                                      1922
  MINIMUM         55    551 AM  32    1958  50      5       58
  AVERAGE         69                        62      7       67

PRECIPITATION (IN)
  YESTERDAY        T             1.95 1917   0.08  -0.08     0.05
  MONTH TO DATE    2.21                      1.98   0.23     3.12
  SINCE JUN 1     11.56                      9.60   1.96     7.79
  SINCE JAN 1     19.36                     16.13   3.23    15.96

SNOWFALL (IN)
  YESTERDAY        0.0           T    1995   0.0    0.0      0.0
  MONTH TO DATE    0.0                       0.0    0.0      0.0
  SINCE JUN 1      0.0                       0.0    0.0      0.0
  SINCE JUL 1      0.0                       0.0    0.0      0.0
  SNOW DEPTH       0

DEGREE DAYS
 HEATING
  YESTERDAY        0                         4     -4        0
  MONTH TO DATE   36                        64    -28       72
  SINCE JUN 1    246                       298    -52      268
  SINCE JUL 1     79                       134    -55      119

 COOLING
  YESTERDAY        4                         2      2        2
  MONTH TO DATE   36                        44     -8       44
  SINCE JUN 1    136                       158    -22      139
  SINCE JAN 1    138                       167    -29      139
..................................................................


WIND (MPH)
  HIGHEST WIND SPEED    13   HIGHEST WIND DIRECTION     S (200)
  HIGHEST GUST SPEED    20   HIGHEST GUST DIRECTION     S (200)
  AVERAGE WIND SPEED     5.7


SKY COVER
  AVERAGE SKY COVER 0.2


WEATHER CONDITIONS
 THE FOLLOWING WEATHER WAS RECORDED YESTERDAY.
  LIGHT RAIN


RELATIVE HUMIDITY (PERCENT)
 HIGHEST    93          1100 PM
 LOWEST     47           300 PM
 AVERAGE    70

..........................................................


THE INTERNATIONAL FALLS MN CLIMATE NORMALS FOR TODAY
                         NORMAL    RECORD    YEAR
 MAXIMUM TEMPERATURE (F)   75        90      1947
 MINIMUM TEMPERATURE (F)   50        33      2004


SUNRISE AND SUNSET
AUGUST 23 2016........SUNRISE   619 AM CDT   SUNSET   812 PM CDT
AUGUST 24 2016........SUNRISE   620 AM CDT   SUNSET   810 PM CDT


-  INDICATES NEGATIVE NUMBERS.
R  INDICATES RECORD WAS SET OR TIED.
MM INDICATES DATA IS MISSING.
T  INDICATES TRACE AMOUNT.




$$
