000
CDUS43 KDLH 130654
CLIINL


CLIMATE REPORT
NATIONAL WEATHER SERVICE DULUTH MN
1252 AM CST WED DEC 13 2017


...................................

...THE INTERNATIONAL FALLS MN CLIMATE SUMMARY FOR DECEMBER 12 2017...

CLIMATE NORMAL PERIOD 1981 TO 2010
CLIMATE RECORD PERIOD 1895 TO 2017


WEATHER ITEM   OBSERVED TIME   RECORD YEAR NORMAL DEPARTURE LAST
                VALUE   (LST)  VALUE       VALUE  FROM      YEAR
                                                  NORMAL
..................................................................
TEMPERATURE (F)
 YESTERDAY
  MAXIMUM         14   1159 PM  45    1913  20     -6        5
  MINIMUM         -6    616 AM -39    1995   2     -8      -15
  AVERAGE          4                        11     -7       -5

PRECIPITATION (IN)
  YESTERDAY        0.04          0.50 1911   0.03   0.01     0.03
  MONTH TO DATE    0.68                      0.34   0.34     0.78
  SINCE DEC 1      0.68                      0.34   0.34     0.78
  SINCE JAN 1     23.07                     23.75  -0.68    27.95

SNOWFALL (IN)
  YESTERDAY        0.5           3.4  1981   0.4    0.1      0.3
  MONTH TO DATE    5.6                       5.8   -0.2     11.7
  SINCE DEC 1      5.6                       5.8   -0.2     11.7
  SINCE JUL 1     19.6                      21.8   -2.2     20.1
  SNOW DEPTH       3

DEGREE DAYS
 HEATING
  YESTERDAY       61                        54      7       70
  MONTH TO DATE  569                       618    -49      588
  SINCE DEC 1    569                       618    -49      588
  SINCE JUL 1   2963                      3079   -116     2394

 COOLING
  YESTERDAY        0                         0      0        0
  MONTH TO DATE    0                         0      0        0
  SINCE DEC 1      0                         0      0        0
  SINCE JAN 1     86                       192   -106      155
..................................................................


WIND (MPH)
  HIGHEST WIND SPEED    14   HIGHEST WIND DIRECTION    SE (140)
  HIGHEST GUST SPEED    20   HIGHEST GUST DIRECTION    SE (130)
  AVERAGE WIND SPEED     6.2


SKY COVER
  AVERAGE SKY COVER 0.7


WEATHER CONDITIONS
 THE FOLLOWING WEATHER WAS RECORDED YESTERDAY.
  HEAVY SNOW
  SNOW
  LIGHT SNOW
  FOG
  HAZE


RELATIVE HUMIDITY (PERCENT)
 HIGHEST    87           200 AM
 LOWEST     76           400 PM
 AVERAGE    82

..........................................................


THE INTERNATIONAL FALLS MN CLIMATE NORMALS FOR TODAY
                         NORMAL    RECORD    YEAR
 MAXIMUM TEMPERATURE (F)   20        45      1913
 MINIMUM TEMPERATURE (F)    1       -33      2010


SUNRISE AND SUNSET
DECEMBER 13 2017......SUNRISE   758 AM CST   SUNSET   418 PM CST
DECEMBER 14 2017......SUNRISE   759 AM CST   SUNSET   418 PM CST


-  INDICATES NEGATIVE NUMBERS.
R  INDICATES RECORD WAS SET OR TIED.
MM INDICATES DATA IS MISSING.
T  INDICATES TRACE AMOUNT.




$$
