000
CDUS43 KDLH 280625
CLIINL


CLIMATE REPORT
NATIONAL WEATHER SERVICE DULUTH MN
122 AM CDT FRI APR 28 2017


...................................

...THE INTERNATIONAL FALLS MN CLIMATE SUMMARY FOR APRIL 27 2017...

CLIMATE NORMAL PERIOD 1981 TO 2010
CLIMATE RECORD PERIOD 1895 TO 2017


WEATHER ITEM   OBSERVED TIME   RECORD YEAR NORMAL DEPARTURE LAST
                VALUE   (LST)  VALUE       VALUE  FROM      YEAR
                                                  NORMAL
..................................................................
TEMPERATURE (F)
 YESTERDAY
  MAXIMUM         29    355 PM  93    1952  58    -29       55
  MINIMUM         21    612 AM  12    1956  32    -11       27
  AVERAGE         25                        45    -20       41

PRECIPITATION (IN)
  YESTERDAY        T             0.81 1986   0.07  -0.07     0.00
  MONTH TO DATE    1.55                      1.32   0.23     2.11
  SINCE MAR 1      2.23                      2.27  -0.04     4.82
  SINCE JAN 1      4.98                      3.46   1.52     6.19

SNOWFALL (IN)
  YESTERDAY        T             2.8  1966   0.1   -0.1      0.0
  MONTH TO DATE    2.3                       6.1   -3.8      4.9
  SINCE MAR 1      6.8                      13.7   -6.9     14.2
  SINCE JUL 1     70.1                      70.5   -0.4     47.7
  SNOW DEPTH       2

DEGREE DAYS
 HEATING
  YESTERDAY       40                        20     20       24
  MONTH TO DATE  669                       713    -44      762
  SINCE MAR 1   1926                      1996    -70     1865
  SINCE JUL 1   8400                      9579  -1179     8397

 COOLING
  YESTERDAY        0                         0      0        0
  MONTH TO DATE    0                         0      0        0
  SINCE MAR 1      0                         0      0        0
  SINCE JAN 1      0                         0      0        0
..................................................................


WIND (MPH)
  HIGHEST WIND SPEED    20   HIGHEST WIND DIRECTION    NW (330)
  HIGHEST GUST SPEED    23   HIGHEST GUST DIRECTION    NE (30)
  AVERAGE WIND SPEED    10.6


SKY COVER
  AVERAGE SKY COVER 1.0


WEATHER CONDITIONS
 THE FOLLOWING WEATHER WAS RECORDED YESTERDAY.
  LIGHT SNOW
  FOG
  HAZE


RELATIVE HUMIDITY (PERCENT)
 HIGHEST    75           500 PM
 LOWEST     58           200 PM
 AVERAGE    67

..........................................................


THE INTERNATIONAL FALLS MN CLIMATE NORMALS FOR TODAY
                         NORMAL    RECORD    YEAR
 MAXIMUM TEMPERATURE (F)   58        91      1952
 MINIMUM TEMPERATURE (F)   32         9      1958


SUNRISE AND SUNSET
APRIL 28 2017.........SUNRISE   559 AM CDT   SUNSET   825 PM CDT
APRIL 29 2017.........SUNRISE   557 AM CDT   SUNSET   826 PM CDT


-  INDICATES NEGATIVE NUMBERS.
R  INDICATES RECORD WAS SET OR TIED.
MM INDICATES DATA IS MISSING.
T  INDICATES TRACE AMOUNT.




$$
