000
CDUS43 KDLH 270618
CLIINL


CLIMATE REPORT
NATIONAL WEATHER SERVICE DULUTH MN
117 AM CDT TUE JUN 27 2017


...................................

...THE INTERNATIONAL FALLS MN CLIMATE SUMMARY FOR JUNE 26 2017...

CLIMATE NORMAL PERIOD 1981 TO 2010
CLIMATE RECORD PERIOD 1895 TO 2017


WEATHER ITEM   OBSERVED TIME   RECORD YEAR NORMAL DEPARTURE LAST
                VALUE   (LST)  VALUE       VALUE  FROM      YEAR
                                                  NORMAL
..................................................................
TEMPERATURE (F)
 YESTERDAY
  MAXIMUM         71    235 PM  94    1921  76     -5       72
  MINIMUM         41    445 AM  39    1948  51    -10       54
  AVERAGE         56                        63     -7       63

PRECIPITATION (IN)
  YESTERDAY        0.01          2.79 1941   0.15  -0.14     0.20
  MONTH TO DATE    3.35                      3.37  -0.02     6.86
  SINCE JUN 1      3.35                      3.37  -0.02     6.86
  SINCE JAN 1      9.97                      9.90   0.07    14.66

SNOWFALL (IN)
  YESTERDAY        0.0           0.0  2002   0.0    0.0      0.0
                                      2001
  MONTH TO DATE    0.0                       0.0    0.0      0.0
  SINCE JUN 1      0.0                       0.0    0.0      0.0
  SINCE JUL 1     70.4                      71.0   -0.6     47.7
  SNOW DEPTH       0

DEGREE DAYS
 HEATING
  YESTERDAY        9                         4      5        2
  MONTH TO DATE  102                       152    -50      137
  SINCE JUN 1    102                       152    -50      137
  SINCE JUL 1   9066                     10209  -1143     8965

 COOLING
  YESTERDAY        0                         2     -2        0
  MONTH TO DATE   12                        34    -22       18
  SINCE JUN 1     12                        34    -22       18
  SINCE JAN 1     12                        43    -31       20
..................................................................


WIND (MPH)
  HIGHEST WIND SPEED    25   HIGHEST WIND DIRECTION    NW (300)
  HIGHEST GUST SPEED    32   HIGHEST GUST DIRECTION    NW (300)
  AVERAGE WIND SPEED     7.1


SKY COVER
  AVERAGE SKY COVER 0.4


WEATHER CONDITIONS
 THE FOLLOWING WEATHER WAS RECORDED YESTERDAY.
  LIGHT RAIN


RELATIVE HUMIDITY (PERCENT)
 HIGHEST    96          1200 AM
 LOWEST     37           300 PM
 AVERAGE    67

..........................................................


THE INTERNATIONAL FALLS MN CLIMATE NORMALS FOR TODAY
                         NORMAL    RECORD    YEAR
 MAXIMUM TEMPERATURE (F)   76       101      1912
 MINIMUM TEMPERATURE (F)   51        37      1925


SUNRISE AND SUNSET
JUNE 27 2017..........SUNRISE   513 AM CDT   SUNSET   920 PM CDT
JUNE 28 2017..........SUNRISE   514 AM CDT   SUNSET   920 PM CDT


-  INDICATES NEGATIVE NUMBERS.
R  INDICATES RECORD WAS SET OR TIED.
MM INDICATES DATA IS MISSING.
T  INDICATES TRACE AMOUNT.




$$
