000
CDUS43 KDLH 180638
CLIINL


CLIMATE REPORT
NATIONAL WEATHER SERVICE DULUTH MN
1233 AM CST SUN FEB 18 2018


...................................

...THE INTERNATIONAL FALLS MN CLIMATE SUMMARY FOR FEBRUARY 17 2018...

CLIMATE NORMAL PERIOD 1981 TO 2010
CLIMATE RECORD PERIOD 1895 TO 2018


WEATHER ITEM   OBSERVED TIME   RECORD YEAR NORMAL DEPARTURE LAST
                VALUE   (LST)  VALUE       VALUE  FROM      YEAR
                                                  NORMAL
..................................................................
TEMPERATURE (F)
 YESTERDAY
  MAXIMUM         22    232 AM  58    2017  23     -1       58
  MINIMUM          2   1159 PM -37    1967  -1      3       29
  AVERAGE         12                        11      1       44

PRECIPITATION (IN)
  YESTERDAY        T             0.28 1898   0.02  -0.02     0.00
  MONTH TO DATE    0.11                      0.31  -0.20     0.77
  SINCE DEC 1      1.98                      1.74   0.24     4.23
  SINCE JAN 1      0.82                      0.93  -0.11     2.04

SNOWFALL (IN)
  YESTERDAY        T             8.0  2009   0.4   -0.4      0.0
  MONTH TO DATE    1.2                       6.5   -5.3     11.4
  SINCE DEC 1     26.9                      36.5   -9.6     53.8
  SINCE JUL 1     40.9                      52.5  -11.6     62.2
  SNOW DEPTH       9

DEGREE DAYS
 HEATING
  YESTERDAY       53                        54     -1       21
  MONTH TO DATE 1132                       964    168      893
  SINCE DEC 1   4799                      4556    243     4231
  SINCE JUL 1   7193                      7017    176     6037

 COOLING
  YESTERDAY        0                         0      0        0
  MONTH TO DATE    0                         0      0        0
  SINCE DEC 1      0                         0      0        0
  SINCE JAN 1      0                         0      0        0
..................................................................


WIND (MPH)
  HIGHEST WIND SPEED    22   HIGHEST WIND DIRECTION     W (290)
  HIGHEST GUST SPEED    28   HIGHEST GUST DIRECTION    NW (300)
  AVERAGE WIND SPEED    11.2


SKY COVER
  AVERAGE SKY COVER 0.4


WEATHER CONDITIONS
 THE FOLLOWING WEATHER WAS RECORDED YESTERDAY.
  LIGHT SNOW
  HAZE


RELATIVE HUMIDITY (PERCENT)
 HIGHEST    80           500 AM
 LOWEST     45           200 PM
 AVERAGE    63

..........................................................


THE INTERNATIONAL FALLS MN CLIMATE NORMALS FOR TODAY
                         NORMAL    RECORD    YEAR
 MAXIMUM TEMPERATURE (F)   23        51      2017
 MINIMUM TEMPERATURE (F)    0       -44      1966


SUNRISE AND SUNSET
FEBRUARY 18 2018......SUNRISE   716 AM CST   SUNSET   540 PM CST
FEBRUARY 19 2018......SUNRISE   714 AM CST   SUNSET   542 PM CST


-  INDICATES NEGATIVE NUMBERS.
R  INDICATES RECORD WAS SET OR TIED.
MM INDICATES DATA IS MISSING.
T  INDICATES TRACE AMOUNT.




$$
