000
CDUS43 KDLH 132223
CLIINL


CLIMATE REPORT
NATIONAL WEATHER SERVICE DULUTH MN
523 PM CDT SUN JUL 13 2014


...................................

...THE INTERNATIONAL FALLS MN CLIMATE SUMMARY FOR JULY 13 2014...
VALID TODAY AS OF 0500 PM LOCAL TIME.

CLIMATE NORMAL PERIOD 1981 TO 2010
CLIMATE RECORD PERIOD 1895 TO 2014


WEATHER ITEM   OBSERVED TIME   RECORD YEAR NORMAL DEPARTURE LAST
                VALUE   (LST)  VALUE       VALUE  FROM      YEAR
                                                  NORMAL
..................................................................
TEMPERATURE (F)
 TODAY
  MAXIMUM         67   1149 AM  93    1983  78    -11       87
  MINIMUM         47    217 AM  35    2009  53     -6       69
  AVERAGE         57                        65     -8       78

PRECIPITATION (IN)
  TODAY            T                         0.12  -0.12     0.00
  MONTH TO DATE    1.19                      1.79  -0.60     1.67
  SINCE JUN 1     11.43                      5.71   5.72     3.27
  SINCE JAN 1     20.25                     12.24   8.01    15.65

SNOWFALL (IN)
  TODAY            0.0                       0.0    0.0      0.0
  MONTH TO DATE    0.0                       0.0    0.0      0.0
  SINCE JUL 1      0.0                       0.0    0.0      0.0
  SNOW DEPTH       0

DEGREE DAYS
 HEATING
  TODAY            8                         2      6        0
  MONTH TO DATE   53                        33     20        2
  SINCE JUN 1    182                       197    -15      171
  SINCE JUL 1     53                        33     20        2

 COOLING
  TODAY            0                         3     -3       13
  MONTH TO DATE   18                        30    -12       53
  SINCE JUN 1     47                        68    -21       87
  SINCE JAN 1     70                        77     -7       90
..................................................................


WIND (MPH)
  HIGHEST WIND SPEED    28   HIGHEST WIND DIRECTION    NW (310)
  HIGHEST GUST SPEED    35   HIGHEST GUST DIRECTION    NW (320)


SKY COVER
  AVERAGE SKY COVER 0.5


WEATHER CONDITIONS
 THE FOLLOWING WEATHER WAS RECORDED TODAY.
  LIGHT RAIN
  HAZE


RELATIVE HUMIDITY (PERCENT)
 HIGHEST    93           100 AM
 LOWEST     48          1100 AM
 AVERAGE    71

..........................................................


THE INTERNATIONAL FALLS MN CLIMATE NORMALS FOR TOMORROW
                         NORMAL    RECORD    YEAR
 MAXIMUM TEMPERATURE (F)   78        96      1983
 MINIMUM TEMPERATURE (F)   53        38      1960


SUNRISE AND SUNSET
JULY 13 2014..........SUNRISE   525 AM CDT   SUNSET   913 PM CDT
JULY 14 2014..........SUNRISE   526 AM CDT   SUNSET   912 PM CDT


-  INDICATES NEGATIVE NUMBERS.
R  INDICATES RECORD WAS SET OR TIED.
MM INDICATES DATA IS MISSING.
T  INDICATES TRACE AMOUNT.




$$
