000
CDUS43 KDLH 010627
CLIINL


CLIMATE REPORT
NATIONAL WEATHER SERVICE DULUTH MN
125 AM CDT SAT OCT 1 2016


...................................

...THE INTERNATIONAL FALLS MN CLIMATE SUMMARY FOR SEPTEMBER 30 2016...

CLIMATE NORMAL PERIOD 1981 TO 2010
CLIMATE RECORD PERIOD 1895 TO 2016


WEATHER ITEM   OBSERVED TIME   RECORD YEAR NORMAL DEPARTURE LAST
                VALUE   (LST)  VALUE       VALUE  FROM      YEAR
                                                  NORMAL
..................................................................
TEMPERATURE (F)
 YESTERDAY
  MAXIMUM         59    422 PM  82    1989  59      0       66
                                      1922
  MINIMUM         41    939 PM  23    1947  36      5       28
  AVERAGE         50                        47      3       47

PRECIPITATION (IN)
  YESTERDAY        0.00          2.37 1971   0.09  -0.09     0.00
  MONTH TO DATE    3.33                      2.99   0.34     1.18
  SINCE SEP 1      3.33                      2.99   0.34     1.18
  SINCE JAN 1     23.89                     19.95   3.94    17.64

SNOWFALL (IN)
  YESTERDAY        0.0           1.4  1981   0.0    0.0      0.0
  MONTH TO DATE    0.0                       0.1   -0.1      0.0
  SINCE SEP 1      0.0                       0.1   -0.1      0.0
  SINCE JUL 1      0.0                       0.1   -0.1      0.0
  SNOW DEPTH       0

DEGREE DAYS
 HEATING
  YESTERDAY       15                        18     -3       18
  MONTH TO DATE  238                       353   -115      220
  SINCE SEP 1    238                       353   -115      220
  SINCE JUL 1    355                       534   -179      396

 COOLING
  YESTERDAY        0                         0      0        0
  MONTH TO DATE    7                        11     -4       47
  SINCE SEP 1      7                        11     -4       47
  SINCE JAN 1    155                       192    -37      210
..................................................................


WIND (MPH)
  HIGHEST WIND SPEED    10   HIGHEST WIND DIRECTION    SE (130)
  HIGHEST GUST SPEED    13   HIGHEST GUST DIRECTION    SE (140)
  AVERAGE WIND SPEED     4.9


SKY COVER
  AVERAGE SKY COVER 0.6


WEATHER CONDITIONS
 THE FOLLOWING WEATHER WAS RECORDED YESTERDAY.
  FOG
  FOG W/VISIBILITY <= 1/4 MILE


RELATIVE HUMIDITY (PERCENT)
 HIGHEST   100           600 AM
 LOWEST     80           300 PM
 AVERAGE    90

..........................................................


THE INTERNATIONAL FALLS MN CLIMATE NORMALS FOR TODAY
                         NORMAL    RECORD    YEAR
 MAXIMUM TEMPERATURE (F)   58        83      1992
 MINIMUM TEMPERATURE (F)   36        20      2003


SUNRISE AND SUNSET
OCTOBER  1 2016.......SUNRISE   714 AM CDT   SUNSET   651 PM CDT
OCTOBER  2 2016.......SUNRISE   715 AM CDT   SUNSET   649 PM CDT


-  INDICATES NEGATIVE NUMBERS.
R  INDICATES RECORD WAS SET OR TIED.
MM INDICATES DATA IS MISSING.
T  INDICATES TRACE AMOUNT.




$$
