454
CDUS43 KDLH 290713
CLIINL


CLIMATE REPORT
NATIONAL WEATHER SERVICE DULUTH MN
212 AM CDT SUN MAY 29 2016


...................................

...THE INTERNATIONAL FALLS MN CLIMATE SUMMARY FOR MAY 28 2016...

CLIMATE NORMAL PERIOD 1981 TO 2010
CLIMATE RECORD PERIOD 1895 TO 2016


WEATHER ITEM   OBSERVED TIME   RECORD YEAR NORMAL DEPARTURE LAST
                VALUE   (LST)  VALUE       VALUE  FROM      YEAR
                                                  NORMAL
..................................................................
TEMPERATURE (F)
 YESTERDAY
  MAXIMUM         61    808 AM  92    1919  69     -8       65
  MINIMUM         56    602 AM  27    1947  43     13       49
  AVERAGE         59                        56      3       57

PRECIPITATION (IN)
  YESTERDAY        0.16          1.51 1972   0.11   0.05     0.53
  MONTH TO DATE    0.79                      2.54  -1.75     4.62
  SINCE MAR 1      5.61                      5.02   0.59     5.98
  SINCE JAN 1      6.98                      6.21   0.77     8.00

SNOWFALL (IN)
  YESTERDAY        0.0           0.3  1965   0.0    0.0      0.0
  MONTH TO DATE    T                         0.2   -0.2       T
  SINCE MAR 1     14.2                      14.2    0.0      7.8
  SINCE JUL 1     47.7                      71.0  -23.3     64.5
  SNOW DEPTH       0

DEGREE DAYS
 HEATING
  YESTERDAY        6                        10     -4        8
  MONTH TO DATE  342                       391    -49      397
  SINCE MAR 1   2271                      2446   -175     2325
  SINCE JUL 1   8803                     10029  -1226    10079

 COOLING
  YESTERDAY        0                         0      0        0
  MONTH TO DATE    2                         0      2        0
  SINCE MAR 1      2                         1      1        0
  SINCE JAN 1      2                         1      1        0
..................................................................


WIND (MPH)
  HIGHEST WIND SPEED    15   HIGHEST WIND DIRECTION    NE (60)
  HIGHEST GUST SPEED    21   HIGHEST GUST DIRECTION    NE (50)
  AVERAGE WIND SPEED     6.3


SKY COVER
  AVERAGE SKY COVER 1.0


WEATHER CONDITIONS
 THE FOLLOWING WEATHER WAS RECORDED YESTERDAY.
  LIGHT RAIN
  FOG
  HAZE


RELATIVE HUMIDITY (PERCENT)
 HIGHEST   100           600 AM
 LOWEST     78          1200 AM
 AVERAGE    89

..........................................................


THE INTERNATIONAL FALLS MN CLIMATE NORMALS FOR TODAY
                         NORMAL    RECORD    YEAR
 MAXIMUM TEMPERATURE (F)   69        92      1919
 MINIMUM TEMPERATURE (F)   43        26      1952


SUNRISE AND SUNSET
MAY 29 2016...........SUNRISE   518 AM CDT   SUNSET   905 PM CDT
MAY 30 2016...........SUNRISE   517 AM CDT   SUNSET   906 PM CDT


-  INDICATES NEGATIVE NUMBERS.
R  INDICATES RECORD WAS SET OR TIED.
MM INDICATES DATA IS MISSING.
T  INDICATES TRACE AMOUNT.




$$
