000
CDUS43 KDLH 131643
CLIINL


CLIMATE REPORT
NATIONAL WEATHER SERVICE DULUTH MN
1041 AM CST FRI JAN 13 2017


...................................

...THE INTERNATIONAL FALLS MN CLIMATE SUMMARY FOR JANUARY 11 2017...

CLIMATE NORMAL PERIOD 1981 TO 2010
CLIMATE RECORD PERIOD 1895 TO 2017


WEATHER ITEM   OBSERVED TIME   RECORD YEAR NORMAL DEPARTURE LAST
                VALUE   (LST)  VALUE       VALUE  FROM      YEAR
                                                  NORMAL
..................................................................
TEMPERATURE (F)
 YESTERDAY
  MAXIMUM          2    215 PM  45    1986  15    -13       -1
  MINIMUM        -22   1136 PM -50    1909  -7    -15      -24
  AVERAGE        -10                         4    -14      -12

PRECIPITATION (IN)
  YESTERDAY        T             0.75 1975   0.03  -0.03     0.05
  MONTH TO DATE    0.89                      0.26   0.63     0.15
  SINCE DEC 1      3.08                      1.07   2.01     1.22
  SINCE JAN 1      0.89                      0.26   0.63     0.15

SNOWFALL (IN)
  YESTERDAY        0.1           7.4  1975   0.5   -0.4      0.4
  MONTH TO DATE   14.5                       5.8    8.7      2.4
  SINCE DEC 1     40.0                      20.8   19.2     11.9
  SINCE JUL 1     48.4                      36.8   11.6     15.7
  SNOW DEPTH      18

DEGREE DAYS
 HEATING
  YESTERDAY       75                        61     14       77
  MONTH TO DATE  738                       667     71      566
  SINCE DEC 1   2404                      2381     23     1879
  SINCE JUL 1   4210                      4842   -632     3885

 COOLING
  YESTERDAY        0                         0      0        0
  MONTH TO DATE    0                         0      0        0
  SINCE DEC 1      0                         0      0        0
  SINCE JAN 1      0                         0      0        0
..................................................................


WIND (MPH)
  HIGHEST WIND SPEED    15   HIGHEST WIND DIRECTION    NW (300)
  HIGHEST GUST SPEED    22   HIGHEST GUST DIRECTION     W (280)
  AVERAGE WIND SPEED     7.6


SKY COVER
  AVERAGE SKY COVER 0.5


WEATHER CONDITIONS
 THE FOLLOWING WEATHER WAS RECORDED YESTERDAY.
  LIGHT SNOW
  HAZE


RELATIVE HUMIDITY (PERCENT)
 HIGHEST    83           600 PM
 LOWEST     65          1200 PM
 AVERAGE    74

..........................................................


THE INTERNATIONAL FALLS MN CLIMATE NORMALS FOR TODAY
                         NORMAL    RECORD    YEAR
 MAXIMUM TEMPERATURE (F)   15        42      1987
 MINIMUM TEMPERATURE (F)   -7       -44      1909


SUNRISE AND SUNSET
JANUARY 12 2017.......SUNRISE   802 AM CST   SUNSET   442 PM CST
JANUARY 13 2017.......SUNRISE   802 AM CST   SUNSET   444 PM CST


-  INDICATES NEGATIVE NUMBERS.
R  INDICATES RECORD WAS SET OR TIED.
MM INDICATES DATA IS MISSING.
T  INDICATES TRACE AMOUNT.




$$
