000
CDUS43 KDLH 170620
CLIINL


CLIMATE REPORT
NATIONAL WEATHER SERVICE DULUTH MN
119 AM CDT SUN AUG 17 2014


...................................

...THE INTERNATIONAL FALLS MN CLIMATE SUMMARY FOR AUGUST 16 2014...

CLIMATE NORMAL PERIOD 1981 TO 2010
CLIMATE RECORD PERIOD 1895 TO 2014


WEATHER ITEM   OBSERVED TIME   RECORD YEAR NORMAL DEPARTURE LAST
                VALUE   (LST)  VALUE       VALUE  FROM      YEAR
                                                  NORMAL
..................................................................
TEMPERATURE (F)
 YESTERDAY
  MAXIMUM         75    213 PM  93    1971  76     -1       80
  MINIMUM         54   1020 PM  41    2012  51      3       42
                                      1958
  AVERAGE         65                        64      1       61

PRECIPITATION (IN)
  YESTERDAY        T             1.82 1988   0.09  -0.09     0.00
  MONTH TO DATE    0.27                      1.47  -1.20     1.04
  SINCE JUN 1     15.09                      9.09   6.00    10.04
  SINCE JAN 1     23.91                     15.62   8.29    22.42

SNOWFALL (IN)
  YESTERDAY        0.0           0.0  2002   0.0    0.0      0.0
                                      2001
  MONTH TO DATE    0.0                       0.0    0.0      0.0
  SINCE JUN 1      0.0                       0.0    0.0      0.0
  SINCE JUL 1      0.0                       0.0    0.0      0.0
  SNOW DEPTH       0

DEGREE DAYS
 HEATING
  YESTERDAY        0                         3     -3        4
  MONTH TO DATE   48                        42      6      124
  SINCE JUN 1    280                       276      4      378
  SINCE JUL 1    151                       112     39      209

 COOLING
  YESTERDAY        0                         2     -2        0
  MONTH TO DATE    7                        32    -25        0
  SINCE JUN 1     79                       146    -67      124
  SINCE JAN 1    102                       155    -53      127
..................................................................


WIND (MPH)
  HIGHEST WIND SPEED    13   HIGHEST WIND DIRECTION    NE (40)
  HIGHEST GUST SPEED    18   HIGHEST GUST DIRECTION     N (10)
  AVERAGE WIND SPEED     6.7


SKY COVER
  AVERAGE SKY COVER 0.5


WEATHER CONDITIONS
 THE FOLLOWING WEATHER WAS RECORDED YESTERDAY.
  LIGHT RAIN
  FOG


RELATIVE HUMIDITY (PERCENT)
 HIGHEST   100           200 AM
 LOWEST     53           300 PM
 AVERAGE    77

..........................................................


THE INTERNATIONAL FALLS MN CLIMATE NORMALS FOR TODAY
                         NORMAL    RECORD    YEAR
 MAXIMUM TEMPERATURE (F)   76        90      1906
 MINIMUM TEMPERATURE (F)   51        35      1954


SUNRISE AND SUNSET
AUGUST 17 2014........SUNRISE   610 AM CDT   SUNSET   824 PM CDT
AUGUST 18 2014........SUNRISE   611 AM CDT   SUNSET   823 PM CDT


-  INDICATES NEGATIVE NUMBERS.
R  INDICATES RECORD WAS SET OR TIED.
MM INDICATES DATA IS MISSING.
T  INDICATES TRACE AMOUNT.




$$
