568
CDUS43 KDLH 230634
CLIINL


CLIMATE REPORT
NATIONAL WEATHER SERVICE DULUTH MN
134 AM CDT MON MAY 23 2016


...................................

...THE INTERNATIONAL FALLS MN CLIMATE SUMMARY FOR MAY 22 2016...

CLIMATE NORMAL PERIOD 1981 TO 2010
CLIMATE RECORD PERIOD 1895 TO 2016


WEATHER ITEM   OBSERVED TIME   RECORD YEAR NORMAL DEPARTURE LAST
                VALUE   (LST)  VALUE       VALUE  FROM      YEAR
                                                  NORMAL
..................................................................
TEMPERATURE (F)
 YESTERDAY
  MAXIMUM         84    324 PM  91    1980  67     17       75
  MINIMUM         38    425 AM  25    1926  41     -3       30
  AVERAGE         61                        54      7       53

PRECIPITATION (IN)
  YESTERDAY        0.00          1.48 1898   0.10  -0.10     0.00
  MONTH TO DATE    0.38                      1.92  -1.54     4.08
  SINCE MAR 1      5.20                      4.40   0.80     5.44
  SINCE JAN 1      6.57                      5.59   0.98     7.46

SNOWFALL (IN)
  YESTERDAY        0.0           0.5  2001   0.0    0.0      0.0
  MONTH TO DATE    T                         0.2   -0.2       T
  SINCE MAR 1     14.2                      14.2    0.0      7.8
  SINCE JUL 1     47.7                      71.0  -23.3     64.5
  SNOW DEPTH       0

DEGREE DAYS
 HEATING
  YESTERDAY        4                        12     -8       12
  MONTH TO DATE  320                       328     -8      368
  SINCE MAR 1   2249                      2383   -134     2296
  SINCE JUL 1   8781                      9966  -1185    10050

 COOLING
  YESTERDAY        0                         0      0        0
  MONTH TO DATE    0                         0      0        0
  SINCE MAR 1      0                         1     -1        0
  SINCE JAN 1      0                         1     -1        0
..................................................................


WIND (MPH)
  HIGHEST WIND SPEED    20   HIGHEST WIND DIRECTION    SW (210)
  HIGHEST GUST SPEED    30   HIGHEST GUST DIRECTION     S (170)
  AVERAGE WIND SPEED     7.4


SKY COVER
  AVERAGE SKY COVER 0.0


WEATHER CONDITIONS
 THE FOLLOWING WEATHER WAS RECORDED YESTERDAY.
  NO SIGNIFICANT WEATHER WAS OBSERVED.


RELATIVE HUMIDITY (PERCENT)
 HIGHEST    92           300 AM
 LOWEST     20           300 PM
 AVERAGE    56

..........................................................


THE INTERNATIONAL FALLS MN CLIMATE NORMALS FOR TODAY
                         NORMAL    RECORD    YEAR
 MAXIMUM TEMPERATURE (F)   67        91      1950
 MINIMUM TEMPERATURE (F)   41        24      1917


SUNRISE AND SUNSET
MAY 23 2016...........SUNRISE   523 AM CDT   SUNSET   858 PM CDT
MAY 24 2016...........SUNRISE   522 AM CDT   SUNSET   900 PM CDT


-  INDICATES NEGATIVE NUMBERS.
R  INDICATES RECORD WAS SET OR TIED.
MM INDICATES DATA IS MISSING.
T  INDICATES TRACE AMOUNT.




$$
