000
CDUS43 KDLH 300621
CLIINL


CLIMATE REPORT
NATIONAL WEATHER SERVICE DULUTH MN
121 AM CDT THU JUL 30 2015


...................................

...THE INTERNATIONAL FALLS MN CLIMATE SUMMARY FOR JULY 29 2015...

CLIMATE NORMAL PERIOD 1981 TO 2010
CLIMATE RECORD PERIOD 1895 TO 2015


WEATHER ITEM   OBSERVED TIME   RECORD YEAR NORMAL DEPARTURE LAST
                VALUE   (LST)  VALUE       VALUE  FROM      YEAR
                                                  NORMAL
..................................................................
TEMPERATURE (F)
 YESTERDAY
  MAXIMUM         74    459 PM  98    1975  78     -4       78
                                      1916
  MINIMUM         61   1159 PM  36    2005  53      8       52
  AVERAGE         68                        65      3       65

PRECIPITATION (IN)
  YESTERDAY        0.01          2.69 1948   0.10  -0.09     0.04
  MONTH TO DATE    1.47                      3.51  -2.04     4.58
  SINCE JUN 1      4.67                      7.43  -2.76    14.82
  SINCE JAN 1     12.84                     13.96  -1.12    23.64

SNOWFALL (IN)
  YESTERDAY        0.0           T    1950   0.0    0.0      0.0
  MONTH TO DATE    0.0                       0.0    0.0      0.0
  SINCE JUN 1      0.0                       0.0    0.0      0.0
  SINCE JUL 1      0.0                       0.0    0.0      0.0
  SNOW DEPTH       0

DEGREE DAYS
 HEATING
  YESTERDAY        0                         2     -2        0
  MONTH TO DATE   47                        65    -18       98
  SINCE JUN 1    196                       229    -33      227
  SINCE JUL 1     47                        65    -18       98

 COOLING
  YESTERDAY        3                         2      1        0
  MONTH TO DATE   89                        69     20       43
  SINCE JUN 1     93                       107    -14       72
  SINCE JAN 1     93                       116    -23       95
..................................................................


WIND (MPH)
  HIGHEST WIND SPEED    29   HIGHEST WIND DIRECTION    NW (310)
  HIGHEST GUST SPEED    41   HIGHEST GUST DIRECTION    NW (310)
  AVERAGE WIND SPEED    13.9


SKY COVER
  AVERAGE SKY COVER 0.9


WEATHER CONDITIONS
 THE FOLLOWING WEATHER WAS RECORDED YESTERDAY.
  LIGHT RAIN
  FOG


RELATIVE HUMIDITY (PERCENT)
 HIGHEST    90          1100 AM
 LOWEST     53           500 PM
 AVERAGE    72

..........................................................


THE INTERNATIONAL FALLS MN CLIMATE NORMALS FOR TODAY
                         NORMAL    RECORD    YEAR
 MAXIMUM TEMPERATURE (F)   78        94      1995
                                             1975
                                             1970
 MINIMUM TEMPERATURE (F)   53        38      1898


SUNRISE AND SUNSET
JULY 30 2015..........SUNRISE   545 AM CDT   SUNSET   854 PM CDT
JULY 31 2015..........SUNRISE   546 AM CDT   SUNSET   853 PM CDT


-  INDICATES NEGATIVE NUMBERS.
R  INDICATES RECORD WAS SET OR TIED.
MM INDICATES DATA IS MISSING.
T  INDICATES TRACE AMOUNT.




$$
