387
CDUS43 KDLH 150621
CLIINL


CLIMATE REPORT
NATIONAL WEATHER SERVICE DULUTH MN
1221 AM CST THU FEB 15 2018


...................................

...THE INTERNATIONAL FALLS MN CLIMATE SUMMARY FOR FEBRUARY 14 2018...

CLIMATE NORMAL PERIOD 1981 TO 2010
CLIMATE RECORD PERIOD 1895 TO 2018


WEATHER ITEM   OBSERVED TIME   RECORD YEAR NORMAL DEPARTURE LAST
                VALUE   (LST)  VALUE       VALUE  FROM      YEAR
                                                  NORMAL
..................................................................
TEMPERATURE (F)
 YESTERDAY
  MAXIMUM         48R   333 PM  43    1999  22     26       34
  MINIMUM         15    509 AM -44    1909  -2     17       11
  AVERAGE         32                        10     22       23

PRECIPITATION (IN)
  YESTERDAY        0.00          0.51 1915   0.02  -0.02     0.00
  MONTH TO DATE    0.11                      0.25  -0.14     0.77
  SINCE DEC 1      1.98                      1.68   0.30     4.23
  SINCE JAN 1      0.82                      0.87  -0.05     2.04

SNOWFALL (IN)
  YESTERDAY        0.0           3.4  1995   0.3   -0.3      0.0
  MONTH TO DATE    1.2                       5.3   -4.1     11.4
  SINCE DEC 1     26.9                      35.3   -8.4     53.8
  SINCE JUL 1     40.9                      51.3  -10.4     62.2
  SNOW DEPTH      10

DEGREE DAYS
 HEATING
  YESTERDAY       33                        55    -22       42
  MONTH TO DATE  963                       801    162      777
  SINCE DEC 1   4630                      4393    237     4115
  SINCE JUL 1   7024                      6854    170     5921

 COOLING
  YESTERDAY        0                         0      0        0
  MONTH TO DATE    0                         0      0        0
  SINCE DEC 1      0                         0      0        0
  SINCE JAN 1      0                         0      0        0
..................................................................


WIND (MPH)
  HIGHEST WIND SPEED    15   HIGHEST WIND DIRECTION    SW (210)
  HIGHEST GUST SPEED    22   HIGHEST GUST DIRECTION    SW (210)
  AVERAGE WIND SPEED     7.3


SKY COVER
  AVERAGE SKY COVER 0.2


WEATHER CONDITIONS
 THE FOLLOWING WEATHER WAS RECORDED YESTERDAY.
  NO SIGNIFICANT WEATHER WAS OBSERVED.


RELATIVE HUMIDITY (PERCENT)
 HIGHEST    80           400 AM
 LOWEST     33           300 PM
 AVERAGE    57

..........................................................


THE INTERNATIONAL FALLS MN CLIMATE NORMALS FOR TODAY
                         NORMAL    RECORD    YEAR
 MAXIMUM TEMPERATURE (F)   22        46      1981
 MINIMUM TEMPERATURE (F)   -2       -43      1909


SUNRISE AND SUNSET
FEBRUARY 15 2018......SUNRISE   721 AM CST   SUNSET   535 PM CST
FEBRUARY 16 2018......SUNRISE   719 AM CST   SUNSET   537 PM CST


-  INDICATES NEGATIVE NUMBERS.
R  INDICATES RECORD WAS SET OR TIED.
MM INDICATES DATA IS MISSING.
T  INDICATES TRACE AMOUNT.




$$
